('Z94.7','Corneal transplant status','','','','','1',NULL,NULL,'2015-10-18 08:41:13',NULL),('Z94.8','Other transplanted organ and tissue status','','','','','1',NULL,NULL,'2015-10-18 08:41:13',NULL),('Z94.9','Transplanted organ and tissue status, unspecified','','','','','1',NULL,NULL,'2015-10-18 08:41:13',NULL),('Z95','Presence of cardiac and vascular implants and grafts','','','','','1',NULL,NULL,'2015-10-18 08:41:13',NULL),('Z95.0','Presence of cardiac pacemaker','','','','','1',NULL,NULL,'2015-10-18 08:41:13',NULL),('Z95.1','Presence of aortocoronary bypass graft','','','','','1',NULL,NULL,'2015-10-18 08:41:13',NULL),('Z95.2','Presence of prosthetic heart valve','','','','','1',NULL,NULL,'2015-10-18 08:41:13',NULL),('Z95.3','Presence of xenogenic heart valve','','','','','1',NULL,NULL,'2015-10-18 08:41:13',NULL),('Z95.4','Presence of other heart-valve replacement','','','','','1',NULL,NULL,'2015-10-18 08:41:13',NULL),('Z95.5','Presence of coronary angioplasty implant and graft','','','','','1',NULL,NULL,'2015-10-18 08:41:13',NULL),('Z95.8','Presence of other cardiac and vascular implants and grafts','','','','','1',NULL,NULL,'2015-10-18 08:41:13',NULL),('Z95.9','Presence of cardiac and vascular implant and graft, unspecified','','','','','1',NULL,NULL,'2015-10-18 08:41:13',NULL),('Z96','Presence of other functional implants','','','','','1',NULL,NULL,'2015-10-18 08:41:13',NULL),('Z96.0','Presence of urogenital implants','','','','','1',NULL,NULL,'2015-10-18 08:41:13',NULL),('Z96.1','Presence of intraocular lens','','','','','1',NULL,NULL,'2015-10-18 08:41:13',NULL),('Z96.2','Presence of otological and audiological implants','','','','','1',NULL,NULL,'2015-10-18 08:41:13',NULL),('Z96.3','Presence of artificial larynx','','','','','1',NULL,NULL,'2015-10-18 08:41:13',NULL),('Z96.4','Presence of endocrine implants','','','','','1',NULL,NULL,'2015-10-18 08:41:13',NULL),('Z96.5','Presence of tooth-root and mandibular implants','','','','','1',NULL,NULL,'2015-10-18 08:41:13',NULL),('Z96.6','Presence of orthopaedic joint implants','','','','','1',NULL,NULL,'2015-10-18 08:41:13',NULL),('Z96.7','Presence of other bone and tendon implants','','','','','1',NULL,NULL,'2015-10-18 08:41:13',NULL),('Z96.8','Presence of other specified functional implants','','','','','1',NULL,NULL,'2015-10-18 08:41:13',NULL),('Z96.9','Presence of functional implant, unspecified','','','','','1',NULL,NULL,'2015-10-18 08:41:13',NULL),('Z97','Presence of other devices','','','','','1',NULL,NULL,'2015-10-18 08:41:13',NULL),('Z97.0','Presence of artificial eye','','','','','1',NULL,NULL,'2015-10-18 08:41:13',NULL),('Z97.1','Presence of artificial limb (complete)(partial)','','','','','1',NULL,NULL,'2015-10-18 08:41:13',NULL),('Z97.2','Presence of dental prosthetic device (complete)(partial)','','','','','1',NULL,NULL,'2015-10-18 08:41:13',NULL),('Z97.3','Presence of spectacles and contact lenses','','','','','1',NULL,NULL,'2015-10-18 08:41:13',NULL),('Z97.4','Presence of external hearing-aid','','','','','1',NULL,NULL,'2015-10-18 08:41:13',NULL),('Z97.5','Presence of (intrauterine) contraceptive device','','','','','1',NULL,NULL,'2015-10-18 08:41:13',NULL),('Z97.8','Presence of other specified devices','','','','','1',NULL,NULL,'2015-10-18 08:41:13',NULL),('Z98','Other postsurgical states','','','','','1',NULL,NULL,'2015-10-18 08:41:13',NULL),('Z98.0','Intestinal bypass and anastomosis status','','','','','1',NULL,NULL,'2015-10-18 08:41:13',NULL),('Z98.1','Arthrodesis status','','','','','1',NULL,NULL,'2015-10-18 08:41:13',NULL),('Z98.2','Presence of cerebrospinal fluid drainage device','','','','','1',NULL,NULL,'2015-10-18 08:41:13',NULL),('Z98.8','Other specified postsurgical states','','','','','1',NULL,NULL,'2015-10-18 08:41:13',NULL),('Z99','Dependence on enabling machines and devices, not elsewhereclassified','','298','Penunjang sarana kesehatan untuk alasan Lainnya','496','1',NULL,NULL,'2015-10-18 08:41:13',NULL),('Z99.0','Dependence on aspirator','','298','Penunjang sarana kesehatan untuk alasan Lainnya','496','1',NULL,NULL,'2015-10-18 08:41:13',NULL),('Z99.1','Dependence on respirator','','298','Penunjang sarana kesehatan untuk alasan Lainnya','496','1',NULL,NULL,'2015-10-18 08:41:13',NULL),('Z99.2','Dependence on renal dialysis','','298','Penunjang sarana kesehatan untuk alasan Lainnya','496','1',NULL,NULL,'2015-10-18 08:41:13',NULL),('Z99.3','Dependence on wheelchair','','298','Penunjang sarana kesehatan untuk alasan Lainnya','496','1',NULL,NULL,'2015-10-18 08:41:13',NULL),('Z99.8','Dependence on other enabling machines and devices','','298','Penunjang sarana kesehatan untuk alasan Lainnya','496','1',NULL,NULL,'2015-10-18 08:41:13',NULL),('Z99.9','Dependence on unspecified enabling machine and device','','298','Penunjang sarana kesehatan untuk alasan Lainnya','496','1',NULL,NULL,'2015-10-18 08:41:13',NULL);

--
-- Table structure for table `inventories`
--

CREATE TABLE `inventories` (
  `id` char(36) COLLATE utf8mb4_unicode_ci NOT NULL,
  `entered_at` date NOT NULL,
  `code` varchar(255) COLLATE utf8mb4_unicode_ci NOT NULL,
  `name` varchar(255) COLLATE utf8mb4_unicode_ci NOT NULL,
  `type` varchar(255) COLLATE utf8mb4_unicode_ci NOT NULL,
  `condition` varchar(255) COLLATE utf8mb4_unicode_ci NOT NULL,
  `location` varchar(255) COLLATE utf8mb4_unicode_ci NOT NULL,
  `created_at` timestamp NULL DEFAULT NULL,
  `updated_at` timestamp NULL DEFAULT NULL,
  PRIMARY KEY (`id`)
) ENGINE=InnoDB DEFAULT CHARSET=utf8mb4 COLLATE=utf8mb4_unicode_ci;

--
-- Dumping data for table `inventories`
--

INSERT INTO `inventories` VALUES ('93921da5-cc43-45e9-a8b2-c06d31519adc','2021-06-01','001','Nama Inventaris','Kursi','Baik','Apotek','2021-06-01 22:28:39','2021-06-01 22:28:39');

--
-- Table structure for table `lab_inputs`
--

CREATE TABLE `lab_inputs` (
  `id` char(36) COLLATE utf8mb4_unicode_ci NOT NULL,
  `name` varchar(255) COLLATE utf8mb4_unicode_ci NOT NULL,
  `price` int(11) NOT NULL,
  `multiple` text COLLATE utf8mb4_unicode_ci,
  `created_at` timestamp NULL DEFAULT NULL,
  `updated_at` timestamp NULL DEFAULT NULL,
  PRIMARY KEY (`id`)
) ENGINE=InnoDB DEFAULT CHARSET=utf8mb4 COLLATE=utf8mb4_unicode_ci;

--
-- Dumping data for table `lab_inputs`
--

INSERT INTO `lab_inputs` VALUES ('9392c9ef-250b-4aa1-b9f9-155da4b441a1','Kimia Darah',0,'[{\"pemeriksaan\":\"Cholesterol Total\",\"satuan\":\"mg\\/dl\",\"format\":false,\"nilai_normal\":\"190\",\"nilai_laki\":\"\",\"nilai_perempuan\":\"\"}]','2021-06-02 06:30:24','2021-06-02 11:06:43');

--
-- Table structure for table `lab_multiple_tests`
--

CREATE TABLE `lab_multiple_tests` (
  `id` char(36) COLLATE utf8mb4_unicode_ci NOT NULL,
  `name` varchar(255) COLLATE utf8mb4_unicode_ci NOT NULL,
  `labtests_id` mediumtext COLLATE utf8mb4_unicode_ci NOT NULL,
  `created_at` timestamp NULL DEFAULT NULL,
  `updated_at` timestamp NULL DEFAULT NULL,
  PRIMARY KEY (`id`)
) ENGINE=InnoDB DEFAULT CHARSET=utf8mb4 COLLATE=utf8mb4_unicode_ci;

--
-- Dumping data for table `lab_multiple_tests`
--

INSERT INTO `lab_multiple_tests` VALUES ('92eb393e-6616-4d80-958e-a9ea0aa4e562','Hematologi Rutin','[\"92e4c712-165f-4211-8199-620c084e1484\",\"92e4c7a7-bd67-4658-8dbc-5fb2dbb4eed0\",\"92e4c915-10b7-4beb-b9e5-0279dec41c79\",\"92e4c931-203e-4a3e-b336-881de1f131b3\",\"92e4c95b-0161-46e1-94e8-09544ed8031e\",\"92e4c976-a8c8-4d8e-8882-4cd2ba3d00f8\",\"92e4c991-4585-43ab-839d-f80978f20386\",\"92e4c9ac-863d-4e5d-85a6-76e33d65045a\",\"92e4c9c5-6abf-4092-b8ff-b051fedaf109\",\"92e4c9e1-0042-4680-a88f-59e8bfaa5e3d\",\"92e4ca38-f48e-49d2-808d-b93a802c6c6a\",\"92e4ca6e-b72b-40a9-9633-2861be2c6f99\",\"92e4cadf-9959-41b6-afdd-807b6195ea23\"]','2021-03-10 16:22:33','2021-03-19 04:47:22'),('92eb397e-fdd1-4726-b242-035b31dca69d','Hematologi Lengkap','[\"92e4c503-cba9-418e-a2c5-18689170ca82\",\"92e4c52b-44fa-4c49-8ac3-b784644acb68\",\"92e4c554-da59-435f-8a9a-380d8ba769b7\",\"92e4c577-b0c1-4e98-8c1c-ac5098d1fad2\",\"92e4c593-88e5-4036-8826-39883522febb\",\"92e4c5b1-46b9-4f45-906f-cc9c91047885\",\"92e4c5d0-8934-48af-a798-a917384eeac1\",\"92e4c5ef-d1dc-49ee-83ba-51863dff1587\",\"92e4c611-32bb-4ff0-b144-afb0b9868c53\",\"92e4c62f-83e2-49dd-bb69-afd0062f2a51\",\"92e4c655-01fa-4f3a-985b-94c4c43973e1\",\"92e4c66f-7e44-43fb-8bb9-1d5e301fb831\",\"92e4c690-0ccb-455e-8c38-590a868687af\",\"92e4c6ac-22f8-4a4a-92d9-cd086969ec7c\",\"92e4c6c8-2325-4689-929e-eab5571fd6d8\",\"92e4c6e3-411c-44e1-a9b8-e99395f86857\"]','2021-03-10 16:23:15','2021-03-19 04:48:48'),('92eb4600-51e2-4e3e-94ab-810828dfe299','Widal','[\"92e4e54c-f844-4cf8-bca2-159d079ec417\",\"92e4fe58-6b7c-47aa-b9a3-c6b10784dee8\",\"92e4fe7a-2d44-4c1a-adec-1ca8f5f80357\",\"92e4fea7-cf2c-4f07-a0d4-08ec8374367a\",\"92e4fecd-92e4-46fd-bd41-0e370ecb3e66\",\"92e4fee9-0311-4926-b778-c98349c78fda\",\"92e4ff02-c95b-4442-a8dd-9b29a368ffa7\",\"92e4ff1d-7090-41c2-ab6a-cd160b46d2c0\",\"92e4ff3b-67a9-4a1d-bc0c-e05d898d7f7a\"]','2021-03-10 16:58:13','2021-03-19 08:25:57'),('92eb473c-1d3a-4bea-a25f-9bf1096295b6','Urine Rutin','[\"92e4e808-9cbe-4e4b-ab2f-ce79fdd01b27\",\"92e4f7ff-a217-4641-90ad-5ca3215320fe\",\"92e4f820-cc93-4605-8896-01636cfa7472\",\"92e4f849-612b-4df3-b5df-6d3d998af17e\",\"92e4f86c-62dc-4387-8a1a-96b0d178f3f8\",\"92e4f88e-3b63-44e5-9040-84bd6679e990\",\"92e4f8b9-cc1f-4fa6-95d2-6f6d4c4a2cbc\",\"92e4f8de-6d5e-4461-b74f-85f1afc0e6f1\",\"92e4f901-311f-4296-b22f-cebe6420da01\",\"92e4f927-86a0-43f3-a1c4-6e11af3be01d\",\"92e4f94c-4f47-42ba-82fd-341155bf39cb\",\"92e4f972-e716-4e40-ac68-b70f0e60397f\",\"92e4f99b-dc33-4d95-8431-5094d289fd22\",\"92e4f9c2-5157-4408-9160-41155ca25a21\",\"92e4f9e5-88f4-440c-8310-36747d284d64\",\"92e4fa07-1efe-4108-9342-b409d45d94fc\",\"92e4fa2b-5500-4f2d-819a-aa1e24f03b55\",\"92e4fa51-a78d-4866-ad6e-6e9c118c9194\",\"92e4fa7f-7509-49d1-a5fb-e9d181d54e97\"]','2021-03-10 17:01:40','2021-03-19 04:49:20'),('92eb4799-c543-4bd4-8785-a44ec3296089','Feses Rutin','[\"92e4e831-a530-4f35-99b3-a0ff9e1897e2\",\"92e4faa7-865c-4d79-9aeb-a342e55b606b\",\"92e4fae5-4aca-4425-9967-0fb044c41d26\",\"92e4fb03-fd76-4f4a-a425-e8c9b3202425\",\"92e4fb34-e237-4e0f-8369-df8b27dc0a08\",\"92e4fb61-9432-4856-af57-1f85c89c8095\",\"92e4fb84-02d7-42ad-bd90-0463570b188d\",\"92e4fba8-dd14-445d-b240-62a3c64ee687\",\"92e4fbcc-570e-4528-b168-76c5c6e1ff18\",\"92e4fbeb-f3ba-4111-b4ca-1bb6466c9350\",\"92e4fc09-6f9e-48d2-9b28-a93446d611c3\",\"92e4fc2d-6537-4b4c-98af-daa886e68c59\",\"92e4fc5b-fbb5-4307-ab31-f882cdbcdab4\"]','2021-03-10 17:02:42','2021-03-19 06:09:19'),('92eb47d0-f735-46db-abf0-bbc770158054','Pengecatan Gram','[\"92e4e915-87ee-482f-a069-6c4f226866e7\",\"92e4e93c-1041-4ebc-a9d4-e16ca14769ec\",\"92e4e960-04c3-4753-a5aa-1cffcf3f2b7b\"]','2021-03-10 17:03:18','2021-03-19 06:08:58'),('92eb47ff-cb27-4c51-a776-7fe722314dd9','Jamur Mikroskopik','[\"92e4e981-6972-46e3-af7c-fb58928f6247\",\"92e4e9a1-d1a3-4cf0-ae03-867337a1cb38\",\"92e4e9c0-e452-4c5d-a7a2-7437d1122fe2\"]','2021-03-10 17:03:49','2021-03-19 06:08:42'),('92eb483b-8cc4-4c40-8832-101fb8f5ccfb','Trichomonas Mikroskopik','[\"92e4e9e3-a044-4213-81fe-ae5d11a14439\",\"92e4ea07-a970-4f7a-9632-7f85c78b595a\",\"92e4ea2a-89e6-4320-a97d-610dbfd2ab47\"]','2021-03-10 17:04:28','2021-03-19 06:08:01'),('92eb4869-ede4-4ae8-ab75-a4cd19b36a49','EKG','[\"92e4ed72-9468-404e-8dea-1ca7d616a49d\",\"92e4eda1-a44f-481a-8df4-f9645bc45e95\",\"92e4edc8-3cdd-46cf-971c-96fcb7080f1b\",\"92e4f041-a73c-41fa-9716-30a4de957fba\"]','2021-03-10 17:04:58','2021-03-19 06:08:24'),('92eb488a-441a-440e-a196-469889d8e45d','Rontgen','[\"92e4f189-2e1f-4a2d-9f01-5abb69f8ba84\",\"92e4f1b0-c9fa-475a-9e0b-d543c5953b9f\",\"92e4f1cf-1da1-49f3-a736-b242b54f0686\",\"92e4f201-3cf4-45fc-bc71-021597f5eb98\"]','2021-03-10 17:05:19','2021-03-19 06:07:11'),('92eb48a3-6bf0-482a-b6de-a922452c9f04','USG','[\"92e4f275-5446-45f9-aeb9-9b69e983c52b\",\"92e4f303-823a-4da4-b20f-0f077aa8d185\",\"92e4f320-9bc1-450d-83dc-7c964a019fb7\",\"92e4f33d-37ac-4662-82b3-a12516bb289a\"]','2021-03-10 17:05:36','2021-03-19 06:06:53'),('92eb48d9-8d4c-44d4-b840-22958cac4b9c','Pap Smear','[\"92e4f392-8857-4c72-b906-b3f750f9112d\",\"92e4f3b6-c064-44ca-82ae-7aac19739ab8\",\"92e4f3dc-5a5b-4591-9f2d-678d2ee655d6\"]','2021-03-10 17:06:11','2021-03-19 04:55:26'),('92eb4916-8a11-4b00-84af-aab9bab45671','Analisa Sperma','[\"92e4f4f9-f3c9-4bda-8a45-f1ebbacac78b\",\"92e4f51b-6dcf-4ef0-9142-ce2307dd1de5\",\"92e4f539-9c36-443a-860c-8d573e126b01\"]','2021-03-10 17:06:51','2021-03-19 04:55:11');

--
-- Table structure for table `lab_patient_result_details`
--

CREATE TABLE `lab_patient_result_details` (
  `id` char(36) COLLATE utf8mb4_unicode_ci NOT NULL,
  `lab_patient_result_id` char(36) COLLATE utf8mb4_unicode_ci NOT NULL,
  `test_id` char(36) COLLATE utf8mb4_unicode_ci NOT NULL,
  `test_type` varchar(255) COLLATE utf8mb4_unicode_ci DEFAULT NULL,
  `test_report` varchar(255) COLLATE utf8mb4_unicode_ci DEFAULT NULL,
  `multiple_test_id` char(36) COLLATE utf8mb4_unicode_ci DEFAULT NULL,
  `analisis_time` timestamp NULL DEFAULT NULL,
  `result` mediumtext COLLATE utf8mb4_unicode_ci,
  `validate_time` timestamp NULL DEFAULT NULL,
  `final_validate_time` timestamp NULL DEFAULT NULL,
  `created_at` timestamp NULL DEFAULT NULL,
  `updated_at` timestamp NULL DEFAULT NULL,
  PRIMARY KEY (`id`)
) ENGINE=InnoDB DEFAULT CHARSET=utf8mb4 COLLATE=utf8mb4_unicode_ci;

--
-- Dumping data for table `lab_patient_result_details`
--


--
-- Table structure for table `lab_patient_results`
--

CREATE TABLE `lab_patient_results` (
  `id` char(36) COLLATE utf8mb4_unicode_ci NOT NULL,
  `lab_patient_id` char(36) COLLATE utf8mb4_unicode_ci NOT NULL,
  `note` text COLLATE utf8mb4_unicode_ci,
  `sender` varchar(255) COLLATE utf8mb4_unicode_ci DEFAULT NULL,
  `reciever` varchar(255) COLLATE utf8mb4_unicode_ci DEFAULT NULL,
  `recieve_time` timestamp NULL DEFAULT NULL,
  `is_done` tinyint(1) NOT NULL DEFAULT '0',
  `created_at` timestamp NULL DEFAULT NULL,
  `updated_at` timestamp NULL DEFAULT NULL,
  PRIMARY KEY (`id`)
) ENGINE=InnoDB DEFAULT CHARSET=utf8mb4 COLLATE=utf8mb4_unicode_ci;

--
-- Dumping data for table `lab_patient_results`
--


--
-- Table structure for table `lab_patient_specimens`
--

CREATE TABLE `lab_patient_specimens` (
  `id` char(36) COLLATE utf8mb4_unicode_ci NOT NULL,
  `lab_patient_id` char(36) COLLATE utf8mb4_unicode_ci NOT NULL,
  `sample` varchar(255) COLLATE utf8mb4_unicode_ci NOT NULL,
  `tube` int(11) NOT NULL DEFAULT '1',
  `collection_time` timestamp NULL DEFAULT NULL,
  `recieve_time` timestamp NULL DEFAULT NULL,
  `created_at` timestamp NULL DEFAULT NULL,
  `updated_at` timestamp NULL DEFAULT NULL,
  PRIMARY KEY (`id`)
) ENGINE=InnoDB DEFAULT CHARSET=utf8mb4 COLLATE=utf8mb4_unicode_ci;

--
-- Dumping data for table `lab_patient_specimens`
--


--
-- Table structure for table `lab_patients`
--

CREATE TABLE `lab_patients` (
  `id` char(36) COLLATE utf8mb4_unicode_ci NOT NULL,
  `queue_lab_id` char(36) COLLATE utf8mb4_unicode_ci NOT NULL,
  `patient_id` char(36) COLLATE utf8mb4_unicode_ci NOT NULL,
  `date_time` datetime NOT NULL,
  `collection_time` timestamp NULL DEFAULT NULL,
  `recieve_time` timestamp NULL DEFAULT NULL,
  `analisis_time` timestamp NULL DEFAULT NULL,
  `result_time` timestamp NULL DEFAULT NULL,
  `validation_time` timestamp NULL DEFAULT NULL,
  `take_time` timestamp NULL DEFAULT NULL,
  `submission_time` timestamp NULL DEFAULT NULL,
  `created_at` timestamp NULL DEFAULT NULL,
  `updated_at` timestamp NULL DEFAULT NULL,
  PRIMARY KEY (`id`)
) ENGINE=InnoDB DEFAULT CHARSET=utf8mb4 COLLATE=utf8mb4_unicode_ci;

--
-- Dumping data for table `lab_patients`
--


--
-- Table structure for table `lab_reference_values`
--

CREATE TABLE `lab_reference_values` (
  `id` char(36) COLLATE utf8mb4_unicode_ci NOT NULL,
  `lab_test_id` char(36) COLLATE utf8mb4_unicode_ci NOT NULL,
  `gender` varchar(255) COLLATE utf8mb4_unicode_ci NOT NULL,
  `start_age` varchar(255) COLLATE utf8mb4_unicode_ci NOT NULL,
  `end_age` varchar(255) COLLATE utf8mb4_unicode_ci NOT NULL,
  `reference_result` varchar(255) COLLATE utf8mb4_unicode_ci DEFAULT NULL,
  `reference_value` varchar(255) COLLATE utf8mb4_unicode_ci DEFAULT NULL,
  `information` text COLLATE utf8mb4_unicode_ci,
  `top_range` varchar(255) COLLATE utf8mb4_unicode_ci DEFAULT NULL,
  `lower_range` varchar(255) COLLATE utf8mb4_unicode_ci DEFAULT NULL,
  `start_age_integer` int(11) DEFAULT NULL,
  `end_age_integer` int(11) DEFAULT NULL,
  `created_at` timestamp NULL DEFAULT NULL,
  `updated_at` timestamp NULL DEFAULT NULL,
  PRIMARY KEY (`id`)
) ENGINE=InnoDB DEFAULT CHARSET=utf8mb4 COLLATE=utf8mb4_unicode_ci;

--
-- Dumping data for table `lab_reference_values`
--


--
-- Table structure for table `lab_test_price_details`
--

CREATE TABLE `lab_test_price_details` (
  `id` char(36) COLLATE utf8mb4_unicode_ci NOT NULL,
  `company_id` char(36) COLLATE utf8mb4_unicode_ci NOT NULL,
  `lab_test_price_id` char(36) COLLATE utf8mb4_unicode_ci NOT NULL,
  `lab_test_id` char(36) COLLATE utf8mb4_unicode_ci NOT NULL,
  `type` varchar(255) COLLATE utf8mb4_unicode_ci NOT NULL,
  `price` int(11) NOT NULL,
  `created_at` timestamp NULL DEFAULT NULL,
  `updated_at` timestamp NULL DEFAULT NULL,
  PRIMARY KEY (`id`)
) ENGINE=InnoDB DEFAULT CHARSET=utf8mb4 COLLATE=utf8mb4_unicode_ci;

--
-- Dumping data for table `lab_test_price_details`
--

INSERT INTO `lab_test_price_details` VALUES ('92fcbe99-fbf3-4648-9999-38887b8d9935','92d3e42d-72f9-490a-8f54-1a5524709d52','92fcbc76-36e1-4563-b945-be541ecbf09a','92eb4916-8a11-4b00-84af-aab9bab45671','multiple',384800,'2021-03-19 08:24:31','2021-03-19 08:24:31'),('92fcbe99-ff8d-45cf-8e1c-a525ae82080c','92d3e42d-72f9-490a-8f54-1a5524709d52','92fcbc76-36e1-4563-b945-be541ecbf09a','92eb48d9-8d4c-44d4-b840-22958cac4b9c','multiple',389000,'2021-03-19 08:24:31','2021-03-19 08:24:31'),('92fcbe9a-03fb-4cad-a295-a0d68e9fc45e','92d3e42d-72f9-490a-8f54-1a5524709d52','92fcbc76-36e1-4563-b945-be541ecbf09a','92eb483b-8cc4-4c40-8832-101fb8f5ccfb','multiple',135000,'2021-03-19 08:24:31','2021-03-19 08:24:31'),('92fcbe9a-084b-4fc9-abf2-7e38883efdad','92d3e42d-72f9-490a-8f54-1a5524709d52','92fcbc76-36e1-4563-b945-be541ecbf09a','92eb47ff-cb27-4c51-a776-7fe722314dd9','multiple',135000,'2021-03-19 08:24:31','2021-03-19 08:24:31'),('92fcbe9a-0c75-4a38-8750-515eed730c04','92d3e42d-72f9-490a-8f54-1a5524709d52','92fcbc76-36e1-4563-b945-be541ecbf09a','92eb47d0-f735-46db-abf0-bbc770158054','multiple',123000,'2021-03-19 08:24:31','2021-03-19 08:24:31'),('92fcbe9a-10ca-489c-a38d-e6fffde68488','92d3e42d-72f9-490a-8f54-1a5524709d52','92fcbc76-36e1-4563-b945-be541ecbf09a','92eb473c-1d3a-4bea-a25f-9bf1096295b6','multiple',74000,'2021-03-19 08:24:31','2021-03-19 08:24:31'),('92fcbe9a-1524-4399-b70a-00e2e72ec362','92d3e42d-72f9-490a-8f54-1a5524709d52','92fcbc76-36e1-4563-b945-be541ecbf09a','92eb4799-c543-4bd4-8785-a44ec3296089','multiple',121000,'2021-03-19 08:24:31','2021-03-19 08:24:31'),('92fcbe9a-197a-4a6c-82ce-6d2e9d299fa2','92d3e42d-72f9-490a-8f54-1a5524709d52','92fcbc76-36e1-4563-b945-be541ecbf09a','92eb4600-51e2-4e3e-94ab-810828dfe299','multiple',249000,'2021-03-19 08:24:31','2021-03-19 08:24:31'),('92fcbe9a-1dd1-4ecc-a635-cd4bcfcc031a','92d3e42d-72f9-490a-8f54-1a5524709d52','92fcbc76-36e1-4563-b945-be541ecbf09a','92eb397e-fdd1-4726-b242-035b31dca69d','multiple',143000,'2021-03-19 08:24:31','2021-03-19 08:24:31'),('92fcbe9a-221c-4ad5-80e5-535586b349a2','92d3e42d-72f9-490a-8f54-1a5524709d52','92fcbc76-36e1-4563-b945-be541ecbf09a','92eb393e-6616-4d80-958e-a9ea0aa4e562','multiple',120000,'2021-03-19 08:24:31','2021-03-19 08:24:31'),('92fcbef2-a854-49fe-88d0-316b22e9c5e2','92fc5386-51cd-42de-849b-b2d5fd088796','92fcbef2-9bf1-4fb3-afb2-7c75b945c0d6','92eb473c-1d3a-4bea-a25f-9bf1096295b6','multiple',74000,'2021-03-19 08:25:29','2021-03-19 08:25:29'),('92fcbef2-b082-481d-84a8-30739fe3a54e','92fc5386-51cd-42de-849b-b2d5fd088796','92fcbef2-9bf1-4fb3-afb2-7c75b945c0d6','92eb4600-51e2-4e3e-94ab-810828dfe299','multiple',249000,'2021-03-19 08:25:29','2021-03-19 08:25:29'),('92fcbef2-b95e-4fef-be8f-a172b6a78ab7','92fc5386-51cd-42de-849b-b2d5fd088796','92fcbef2-9bf1-4fb3-afb2-7c75b945c0d6','92eb393e-6616-4d80-958e-a9ea0aa4e562','multiple',120000,'2021-03-19 08:25:29','2021-03-19 08:25:29');

--
-- Table structure for table `lab_test_prices`
--

CREATE TABLE `lab_test_prices` (
  `id` char(36) COLLATE utf8mb4_unicode_ci NOT NULL,
  `company_id` char(36) COLLATE utf8mb4_unicode_ci NOT NULL,
  `name` varchar(255) COLLATE utf8mb4_unicode_ci NOT NULL,
  `total` int(11) NOT NULL,
  `information` text COLLATE utf8mb4_unicode_ci NOT NULL,
  `created_at` timestamp NULL DEFAULT NULL,
  `updated_at` timestamp NULL DEFAULT NULL,
  PRIMARY KEY (`id`)
) ENGINE=InnoDB DEFAULT CHARSET=utf8mb4 COLLATE=utf8mb4_unicode_ci;

--
-- Dumping data for table `lab_test_prices`
--

INSERT INTO `lab_test_prices` VALUES ('92fcbc76-36e1-4563-b945-be541ecbf09a','92d3e42d-72f9-490a-8f54-1a5524709d52','Default',1873800,'','2021-03-19 08:18:32','2021-03-19 08:24:31'),('92fcbef2-9bf1-4fb3-afb2-7c75b945c0d6','92fc5386-51cd-42de-849b-b2d5fd088796','Default',443000,'','2021-03-19 08:25:29','2021-03-19 08:25:29');

--
-- Table structure for table `lab_tests`
--

CREATE TABLE `lab_tests` (
  `id` char(36) COLLATE utf8mb4_unicode_ci NOT NULL,
  `name` varchar(255) COLLATE utf8mb4_unicode_ci NOT NULL,
  `order` varchar(255) COLLATE utf8mb4_unicode_ci NOT NULL,
  `group` varchar(255) COLLATE utf8mb4_unicode_ci NOT NULL,
  `type` varchar(255) COLLATE utf8mb4_unicode_ci NOT NULL,
  `specimen` varchar(255) COLLATE utf8mb4_unicode_ci NOT NULL,
  `sample` varchar(255) COLLATE utf8mb4_unicode_ci NOT NULL,
  `format` varchar(255) COLLATE utf8mb4_unicode_ci NOT NULL,
  `report_type` varchar(255) COLLATE utf8mb4_unicode_ci NOT NULL,
  `unit` varchar(255) COLLATE utf8mb4_unicode_ci NOT NULL,
  `estimate` varchar(255) COLLATE utf8mb4_unicode_ci DEFAULT NULL,
  `created_at` timestamp NULL DEFAULT NULL,
  `updated_at` timestamp NULL DEFAULT NULL,
  PRIMARY KEY (`id`)
) ENGINE=InnoDB DEFAULT CHARSET=utf8mb4 COLLATE=utf8mb4_unicode_ci;

--
-- Dumping data for table `lab_tests`
--

INSERT INTO `lab_tests` VALUES ('92e4c503-cba9-418e-a2c5-18689170ca82','Hematologi Lengkap','010001','Hematologi','Header','Darah EDTA','Darah EDTA','Karakter','Hematologi Lengkap','--',NULL,'2021-03-07 11:22:35','2021-03-07 11:22:35'),('92e4c52b-44fa-4c49-8ac3-b784644acb68','Hemoglobin','010002','Hematologi','Test','Darah EDTA','Darah EDTA','Numerik','Hematologi Lengkap','--',NULL,'2021-03-07 11:23:01','2021-03-07 11:23:01'),('92e4c554-da59-435f-8a9a-380d8ba769b7','Leukosit','010003','Hematologi','Test','Darah EDTA','Darah EDTA','Numerik','Hematologi Lengkap','--',NULL,'2021-03-07 11:23:28','2021-03-07 11:23:28'),('92e4c577-b0c1-4e98-8c1c-ac5098d1fad2','Trombosit','010004','Hematologi','Test','Darah EDTA','Darah EDTA','Numerik','Hematologi Lengkap','--',NULL,'2021-03-07 11:23:51','2021-03-07 11:23:51'),('92e4c593-88e5-4036-8826-39883522febb','Eritrosit','010005','Hematologi','Test','Darah EDTA','Darah EDTA','Numerik','Hematologi Lengkap','--',NULL,'2021-03-07 11:24:09','2021-03-07 11:24:09'),('92e4c5b1-46b9-4f45-906f-cc9c91047885','Nilai-Nilai MC','010006','Hematologi','Test','Darah EDTA','Darah EDTA','Numerik','Hematologi Lengkap','--',NULL,'2021-03-07 11:24:29','2021-03-08 06:16:34'),('92e4c5d0-8934-48af-a798-a917384eeac1','MCV','010007','Hematologi','Test','Darah EDTA','Darah EDTA','Numerik','Hematologi Lengkap','--',NULL,'2021-03-07 11:24:49','2021-03-08 06:15:59'),('92e4c5ef-d1dc-49ee-83ba-51863dff1587','MCH','010008','Hematologi','Test','Darah EDTA','Darah EDTA','Numerik','Hematologi Lengkap','--',NULL,'2021-03-07 11:25:10','2021-03-08 06:15:56'),('92e4c611-32bb-4ff0-b144-afb0b9868c53','MCHC','010009','Hematologi','Test','Darah EDTA','Darah EDTA','Numerik','Hematologi Lengkap','--',NULL,'2021-03-07 11:25:32','2021-03-08 06:15:53'),('92e4c62f-83e2-49dd-bb69-afd0062f2a51','RDW','010010','Hematologi','Test','Darah EDTA','Darah EDTA','Numerik','Hematologi Lengkap','--',NULL,'2021-03-07 11:25:52','2021-03-08 06:15:48'),('92e4c655-01fa-4f3a-985b-94c4c43973e1','Hitung Jenis Leukosit','010011','Hematologi','Test','Darah EDTA','Darah EDTA','Numerik','Hematologi Lengkap','--',NULL,'2021-03-07 11:26:16','2021-03-07 11:26:16'),('92e4c66f-7e44-43fb-8bb9-1d5e301fb831','Monosit','010012','Hematologi','Test','Darah EDTA','Darah EDTA','Numerik','Hematologi Lengkap','--',NULL,'2021-03-07 11:26:33','2021-03-07 11:26:33'),('92e4c690-0ccb-455e-8c38-590a868687af','Limfosit','010013','Hematologi','Test','Darah EDTA','Darah EDTA','Numerik','Hematologi Lengkap','--',NULL,'2021-03-07 11:26:55','2021-03-07 11:26:55'),('92e4c6ac-22f8-4a4a-92d9-cd086969ec7c','Basofil','010014','Hematologi','Test','Darah EDTA','Darah EDTA','Numerik','Hematologi Lengkap','--',NULL,'2021-03-07 11:27:13','2021-03-07 11:27:13'),('92e4c6c8-2325-4689-929e-eab5571fd6d8','Neutrofil','010015','Hematologi','Test','Darah EDTA','Darah EDTA','Numerik','Hematologi Lengkap','--',NULL,'2021-03-07 11:27:32','2021-03-07 11:27:32'),('92e4c6e3-411c-44e1-a9b8-e99395f86857','Eosinofil','010016','Hematologi','Test','Darah EDTA','Darah EDTA','Numerik','Hematologi Lengkap','--',NULL,'2021-03-07 11:27:49','2021-03-07 11:27:49'),('92e4c712-165f-4211-8199-620c084e1484','Hematologi Rutin','010017','Hematologi','Header','Darah EDTA','Darah EDTA','Karakter','Hematologi Lengkap','--',NULL,'2021-03-07 11:28:20','2021-03-07 11:28:20'),('92e4c7a7-bd67-4658-8dbc-5fb2dbb4eed0','Hemoglobin','010018','Hematologi','Test','Darah EDTA','Darah EDTA','Numerik','Hematologi Lengkap','--',NULL,'2021-03-07 11:29:58','2021-03-07 11:29:58'),('92e4c915-10b7-4beb-b9e5-0279dec41c79','Leukosit','010019','Hematologi','Test','Darah EDTA','Darah EDTA','Numerik','Hematologi Lengkap','--',NULL,'2021-03-07 11:33:58','2021-03-07 11:33:58'),('92e4c931-203e-4a3e-b336-881de1f131b3','Trombosit','010020','Hematologi','Test','Darah EDTA','Darah EDTA','Numerik','Hematologi Lengkap','--',NULL,'2021-03-07 11:34:16','2021-03-07 11:34:16'),('92e4c95b-0161-46e1-94e8-09544ed8031e','Eritrosit','010021','Hematologi','Test','Darah EDTA','Darah EDTA','Numerik','Hematologi Lengkap','--',NULL,'2021-03-07 11:34:43','2021-03-07 11:34:43'),('92e4c976-a8c8-4d8e-8882-4cd2ba3d00f8','Nilai-Nilai MC','010022','Hematologi','Test','Darah EDTA','Darah EDTA','Numerik','Hematologi Lengkap','--',NULL,'2021-03-07 11:35:01','2021-03-08 06:15:09'),('92e4c991-4585-43ab-839d-f80978f20386','MCV','010023','Hematologi','Test','Darah EDTA','Darah EDTA','Numerik','Hematologi Lengkap','--',NULL,'2021-03-07 11:35:19','2021-03-08 06:14:36'),('92e4c9ac-863d-4e5d-85a6-76e33d65045a','MCH','010024','Hematologi','Test','Darah EDTA','Darah EDTA','Numerik','Hematologi Lengkap','--',NULL,'2021-03-07 11:35:37','2021-03-08 06:14:32'),('92e4c9c5-6abf-4092-b8ff-b051fedaf109','MCHC','010025','Hematologi','Test','Darah EDTA','Darah EDTA','Numerik','Hematologi Lengkap','--',NULL,'2021-03-07 11:35:53','2021-03-08 06:14:27'),('92e4c9e1-0042-4680-a88f-59e8bfaa5e3d','RDW','010026','Hematologi','Test','Darah EDTA','Darah EDTA','Numerik','Hematologi Lengkap','--',NULL,'2021-03-07 11:36:11','2021-03-08 06:13:38'),('92e4ca38-f48e-49d2-808d-b93a802c6c6a','LED','010027','Hematologi','Test','Darah EDTA','Darah EDTA','Numerik','Laboratorium','--',NULL,'2021-03-07 11:37:09','2021-03-08 06:13:19'),('92e4ca6e-b72b-40a9-9633-2861be2c6f99','Waktu Perdarahan','010028','Hematologi','Test','Darah','Darah','Numerik','Laboratorium','--',NULL,'2021-03-07 11:37:44','2021-03-07 11:40:51'),('92e4cadf-9959-41b6-afdd-807b6195ea23','Waktu Pembekuan','010029','Hematologi','Test','Darah','Darah','Numerik','Laboratorium','--',NULL,'2021-03-07 11:38:58','2021-03-07 11:41:01'),('92e4cbc1-1426-43c1-94fa-2b60ebc71420','Gambaran Darah Tepi','010030','Hematologi','Test','Darah EDTA','Darah EDTA','Numerik','Hematologi Lengkap','--',NULL,'2021-03-07 11:41:26','2021-03-07 11:41:26'),('92e4cc19-cd0f-42d1-ad44-2adaca23bbe1','Kimia','020000','Kimia','Header','Darah','Darah','Karakter','Laboratorium','--',NULL,'2021-03-07 11:42:24','2021-03-07 11:42:24'),('92e4cc8e-0ac0-4edf-a127-8f64a4521e22','GOT','020001','Kimia','Test','Darah Beku','Serum','Numerik','Laboratorium','U/L',NULL,'2021-03-07 11:43:40','2021-03-08 06:12:45'),('92e4cce5-2d3d-42c0-8ce0-7d16966523c0','GPT','020002','Kimia','Test','Darah Beku','Serum','Numerik','Laboratorium','U/L',NULL,'2021-03-07 11:44:37','2021-03-08 06:12:36'),('92e4cd41-73b8-4753-b95f-86ac1e20693e','Gamma GT','020003','Kimia','Test','Darah Beku','Serum','Numerik','Laboratorium','U/L',NULL,'2021-03-07 11:45:38','2021-03-08 06:11:54'),('92e4cd80-9d5d-4aa2-9c87-49697dab2e85','Alkali Fosfatase','020004','Kimia','Test','Darah Beku','Serum','Numerik','Laboratorium','U/L',NULL,'2021-03-07 11:46:19','2021-03-07 11:46:19'),('92e4de98-f64b-4ea1-a76c-1a6a0b019bfb','Bilirubin Total','020005','Kimia','Test','Darah Beku','Serum','Numerik','Laboratorium','mg/dL',NULL,'2021-03-07 12:34:07','2021-03-07 12:34:07'),('92e4ded5-e25f-454b-ae2c-ede69c450706','Bilirubin Direk','020006','Kimia','Test','Darah Beku','Serum','Numerik','Laboratorium','mg/dL',NULL,'2021-03-07 12:34:47','2021-03-07 12:34:47'),('92e4df29-48da-433d-9f82-c53b4fb5870b','Bilirubin Indirek','020007','Kimia','Test','Darah Beku','Serum','Numerik','Laboratorium','--',NULL,'2021-03-07 12:35:42','2021-03-07 12:35:42'),('92e4df6b-2e07-4efa-9a9a-ad99bef5a8e6','Protein Total','020008','Kimia','Test','Darah Beku','Serum','Numerik','Laboratorium','g/L',NULL,'2021-03-07 12:36:25','2021-03-07 12:36:25'),('92e4df93-6d69-467f-b2bb-5a02152f5e0d','Albumin','020009','Kimia','Test','Darah Beku','Serum','Numerik','Laboratorium','g/L',NULL,'2021-03-07 12:36:51','2021-03-07 12:36:51'),('92e4dfc4-35fc-4561-9c98-79ba1c2d36ad','Globulin','020010','Kimia','Test','Darah Beku','Serum','Numerik','Laboratorium','--',NULL,'2021-03-07 12:37:23','2021-03-07 12:37:23'),('92e4dffc-4dac-4853-b921-64c69959eb48','Glukosa Puasa','020011','Kimia','Test','Darah Beku','Serum','Numerik','Laboratorium','mg/dL',NULL,'2021-03-07 12:38:00','2021-03-07 12:38:00'),('92e4e02f-810c-4ccb-a5e4-c686745b6782','Glukosa 2 Jam Pp','020012','Kimia','Test','Darah Beku 2 Jam PP','Serum 2 Jam PP','Numerik','Laboratorium','mg/dL',NULL,'2021-03-07 12:38:34','2021-03-07 12:41:35'),('92e4e05c-d6fe-4faf-a882-0542c17fe2ec','Glukosa Sewaktu','020013','Kimia','Test','Darah Beku','Serum','Numerik','Laboratorium','mg/dL',NULL,'2021-03-07 12:39:03','2021-03-07 12:39:03'),('92e4e081-9cae-4662-a11a-fabedfb09d69','GTT Puasa','020014','Kimia','Test','Darah Beku','Serum','Numerik','Laboratorium','mg/dL',NULL,'2021-03-07 12:39:27','2021-03-08 06:09:43'),('92e4e16d-f321-4702-91ee-aef4ac6183e6','GTT 2 Jam Pp','020015','Kimia','Test','Darah Beku 2 Jam PP','Serum 2 Jam PP','Numerik','Laboratorium','mg/dL',NULL,'2021-03-07 12:42:02','2021-03-08 06:09:46'),('92e4e1a4-9e2a-42d7-ae79-bf87f36aef13','Cholesterol Total','020016','Kimia','Test','Darah Beku','Serum','Numerik','Laboratorium','mg/dL',NULL,'2021-03-07 12:42:38','2021-03-07 12:42:38'),('92e4e1cc-8c96-4644-9719-b2da6a3dee18','Cholesterol LDL Direk','020017','Kimia','Test','Darah Beku','Serum','Numerik','Laboratorium','mg/dL',NULL,'2021-03-07 12:43:04','2021-03-08 06:09:16'),('92e4e1ee-4f4c-4727-abde-4dbbeb05a026','Cholesterol HDL','020018','Kimia','Test','Darah Beku','Serum','Numerik','Laboratorium','mg/dL',NULL,'2021-03-07 12:43:26','2021-03-08 06:08:46'),('92e4e213-3405-4272-a72d-4b75549e02e9','Trigliserida','020019','Kimia','Test','Darah Beku','Serum','Numerik','Laboratorium','mg/dL',NULL,'2021-03-07 12:43:51','2021-03-07 12:43:51'),('92e4e2b5-0e48-491f-93fd-dca63e4b854f','Apo B','020020','Kimia','Test','Darah Beku','Darah Beku','Numerik','Laboratorium','mg/dL',NULL,'2021-03-07 12:45:37','2021-03-07 12:45:37'),('92e4e2f0-e34b-4975-a664-d065e99ee456','Ureum','020021','Kimia','Test','Sitrat','Serum','Numerik','Laboratorium','mg/dL',NULL,'2021-03-07 12:46:16','2021-03-07 12:46:16'),('92e4e315-41b6-4c97-9000-04f6fec4d2be','Kreatinin','020022','Kimia','Test','Darah Beku','Darah Beku','Numerik','Laboratorium','mg/dL',NULL,'2021-03-07 12:46:40','2021-03-07 12:46:40'),('92e4e33d-8bab-4d1b-84a2-3f3eea050845','Asam Urat','020023','Kimia','Test','Darah Beku','Serum','Numerik','Laboratorium','mg/dL',NULL,'2021-03-07 12:47:06','2021-03-07 12:47:06'),('92e4e370-f418-4243-9b3a-e625c28c168c','Natrium','020024','Kimia','Test','Darah Beku','Serum','Numerik','Laboratorium','mmol/L',NULL,'2021-03-07 12:47:40','2021-03-07 12:47:40'),('92e4e38f-5475-49a0-b927-00231963f945','Kalium','020025','Kimia','Test','Darah Beku','Serum','Numerik','Laboratorium','mmol/L',NULL,'2021-03-07 12:48:00','2021-03-07 12:48:00'),('92e4e3b3-d0f7-47e1-8d5a-23e07d4b6cd1','Chlorida','020026','Kimia','Test','Darah Beku','Serum','Numerik','Laboratorium','mmol/L',NULL,'2021-03-07 12:48:24','2021-03-07 12:48:24'),('92e4e3f8-ff7d-4d30-916e-b714d505ad0c','FT4','030001','Endokrinologi','Test','Darah Beku','Darah Beku','Numerik','Laboratorium','--',NULL,'2021-03-07 12:49:09','2021-03-08 06:07:51'),('92e4e415-3fcb-4808-bc61-3a2bd509abcd','TSHs','030002','Endokrinologi','Test','Darah Beku','Serum','Numerik','Laboratorium','--',NULL,'2021-03-07 12:49:27','2021-03-08 06:07:35'),('92e4e44c-d385-4494-8f37-3df32f5da89e','HBsAg','040001','Imunoserologi','Test','Darah Beku','Serum','Karakter','Laboratorium','--',NULL,'2021-03-07 12:50:04','2021-03-08 06:07:13'),('92e4e482-5819-4cd9-b4ce-10dbc75052fb','Anti HBS','040002','Imunoserologi','Test','Darah Beku','Serum','Karakter','Laboratorium','mIU/mL',NULL,'2021-03-07 12:50:39','2021-03-08 06:06:23'),('92e4e4aa-5979-4553-9ae0-3f4a6806c711','VDRL','040003','Imunoserologi','Test','Darah Beku','Serum','Karakter','Laboratorium','--',NULL,'2021-03-07 12:51:05','2021-03-08 06:06:45'),('92e4e4e5-26e2-43d0-9f1d-fabb49edc5b5','TPHA','040004','Imunoserologi','Test','Darah Beku','Serum','Karakter','Laboratorium','--',NULL,'2021-03-07 12:51:44','2021-03-08 06:05:46'),('92e4e508-542d-4535-95be-e8f76625415a','Anti Dengue IgG/IgM','040005','Imunoserologi','Test','Darah Beku','Serum','Karakter','Laboratorium','--',NULL,'2021-03-07 12:52:07','2021-03-08 06:11:09'),('92e4e54c-f844-4cf8-bca2-159d079ec417','Widal','040006','Imunoserologi','Header','Darah Beku','Serum','Karakter','Laboratorium','--',NULL,'2021-03-07 12:52:52','2021-03-07 14:01:04'),('92e4e56e-1720-406e-840b-3152c5ded641','Malaria (Mikroskopik)','040015','Imunoserologi','Test','Darah Beku','Serum','Karakter','Laboratorium','--',NULL,'2021-03-07 12:53:13','2021-03-07 14:01:30'),('92e4e5a4-f052-4ba2-8795-99aed214507c','Mikrofilaria','040016','Imunoserologi','Test','Darah EDTA','Darah EDTA','Karakter','Laboratorium','--',NULL,'2021-03-07 12:53:49','2021-03-07 14:01:50'),('92e4e5cb-07ba-4a3d-9a9a-1821a8f80dc3','ASTO','040017','Imunoserologi','Test','Darah Beku','Serum','Karakter','Laboratorium','--',NULL,'2021-03-07 12:54:14','2021-03-08 06:05:11'),('92e4e5ed-1284-4975-b851-d79be1ca1024','RF','040018','Imunoserologi','Test','Darah Beku','Serum','Karakter','Laboratorium','--',NULL,'2021-03-07 12:54:37','2021-03-08 06:04:52'),('92e4e808-9cbe-4e4b-ab2f-ce79fdd01b27','Urine Rutin','050001','Urinalisa','Header','Urine','Urine','Karakter','Laboratorium','--',NULL,'2021-03-07 13:00:30','2021-03-07 13:00:30'),('92e4e831-a530-4f35-99b3-a0ff9e1897e2','Feses Rutin','050020','Urinalisa','Header','Faeces','Faeces','Karakter','Laboratorium','--',NULL,'2021-03-07 13:00:57','2021-03-07 13:43:03'),('92e4e857-e6e8-403e-87d6-9aba700905ce','Darah Samar','050033','Urinalisa','Test','Faeces','Faeces','Karakter','Laboratorium','-',NULL,'2021-03-07 13:01:22','2021-03-07 13:43:29'),('92e4e87d-f924-4988-99fc-e05cd1b5eb77','Tes Kehamilan','050034','Urinalisa','Test','Urine','Urine','Karakter','Laboratorium','-',NULL,'2021-03-07 13:01:47','2021-03-07 13:43:46'),('92e4e915-87ee-482f-a069-6c4f226866e7','Pengecatan Gram','060001','Mikrobiologi','Header','Lain-Lain','Lain-Lain','Karakter','Laboratorium','--',NULL,'2021-03-07 13:03:27','2021-03-07 13:03:27'),('92e4e93c-1041-4ebc-a9d4-e16ca14769ec','Bahan (Pengecatan Gram)','060002','Mikrobiologi','Test','Lain-Lain','Lain-Lain','Karakter','Laboratorium','--',NULL,'2021-03-07 13:03:52','2021-03-07 13:03:52'),('92e4e960-04c3-4753-a5aa-1cffcf3f2b7b','Temuan (Pengecatan Gram)','060003','Mikrobiologi','Test','Lain-Lain','Lain-Lain','Karakter','Laboratorium','--',NULL,'2021-03-07 13:04:15','2021-03-07 13:04:15'),('92e4e981-6972-46e3-af7c-fb58928f6247','Jamur Mikroskopik','060004','Mikrobiologi','Header','Lain-Lain','Lain-Lain','Karakter','Laboratorium','--',NULL,'2021-03-07 13:04:37','2021-03-07 13:04:37'),('92e4e9a1-d1a3-4cf0-ae03-867337a1cb38','Bahan (Jamur Mikroskopik)','060005','Mikrobiologi','Test','Lain-Lain','Lain-Lain','Karakter','Laboratorium','--',NULL,'2021-03-07 13:04:58','2021-03-07 13:04:58'),('92e4e9c0-e452-4c5d-a7a2-7437d1122fe2','Temuan (Jamur Mikroskopik)','060006','Mikrobiologi','Test','Lain-Lain','Lain-Lain','Karakter','Laboratorium','--',NULL,'2021-03-07 13:05:19','2021-03-07 13:05:19'),('92e4e9e3-a044-4213-81fe-ae5d11a14439','Trichomonas Mikroskopik','060007','Mikrobiologi','Header','Lain-Lain','Lain-Lain','Karakter','Laboratorium','--',NULL,'2021-03-07 13:05:42','2021-03-07 13:05:42'),('92e4ea07-a970-4f7a-9632-7f85c78b595a','Bahan (Trichomonas Mikroskopik)','060008','Mikrobiologi','Test','Lain-Lain','Lain-Lain','Karakter','Laboratorium','--',NULL,'2021-03-07 13:06:05','2021-03-07 13:06:05'),('92e4ea2a-89e6-4320-a97d-610dbfd2ab47','Temuan (Trichomonas Mikroskopik)','060009','Mikrobiologi','Test','Lain-Lain','Lain-Lain','Karakter','Laboratorium','--',NULL,'2021-03-07 13:06:28','2021-03-07 13:06:28'),('92e4ea4d-e0dd-4718-962d-5033fcd72bf2','Diphteri','060010','Mikrobiologi','Test','Lain-Lain','Lain-Lain','Karakter','Laboratorium','--',NULL,'2021-03-07 13:06:51','2021-03-07 13:06:51'),('92e4ed72-9468-404e-8dea-1ca7d616a49d','EKG','070001','Non Laboratorium','Header','EKG','EKG','Karakter','EKG','--',NULL,'2021-03-07 13:15:39','2021-03-08 06:02:31'),('92e4eda1-a44f-481a-8df4-f9645bc45e95','Temuan EKG','070002','Non Laboratorium','Test','EKG','EKG','Karakter','EKG','--',NULL,'2021-03-07 13:16:09','2021-03-08 06:04:03'),('92e4edc8-3cdd-46cf-971c-96fcb7080f1b','Kesan EKG','070003','Non Laboratorium','Test','EKG','EKG','Karakter','EKG','--',NULL,'2021-03-07 13:16:35','2021-03-08 06:04:08'),('92e4f041-a73c-41fa-9716-30a4de957fba','Saran EKG','070004','Non Laboratorium','Test','EKG','EKG','Karakter','EKG','--',NULL,'2021-03-07 13:23:30','2021-03-08 06:04:12'),('92e4f189-2e1f-4a2d-9f01-5abb69f8ba84','Rontgen Thorax','070005','Non Laboratorium','Header','RONTGEN','RONTGEN','Karakter','Rontgen','--',NULL,'2021-03-07 13:27:04','2021-03-07 13:27:04'),('92e4f1b0-c9fa-475a-9e0b-d543c5953b9f','Temuan Rontgen Thorax','070006','Non Laboratorium','Test','RONTGEN','RONTGEN','Karakter','Rontgen','--',NULL,'2021-03-07 13:27:30','2021-03-07 13:27:30'),('92e4f1cf-1da1-49f3-a736-b242b54f0686','Kesan Rontgen Thorax','070007','Non Laboratorium','Test','RONTGEN','RONTGEN','Karakter','Rontgen','--',NULL,'2021-03-07 13:27:50','2021-03-07 13:27:50'),('92e4f201-3cf4-45fc-bc71-021597f5eb98','Saran Rontgen Thorax','070008','Non Laboratorium','Test','RONTGEN','RONTGEN','Karakter','Rontgen','--',NULL,'2021-03-07 13:28:23','2021-03-07 13:28:23'),('92e4f275-5446-45f9-aeb9-9b69e983c52b','USG Abdomen','070009','Non Laboratorium','Header','USG','RONTGEN','Karakter','USG','--',NULL,'2021-03-07 13:29:39','2021-03-08 05:02:01'),('92e4f303-823a-4da4-b20f-0f077aa8d185','Temuan USG Abdomen','070010','Non Laboratorium','Test','USG','USG','Karakter','USG','--',NULL,'2021-03-07 13:31:12','2021-03-08 05:02:18'),('92e4f320-9bc1-450d-83dc-7c964a019fb7','Kesan USG Abdomen','070011','Non Laboratorium','Test','USG','USG','Karakter','USG','--',NULL,'2021-03-07 13:31:32','2021-03-08 05:02:44'),('92e4f33d-37ac-4662-82b3-a12516bb289a','Saran USG Abdomen','070012','Non Laboratorium','Test','USG','USG','Karakter','USG','--',NULL,'2021-03-07 13:31:50','2021-03-08 05:04:48'),('92e4f392-8857-4c72-b906-b3f750f9112d','Pap Smear','080001','Lain-Lain','Header','Lain-Lain','Lain-Lain','Karakter','Laboratorium','--',NULL,'2021-03-07 13:32:46','2021-03-07 13:34:56'),('92e4f3b6-c064-44ca-82ae-7aac19739ab8','Temuan Pap Smear','080002','Lain-Lain','Test','Lain-Lain','Lain-Lain','Karakter','Laboratorium','--',NULL,'2021-03-07 13:33:10','2021-03-07 13:35:04'),('92e4f3dc-5a5b-4591-9f2d-678d2ee655d6','Kesan Pap Smear','080003','Lain-Lain','Test','Lain-Lain','Lain-Lain','Karakter','Laboratorium','--',NULL,'2021-03-07 13:33:35','2021-03-07 13:35:10'),('92e4f4f9-f3c9-4bda-8a45-f1ebbacac78b','Analisa Sperma','080004','Lain-Lain','Header','Sperma','Sperma','Karakter','Laboratorium','--',NULL,'2021-03-07 13:36:42','2021-03-07 13:36:42'),('92e4f51b-6dcf-4ef0-9142-ce2307dd1de5','Temuan Analisa Sperma','080005','Lain-Lain','Test','Sperma','Sperma','Karakter','Laboratorium','--',NULL,'2021-03-07 13:37:04','2021-03-07 13:37:04'),('92e4f539-9c36-443a-860c-8d573e126b01','Kesan Analisa Sperma','080006','Lain-Lain','Test','Sperma','Sperma','Karakter','Laboratorium','--',NULL,'2021-03-07 13:37:23','2021-03-07 13:37:23'),('92e4f7ff-a217-4641-90ad-5ca3215320fe','Warna Urin','050002','Urinalisa','Test','Urine','Urine','Karakter','Laboratorium','--',NULL,'2021-03-07 13:45:09','2021-03-07 13:45:09'),('92e4f820-cc93-4605-8896-01636cfa7472','Kejernihan','050003','Urinalisa','Test','Urine','Urine','Karakter','Laboratorium','--',NULL,'2021-03-07 13:45:30','2021-03-07 13:45:30'),('92e4f849-612b-4df3-b5df-6d3d998af17e','pH Urine','050004','Urinalisa','Test','Urine','Urine','Karakter','Laboratorium','--',NULL,'2021-03-07 13:45:57','2021-03-08 05:07:24'),('92e4f86c-62dc-4387-8a1a-96b0d178f3f8','Berat Jenis','050005','Urinalisa','Test','Urine','Urine','Karakter','Laboratorium','--',NULL,'2021-03-07 13:46:20','2021-03-07 13:46:20'),('92e4f88e-3b63-44e5-9040-84bd6679e990','Protein','050006','Urinalisa','Test','Urine','Urine','Karakter','Laboratorium','--',NULL,'2021-03-07 13:46:42','2021-03-07 13:46:42'),('92e4f8b9-cc1f-4fa6-95d2-6f6d4c4a2cbc','Glukosa','050007','Urinalisa','Test','Urine','Urine','Karakter','Laboratorium','--',NULL,'2021-03-07 13:47:11','2021-03-07 13:47:11'),('92e4f8de-6d5e-4461-b74f-85f1afc0e6f1','Keton','050008','Urinalisa','Test','Urine','Urine','Karakter','Laboratorium','--',NULL,'2021-03-07 13:47:35','2021-03-07 13:47:35'),('92e4f901-311f-4296-b22f-cebe6420da01','Bilirubin','050009','Urinalisa','Test','Urine','Urine','Karakter','Laboratorium','-',NULL,'2021-03-07 13:47:58','2021-03-07 13:47:58'),('92e4f927-86a0-43f3-a1c4-6e11af3be01d','Urobilinogen','050010','Urinalisa','Test','Urine','Urine','Karakter','Laboratorium','--',NULL,'2021-03-07 13:48:23','2021-03-07 13:48:23'),('92e4f94c-4f47-42ba-82fd-341155bf39cb','Darah','050011','Urinalisa','Test','Urine','Urine','Karakter','Laboratorium','--',NULL,'2021-03-07 13:48:47','2021-03-07 13:48:47'),('92e4f972-e716-4e40-ac68-b70f0e60397f','Mikroskopik','050012','Urinalisa','Test','Urine','Urine','Karakter','Laboratorium','--',NULL,'2021-03-07 13:49:12','2021-03-07 13:49:12'),('92e4f99b-dc33-4d95-8431-5094d289fd22','Eritrosit Urin','050013','Urinalisa','Test','Urine','Urine','Karakter','Laboratorium','--',NULL,'2021-03-07 13:49:39','2021-03-07 13:49:39'),('92e4f9c2-5157-4408-9160-41155ca25a21','Leukosit Urin','050014','Urinalisa','Test','Urine','Urine','Karakter','Laboratorium','--',NULL,'2021-03-07 13:50:04','2021-03-07 13:50:04'),('92e4f9e5-88f4-440c-8310-36747d284d64','Bakteri','050015','Urinalisa','Test','Urine','Urine','Karakter','Laboratorium','--',NULL,'2021-03-07 13:50:27','2021-03-07 13:50:27'),('92e4fa07-1efe-4108-9342-b409d45d94fc','Jamur','050016','Urinalisa','Test','Urine','Urine','Karakter','Laboratorium','--',NULL,'2021-03-07 13:50:49','2021-03-07 13:50:49'),('92e4fa2b-5500-4f2d-819a-aa1e24f03b55','Sel Silinder','050017','Urinalisa','Test','Urine','Urine','Karakter','Laboratorium','--',NULL,'2021-03-07 13:51:13','2021-03-07 13:51:13'),('92e4fa51-a78d-4866-ad6e-6e9c118c9194','Kristal','050018','Urinalisa','Test','Urine','Urine','Karakter','Laboratorium','--',NULL,'2021-03-07 13:51:38','2021-03-07 13:51:38'),('92e4fa7f-7509-49d1-a5fb-e9d181d54e97','Lain-Lain','050019','Urinalisa','Test','Urine','Urine','Karakter','Laboratorium','--',NULL,'2021-03-07 13:52:08','2021-03-07 13:52:08'),('92e4faa7-865c-4d79-9aeb-a342e55b606b','Makroskopik','050021','Urinalisa','Test','Faeces','Faeces','Karakter','Laboratorium','--',NULL,'2021-03-07 13:52:34','2021-03-07 13:52:34'),('92e4fae5-4aca-4425-9967-0fb044c41d26','Konsistensi','050022','Urinalisa','Test','Faeces','Faeces','Karakter','Laboratorium','--',NULL,'2021-03-07 13:53:15','2021-03-07 13:53:15'),('92e4fb03-fd76-4f4a-a425-e8c9b3202425','Warna Feses','050023','Urinalisa','Test','Faeces','Faeces','Karakter','Laboratorium','--',NULL,'2021-03-07 13:53:35','2021-03-07 13:53:35'),('92e4fb34-e237-4e0f-8369-df8b27dc0a08','Nanah','050024','Urinalisa','Test','Faeces','Faeces','Karakter','Laboratorium','--',NULL,'2021-03-07 13:54:07','2021-03-07 13:54:07'),('92e4fb61-9432-4856-af57-1f85c89c8095','Lendir','050025','Urinalisa','Test','Faeces','Faeces','Karakter','Laboratorium','--',NULL,'2021-03-07 13:54:36','2021-03-07 13:54:36'),('92e4fb84-02d7-42ad-bd90-0463570b188d','Darah Feses','050026','Urinalisa','Test','Faeces','Faeces','Karakter','Laboratorium','--',NULL,'2021-03-07 13:54:59','2021-03-07 13:54:59'),('92e4fba8-dd14-445d-b240-62a3c64ee687','Mikroskopik','050027','Urinalisa','Test','Faeces','Faeces','Karakter','Laboratorium','--',NULL,'2021-03-07 13:55:23','2021-03-07 13:55:23'),('92e4fbcc-570e-4528-b168-76c5c6e1ff18','Leukosit Feses','050028','Urinalisa','Test','Faeces','Faeces','Karakter','Laboratorium','--',NULL,'2021-03-07 13:55:46','2021-03-07 13:55:46'),('92e4fbeb-f3ba-4111-b4ca-1bb6466c9350','Eritrosit Feses','050029','Urinalisa','Test','Faeces','Faeces','Karakter','Laboratorium','--',NULL,'2021-03-07 13:56:07','2021-03-07 13:56:07'),('92e4fc09-6f9e-48d2-9b28-a93446d611c3','Telur Cacing','050030','Urinalisa','Test','Faeces','Faeces','Karakter','Laboratorium','--',NULL,'2021-03-07 13:56:26','2021-03-07 13:56:26'),('92e4fc2d-6537-4b4c-98af-daa886e68c59','Amoeba','050031','Urinalisa','Test','Faeces','Faeces','Karakter','Laboratorium','--',NULL,'2021-03-07 13:56:50','2021-03-07 13:56:50'),('92e4fc5b-fbb5-4307-ab31-f882cdbcdab4','Lain-Lain Feses','050032','Urinalisa','Test','Faeces','Faeces','Karakter','Laboratorium','--',NULL,'2021-03-07 13:57:20','2021-03-07 13:57:20'),('92e4fe58-6b7c-47aa-b9a3-c6b10784dee8','S. Typhi O','040007','Imunoserologi','Test','Darah Beku','Serum','Karakter','Laboratorium','--',NULL,'2021-03-07 14:02:54','2021-03-07 14:02:54'),('92e4fe7a-2d44-4c1a-adec-1ca8f5f80357','S. Paratyphy AO','040008','Imunoserologi','Test','Darah Beku','Darah Beku','Karakter','Laboratorium','--',NULL,'2021-03-07 14:03:16','2021-03-08 05:44:33'),('92e4fea7-cf2c-4f07-a0d4-08ec8374367a','S. Paratyphy Bo','040009','Imunoserologi','Test','Darah Beku','Darah Beku','Karakter','Laboratorium','--',NULL,'2021-03-07 14:03:46','2021-03-07 14:03:46'),('92e4fecd-92e4-46fd-bd41-0e370ecb3e66','S. Paratyphy CO','040010','Imunoserologi','Test','Darah Beku','Serum','Karakter','Laboratorium','--',NULL,'2021-03-07 14:04:10','2021-03-08 05:44:26'),('92e4fee9-0311-4926-b778-c98349c78fda','S. Typhi H','040011','Imunoserologi','Test','Darah Beku','Serum','Karakter','Laboratorium','--',NULL,'2021-03-07 14:04:28','2021-03-07 14:04:28'),('92e4ff02-c95b-4442-a8dd-9b29a368ffa7','S. Paratyphi AH','040012','Imunoserologi','Test','Darah Beku','Serum','Karakter','Laboratorium','--',NULL,'2021-03-07 14:04:45','2021-03-08 04:44:25'),('92e4ff1d-7090-41c2-ab6a-cd160b46d2c0','S. Paratyphi BH','040013','Imunoserologi','Test','Darah Beku','Serum','Karakter','Laboratorium','--',NULL,'2021-03-07 14:05:03','2021-03-08 04:44:12'),('92e4ff3b-67a9-4a1d-bc0c-e05d898d7f7a','S. Paratyphi CH','040014','Imunoserologi','Test','Darah Beku','Serum','Karakter','Laboratorium','--',NULL,'2021-03-07 14:05:22','2021-03-08 04:43:56'),('92e5004a-9bde-4d06-9983-63ecf5ca4a06','Hematology','010000','Hematologi','Header','Darah EDTA','Darah EDTA','Karakter','Hematologi Lengkap','--',NULL,'2021-03-07 14:08:20','2021-03-07 14:08:20');

--
-- Table structure for table `log_activities`
--

CREATE TABLE `log_activities` (
  `id` char(36) COLLATE utf8mb4_unicode_ci NOT NULL,
  `subject` varchar(255) COLLATE utf8mb4_unicode_ci NOT NULL,
  `url` varchar(255) COLLATE utf8mb4_unicode_ci NOT NULL,
  `method` varchar(255) COLLATE utf8mb4_unicode_ci NOT NULL,
  `ip` varchar(255) COLLATE utf8mb4_unicode_ci NOT NULL,
  `agent` varchar(255) COLLATE utf8mb4_unicode_ci DEFAULT NULL,
  `user_id` char(36) COLLATE utf8mb4_unicode_ci DEFAULT NULL,
  `user_name` varchar(255) COLLATE utf8mb4_unicode_ci DEFAULT NULL,
  `created_at` timestamp NULL DEFAULT NULL,
  `updated_at` timestamp NULL DEFAULT NULL,
  PRIMARY KEY (`id`)
) ENGINE=InnoDB DEFAULT CHARSET=utf8mb4 COLLATE=utf8mb4_unicode_ci;

--
-- Dumping data for table `log_activities`
--

INSERT INTO `log_activities` VALUES ('937c18a6-8a5c-45f1-a42c-362a6c7c680a','login ke aplikasi','https://klinik.bosowasemen.co.id/login','POST','193.168.195.15','Mozilla/5.0 (Windows NT 10.0; Win64; x64) AppleWebKit/537.36 (KHTML, like Gecko) Chrome/90.0.4430.212 Safari/537.36','937c17a1-47af-4828-841c-991770d7afb8','Muh. Resha','2021-05-21 23:46:27','2021-05-21 23:46:27'),('937caa74-41c2-4a84-a171-d974f03eebba','login ke aplikasi','https://klinik.bosowasemen.co.id/login','POST','193.168.195.15','Mozilla/5.0 (Windows NT 10.0; Win64; x64) AppleWebKit/537.36 (KHTML, like Gecko) Chrome/90.0.4430.212 Safari/537.36','937c17a1-47af-4828-841c-991770d7afb8','Muh. Resha','2021-05-22 06:34:09','2021-05-22 06:34:09'),('937d3932-7061-4bb4-97e4-2d0f7be3f1b0','login ke aplikasi','https://klinik.bosowasemen.co.id/login','POST','193.168.195.15','Mozilla/5.0 (Windows NT 10.0; Win64; x64) AppleWebKit/537.36 (KHTML, like Gecko) Chrome/90.0.4430.212 Safari/537.36','937c17a1-1a4e-4e8f-b50b-21d73f2b32c5','Abel Ardhana','2021-05-22 13:13:18','2021-05-22 13:13:18'),('937d9b3b-ae10-4e3e-96d5-38f7eb11b519','login ke aplikasi','http://klinik.bosowasemen.co.id/login','POST','193.168.195.15','Mozilla/5.0 (Windows NT 10.0; Win64; x64) AppleWebKit/537.36 (KHTML, like Gecko) Chrome/89.0.4389.90 Safari/537.36 Edg/89.0.774.63','937c17a1-47af-4828-841c-991770d7afb8','Muh. Resha','2021-05-22 17:47:25','2021-05-22 17:47:25'),('93820451-79a5-451e-8d7e-f26d47dbfa60','login ke aplikasi','http://klinik.bosowasemen.co.id/login','POST','193.168.195.15','Mozilla/5.0 (Linux; Android 10; CPH2127) AppleWebKit/537.36 (KHTML, like Gecko) Chrome/90.0.4430.210 Mobile Safari/537.36','937c17a1-47af-4828-841c-991770d7afb8','Muh. Resha','2021-05-24 22:24:34','2021-05-24 22:24:34'),('938205ad-8797-43af-9492-a0cea3bbf4c9','login ke aplikasi','http://klinik.bosowasemen.co.id/login','POST','193.168.195.15','Mozilla/5.0 (Windows NT 10.0; Win64; x64) AppleWebKit/537.36 (KHTML, like Gecko) Chrome/89.0.4389.90 Safari/537.36 Edg/89.0.774.63','937c17a1-47af-4828-841c-991770d7afb8','Muh. Resha','2021-05-24 22:28:22','2021-05-24 22:28:22'),('93820bbc-7458-49ac-90d5-eb7f4f3b4704','login ke aplikasi','http://klinik.bosowasemen.co.id/login','POST','193.168.195.15','Mozilla/5.0 (Windows NT 10.0; Win64; x64) AppleWebKit/537.36 (KHTML, like Gecko) Chrome/89.0.4389.90 Safari/537.36 Edg/89.0.774.63','937c17a1-47af-4828-841c-991770d7afb8','Muh. Resha','2021-05-24 22:45:19','2021-05-24 22:45:19'),('93820c01-5e4c-429a-87aa-695e9d6f0aa3','menambah kegiatan (ID:93820c01-5d20-44cf-a128-ee9203aa9eb6)','http://klinik.bosowasemen.co.id/livewire/message/event.create','POST','193.168.195.15','Mozilla/5.0 (Windows NT 10.0; Win64; x64) AppleWebKit/537.36 (KHTML, like Gecko) Chrome/89.0.4389.90 Safari/537.36 Edg/89.0.774.63','937c17a1-47af-4828-841c-991770d7afb8','Muh. Resha','2021-05-24 22:46:04','2021-05-24 22:46:04'),('93820ce9-1cfd-46b3-ac4c-9f36c6aeb2f9','menambah pemasukan (ID:93820ce9-1be1-471d-8793-af0b13a8a3d7)','http://klinik.bosowasemen.co.id/livewire/message/transaction.income.create','POST','193.168.195.15','Mozilla/5.0 (Windows NT 10.0; Win64; x64) AppleWebKit/537.36 (KHTML, like Gecko) Chrome/89.0.4389.90 Safari/537.36 Edg/89.0.774.63','937c17a1-47af-4828-841c-991770d7afb8','Muh. Resha','2021-05-24 22:48:36','2021-05-24 22:48:36'),('938541de-523e-4966-a05c-7f2658e78335','login ke aplikasi','http://klinik.bosowasemen.co.id/login','POST','193.168.195.15','Mozilla/5.0 (Windows NT 10.0; Win64; x64) AppleWebKit/537.36 (KHTML, like Gecko) Chrome/89.0.4389.90 Safari/537.36 Edg/89.0.774.63','937c17a1-47af-4828-841c-991770d7afb8','Muh. Resha','2021-05-26 13:04:10','2021-05-26 13:04:10'),('938b1717-542e-4f7f-a737-5b9ff0391255','login ke aplikasi','https://klinik.bosowasemen.co.id/login','POST','193.168.195.15','Mozilla/5.0 (Windows NT 10.0; Win64; x64) AppleWebKit/537.36 (KHTML, like Gecko) Chrome/91.0.4472.77 Safari/537.36','937c17a1-1a4e-4e8f-b50b-21d73f2b32c5','Abel Ardhana','2021-05-29 10:39:31','2021-05-29 10:39:31'),('938ba113-da74-4d21-b52d-f1ce5cbd5aa8','login ke aplikasi','https://klinik.bosowasemen.co.id/login','GET','193.168.195.15','Mozilla/5.0 (Windows NT 10.0; Win64; x64) AppleWebKit/537.36 (KHTML, like Gecko) Chrome/91.0.4472.77 Safari/537.36','937c17a1-1a4e-4e8f-b50b-21d73f2b32c5','Abel Ardhana','2021-05-29 17:05:21','2021-05-29 17:05:21'),('938f7fa7-3b43-4d8d-832e-81c93694033e','login ke aplikasi','http://klinik.bosowasemen.co.id/login','POST','193.168.195.15','Mozilla/5.0 (Windows NT 6.1; Win64; x64) AppleWebKit/537.36 (KHTML, like Gecko) Chrome/90.0.4430.212 Safari/537.36','937c17a1-47af-4828-841c-991770d7afb8','Muh. Resha','2021-05-31 15:15:12','2021-05-31 15:15:12'),('938f7fcc-b2aa-4f75-a984-d50a3c102e8c','menyunting pengaturan aplikasi (ID:937c17a2-58ae-4d0c-a54e-0b37702ee0fb)','http://klinik.bosowasemen.co.id/livewire/message/setting.app.index','POST','193.168.195.15','Mozilla/5.0 (Windows NT 6.1; Win64; x64) AppleWebKit/537.36 (KHTML, like Gecko) Chrome/90.0.4430.212 Safari/537.36','937c17a1-47af-4828-841c-991770d7afb8','Muh. Resha','2021-05-31 15:15:37','2021-05-31 15:15:37'),('938f8029-6045-4037-bb9f-1eabe41bcfb9','menambahkan antrian (ID:938f8029-52ec-4459-b9c1-95935b524ca6)','http://klinik.bosowasemen.co.id/livewire/message/master.service-schedule.queue.create','POST','193.168.195.15','Mozilla/5.0 (Windows NT 6.1; Win64; x64) AppleWebKit/537.36 (KHTML, like Gecko) Chrome/90.0.4430.212 Safari/537.36','937c17a1-47af-4828-841c-991770d7afb8','Muh. Resha','2021-05-31 15:16:38','2021-05-31 15:16:38'),('938f8049-919f-477e-ae6e-b5747027b14a','menambahkan antrian pasien (ID:938f8049-9123-4e15-b4cc-9dc24ca5fd8f)','http://klinik.bosowasemen.co.id/livewire/message/service.patient-queue.create','POST','193.168.195.15','Mozilla/5.0 (Windows NT 6.1; Win64; x64) AppleWebKit/537.36 (KHTML, like Gecko) Chrome/90.0.4430.212 Safari/537.36','937c17a1-47af-4828-841c-991770d7afb8','Muh. Resha','2021-05-31 15:16:59','2021-05-31 15:16:59'),('938f838d-cfda-4ead-8a9b-6a1471162c95','menyunting pengaturan aplikasi (ID:937c17a2-58ae-4d0c-a54e-0b37702ee0fb)','http://klinik.bosowasemen.co.id/livewire/message/setting.app.index','POST','193.168.195.15','Mozilla/5.0 (Windows NT 6.1; Win64; x64) AppleWebKit/537.36 (KHTML, like Gecko) Chrome/90.0.4430.212 Safari/537.36','937c17a1-47af-4828-841c-991770d7afb8','Muh. Resha','2021-05-31 15:26:07','2021-05-31 15:26:07'),('9390ee10-b1e3-46f3-ac31-c336a6add3c1','login ke aplikasi','http://klinik.bosowasemen.co.id','GET','193.168.195.15','Mozilla/5.0 (Windows NT 10.0; Win64; x64) AppleWebKit/537.36 (KHTML, like Gecko) Chrome/91.0.4472.77 Safari/537.36','937c17a1-1a4e-4e8f-b50b-21d73f2b32c5','Abel Ardhana','2021-06-01 08:19:46','2021-06-01 08:19:46'),('9390ee25-2bf3-4325-8dac-797961cc6560','login ke aplikasi','http://klinik.bosowasemen.co.id','GET','193.168.195.15','Mozilla/5.0 (Windows NT 10.0; Win64; x64) AppleWebKit/537.36 (KHTML, like Gecko) Chrome/91.0.4472.77 Safari/537.36','937c17a1-1a4e-4e8f-b50b-21d73f2b32c5','Abel Ardhana','2021-06-01 08:19:59','2021-06-01 08:19:59'),('9390ee65-512c-4a18-80db-d516a74af0f0','login ke aplikasi','http://klinik.bosowasemen.co.id/login','GET','193.168.195.15','Mozilla/5.0 (Windows NT 10.0; Win64; x64) AppleWebKit/537.36 (KHTML, like Gecko) Chrome/91.0.4472.77 Safari/537.36','937c17a1-1a4e-4e8f-b50b-21d73f2b32c5','Abel Ardhana','2021-06-01 08:20:41','2021-06-01 08:20:41'),('9390eea3-84f8-46e4-bea8-a0229254da9c','login ke aplikasi','http://klinik.bosowasemen.co.id/login','POST','193.168.195.15','Mozilla/5.0 (Windows NT 10.0; Win64; x64) AppleWebKit/537.36 (KHTML, like Gecko) Chrome/91.0.4472.77 Safari/537.36','937c17a1-1a4e-4e8f-b50b-21d73f2b32c5','Abel Ardhana','2021-06-01 08:21:22','2021-06-01 08:21:22'),('9390ef26-c762-4527-8ee5-c080644c499f','menambahkan antrian (ID:9390ef26-c5af-4323-a6c6-f886297a7e37)','http://klinik.bosowasemen.co.id/livewire/message/master.service-schedule.queue.create','POST','193.168.195.15','Mozilla/5.0 (Windows NT 10.0; Win64; x64) AppleWebKit/537.36 (KHTML, like Gecko) Chrome/91.0.4472.77 Safari/537.36','937c17a1-1a4e-4e8f-b50b-21d73f2b32c5','Abel Ardhana','2021-06-01 08:22:48','2021-06-01 08:22:48'),('9390f04a-d377-4ddc-bdf6-7aba2ad02b6e','menambahkan antrian pasien (ID:9390f04a-d2bc-416a-8484-2149a404b83f)','https://klinik.bosowasemen.co.id/livewire/message/service.patient-queue.create','POST','193.168.195.15','Mozilla/5.0 (Windows NT 10.0; Win64; x64) AppleWebKit/537.36 (KHTML, like Gecko) Chrome/91.0.4472.77 Safari/537.36','937c17a1-1a4e-4e8f-b50b-21d73f2b32c5','Abel Ardhana','2021-06-01 08:26:00','2021-06-01 08:26:00'),('93920d71-f7e9-47ae-b4bb-3d28d9127985','login ke aplikasi','https://klinik.bosowasemen.co.id/login','POST','193.168.195.15','Mozilla/5.0 (Windows NT 10.0; Win64; x64) AppleWebKit/537.36 (KHTML, like Gecko) Chrome/89.0.4389.90 Safari/537.36 Edg/89.0.774.63','937c17a1-47af-4828-841c-991770d7afb8','Muh. Resha','2021-06-01 21:43:20','2021-06-01 21:43:20'),('93920f40-6b97-4b9a-a6b3-44a7dfc4c3af','menambahkan antrian (ID:93920f40-5e11-464a-9635-aff4c2a04682)','https://klinik.bosowasemen.co.id/livewire/message/master.service-schedule.queue.create','POST','193.168.195.15','Mozilla/5.0 (Windows NT 10.0; Win64; x64) AppleWebKit/537.36 (KHTML, like Gecko) Chrome/89.0.4389.90 Safari/537.36 Edg/89.0.774.63','937c17a1-47af-4828-841c-991770d7afb8','Muh. Resha','2021-06-01 21:48:23','2021-06-01 21:48:23'),('93921087-ee5e-400b-a253-2b6ebf0582cf','menghapus data antrian','https://klinik.bosowasemen.co.id/livewire/message/master.service-schedule.queue.index','POST','193.168.195.15','Mozilla/5.0 (Windows NT 10.0; Win64; x64) AppleWebKit/537.36 (KHTML, like Gecko) Chrome/89.0.4389.90 Safari/537.36 Edg/89.0.774.63','937c17a1-47af-4828-841c-991770d7afb8','Muh. Resha','2021-06-01 21:51:58','2021-06-01 21:51:58'),('939210c8-6443-4b35-ae6a-7b4c401cdc5f','menambahkan antrian (ID:939210c8-60a2-460f-a9f2-32c3b355641d)','https://klinik.bosowasemen.co.id/livewire/message/master.service-schedule.queue.create','POST','193.168.195.15','Mozilla/5.0 (Windows NT 10.0; Win64; x64) AppleWebKit/537.36 (KHTML, like Gecko) Chrome/89.0.4389.90 Safari/537.36 Edg/89.0.774.63','937c17a1-47af-4828-841c-991770d7afb8','Muh. Resha','2021-06-01 21:52:40','2021-06-01 21:52:40'),('939210ed-6069-473d-9238-0692de51546b','menambahkan antrian pasien (ID:939210ed-5f5b-4110-a9c2-6b2723eb0f2f)','https://klinik.bosowasemen.co.id/livewire/message/service.patient-queue.create','POST','193.168.195.15','Mozilla/5.0 (Windows NT 10.0; Win64; x64) AppleWebKit/537.36 (KHTML, like Gecko) Chrome/89.0.4389.90 Safari/537.36 Edg/89.0.774.63','937c17a1-47af-4828-841c-991770d7afb8','Muh. Resha','2021-06-01 21:53:05','2021-06-01 21:53:05'),('93921174-1169-4059-a474-7d7c36e728b7','menambahkan pemeriksaan pasien (ID:93921174-0bdd-429f-91f1-2c7d4d79a63e)','https://klinik.bosowasemen.co.id/livewire/message/service.patient-checkup.create','POST','193.168.195.15','Mozilla/5.0 (Windows NT 10.0; Win64; x64) AppleWebKit/537.36 (KHTML, like Gecko) Chrome/89.0.4389.90 Safari/537.36 Edg/89.0.774.63','937c17a1-47af-4828-841c-991770d7afb8','Muh. Resha','2021-06-01 21:54:33','2021-06-01 21:54:33'),('9392130e-4ebe-4b0d-b243-d0bf625326fc','mengkonfirmasi edukasi (ID:9392130e-4da9-44f7-a1c3-8cfebf720f39)','https://klinik.bosowasemen.co.id/livewire/message/service.education.create','POST','193.168.195.15','Mozilla/5.0 (Windows NT 10.0; Win64; x64) AppleWebKit/537.36 (KHTML, like Gecko) Chrome/89.0.4389.90 Safari/537.36 Edg/89.0.774.63','937c17a1-47af-4828-841c-991770d7afb8','Muh. Resha','2021-06-01 21:59:02','2021-06-01 21:59:02'),('93921468-7f53-4c14-8e18-bcc7324de7bc','menambahkan surat pengantar swab (ID:93921468-7e52-4081-8e6e-27f0f1992077)','https://klinik.bosowasemen.co.id/livewire/message/service.reference.swab.create','POST','193.168.195.15','Mozilla/5.0 (Windows NT 10.0; Win64; x64) AppleWebKit/537.36 (KHTML, like Gecko) Chrome/89.0.4389.90 Safari/537.36 Edg/89.0.774.63','937c17a1-47af-4828-841c-991770d7afb8','Muh. Resha','2021-06-01 22:02:49','2021-06-01 22:02:49'),('9392150c-bf7d-4aa3-8896-f0fb2db3495d','menambahkan surat keterangan dokter (ID:9392150c-bd98-47d4-9203-6dff8e2d7d3d)','https://klinik.bosowasemen.co.id/livewire/message/service.reference.doctor.create','POST','193.168.195.15','Mozilla/5.0 (Windows NT 10.0; Win64; x64) AppleWebKit/537.36 (KHTML, like Gecko) Chrome/89.0.4389.90 Safari/537.36 Edg/89.0.774.63','937c17a1-47af-4828-841c-991770d7afb8','Muh. Resha','2021-06-01 22:04:36','2021-06-01 22:04:36'),('93921568-0668-4b6a-bcc9-ed7dd37c8992','menambahkan surat keterangan istirahat (ID:93921568-0585-4048-91d1-65f5294ac9ea)','https://klinik.bosowasemen.co.id/livewire/message/service.reference.rest.create','POST','193.168.195.15','Mozilla/5.0 (Windows NT 10.0; Win64; x64) AppleWebKit/537.36 (KHTML, like Gecko) Chrome/89.0.4389.90 Safari/537.36 Edg/89.0.774.63','937c17a1-47af-4828-841c-991770d7afb8','Muh. Resha','2021-06-01 22:05:36','2021-06-01 22:05:36'),('939215c6-4688-43d7-a570-a93e6667bb7d','menambahkan obat (ID:939215c6-45a9-4627-95a0-f75632172406)','https://klinik.bosowasemen.co.id/livewire/message/pharmacy.drug.create','POST','193.168.195.15','Mozilla/5.0 (Windows NT 10.0; Win64; x64) AppleWebKit/537.36 (KHTML, like Gecko) Chrome/89.0.4389.90 Safari/537.36 Edg/89.0.774.63','937c17a1-47af-4828-841c-991770d7afb8','Muh. Resha','2021-06-01 22:06:38','2021-06-01 22:06:38'),('939215d2-dc6e-48ac-b96d-51263e15b1e1','mengurangi stok obat (ID:939215c6-45a9-4627-95a0-f75632172406)','https://klinik.bosowasemen.co.id/livewire/message/pharmacy.stock-adjustment.partial.input','POST','193.168.195.15','Mozilla/5.0 (Windows NT 10.0; Win64; x64) AppleWebKit/537.36 (KHTML, like Gecko) Chrome/89.0.4389.90 Safari/537.36 Edg/89.0.774.63','937c17a1-47af-4828-841c-991770d7afb8','Muh. Resha','2021-06-01 22:06:46','2021-06-01 22:06:46'),('939215d3-1a90-4093-8016-174ba61fa70e','mengurangi stok obat (ID:939215c6-45a9-4627-95a0-f75632172406)','https://klinik.bosowasemen.co.id/livewire/message/pharmacy.stock-adjustment.partial.input','POST','193.168.195.15','Mozilla/5.0 (Windows NT 10.0; Win64; x64) AppleWebKit/537.36 (KHTML, like Gecko) Chrome/89.0.4389.90 Safari/537.36 Edg/89.0.774.63','937c17a1-47af-4828-841c-991770d7afb8','Muh. Resha','2021-06-01 22:06:46','2021-06-01 22:06:46'),('93921c41-7678-439d-a85b-5f9c42748c1b','menambahkan distributor (ID:93921c41-7573-4807-82cd-d266a1de4b06)','https://klinik.bosowasemen.co.id/livewire/message/master.distributor.create','POST','193.168.195.15','Mozilla/5.0 (Windows NT 10.0; Win64; x64) AppleWebKit/537.36 (KHTML, like Gecko) Chrome/89.0.4389.90 Safari/537.36 Edg/89.0.774.63','937c17a1-47af-4828-841c-991770d7afb8','Muh. Resha','2021-06-01 22:24:45','2021-06-01 22:24:45'),('93921c6d-f8af-4af6-a410-f2e73d77ecc6','menambah stok obat (ID:939215c6-45a9-4627-95a0-f75632172406)','https://klinik.bosowasemen.co.id/livewire/message/pharmacy.stock-adjustment.partial.input','POST','193.168.195.15','Mozilla/5.0 (Windows NT 10.0; Win64; x64) AppleWebKit/537.36 (KHTML, like Gecko) Chrome/89.0.4389.90 Safari/537.36 Edg/89.0.774.63','937c17a1-47af-4828-841c-991770d7afb8','Muh. Resha','2021-06-01 22:25:14','2021-06-01 22:25:14'),('93921c71-6cf9-432b-ab7f-22aaa4a253bd','menambah stok obat (ID:939215c6-45a9-4627-95a0-f75632172406)','https://klinik.bosowasemen.co.id/livewire/message/pharmacy.stock-adjustment.partial.input','POST','193.168.195.15','Mozilla/5.0 (Windows NT 10.0; Win64; x64) AppleWebKit/537.36 (KHTML, like Gecko) Chrome/89.0.4389.90 Safari/537.36 Edg/89.0.774.63','937c17a1-47af-4828-841c-991770d7afb8','Muh. Resha','2021-06-01 22:25:17','2021-06-01 22:25:17'),('93921d48-7cef-406a-b420-6049794ff525','menambahkan pembelian obat (ID:93921d48-791b-4919-92a2-ad95d099ab33)','https://klinik.bosowasemen.co.id/livewire/message/pharmacy.drug-buy.create','POST','193.168.195.15','Mozilla/5.0 (Windows NT 10.0; Win64; x64) AppleWebKit/537.36 (KHTML, like Gecko) Chrome/89.0.4389.90 Safari/537.36 Edg/89.0.774.63','937c17a1-47af-4828-841c-991770d7afb8','Muh. Resha','2021-06-01 22:27:37','2021-06-01 22:27:37'),('93921d71-d5ee-45ae-a38f-d61ccd391993','mengkonfirmasi penjualan obat (ID:93921d71-d52b-4cc5-a586-45baecc24766)','https://klinik.bosowasemen.co.id/livewire/message/pharmacy.drug-sell.general.create','POST','193.168.195.15','Mozilla/5.0 (Windows NT 10.0; Win64; x64) AppleWebKit/537.36 (KHTML, like Gecko) Chrome/89.0.4389.90 Safari/537.36 Edg/89.0.774.63','937c17a1-47af-4828-841c-991770d7afb8','Muh. Resha','2021-06-01 22:28:05','2021-06-01 22:28:05'),('93921da5-cd20-432c-ab28-8b46f0d80a5f','menambah inventaris (ID:93921da5-cc43-45e9-a8b2-c06d31519adc)','https://klinik.bosowasemen.co.id/livewire/message/inventory.create','POST','193.168.195.15','Mozilla/5.0 (Windows NT 10.0; Win64; x64) AppleWebKit/537.36 (KHTML, like Gecko) Chrome/89.0.4389.90 Safari/537.36 Edg/89.0.774.63','937c17a1-47af-4828-841c-991770d7afb8','Muh. Resha','2021-06-01 22:28:39','2021-06-01 22:28:39'),('93922109-1a4e-4cb0-8ab5-68590d73aec2','menambah pengeluaran (ID:93922109-195b-4e61-b414-ec23a8d5028c)','https://klinik.bosowasemen.co.id/livewire/message/transaction.expense.create','POST','193.168.195.15','Mozilla/5.0 (Windows NT 10.0; Win64; x64) AppleWebKit/537.36 (KHTML, like Gecko) Chrome/89.0.4389.90 Safari/537.36 Edg/89.0.774.63','937c17a1-47af-4828-841c-991770d7afb8','Muh. Resha','2021-06-01 22:38:07','2021-06-01 22:38:07'),('9392c388-d542-4823-acc1-dcea37cfc00b','login ke aplikasi','https://klinik.bosowasemen.co.id/login','POST','193.168.195.15','Mozilla/5.0 (Windows NT 10.0; Win64; x64) AppleWebKit/537.36 (KHTML, like Gecko) Chrome/89.0.4389.90 Safari/537.36 Edg/89.0.774.63','937c17a1-47af-4828-841c-991770d7afb8','Muh. Resha','2021-06-02 06:12:30','2021-06-02 06:12:30'),('9392c420-6d90-440f-a9fa-d9c88c466e40','menambahkan antrian (ID:9392c420-60c0-4173-b644-32854bcced95)','https://klinik.bosowasemen.co.id/livewire/message/master.service-schedule.queue.create','POST','193.168.195.15','Mozilla/5.0 (Windows NT 10.0; Win64; x64) AppleWebKit/537.36 (KHTML, like Gecko) Chrome/89.0.4389.90 Safari/537.36 Edg/89.0.774.63','937c17a1-47af-4828-841c-991770d7afb8','Muh. Resha','2021-06-02 06:14:09','2021-06-02 06:14:09'),('9392c47f-e588-42ef-8735-18d421c2c93e','menambahkan antrian pasien (ID:9392c47f-e4d3-4935-abd6-c266c478a3ac)','https://klinik.bosowasemen.co.id/livewire/message/service.patient-queue.create','POST','193.168.195.15','Mozilla/5.0 (Windows NT 10.0; Win64; x64) AppleWebKit/537.36 (KHTML, like Gecko) Chrome/89.0.4389.90 Safari/537.36 Edg/89.0.774.63','937c17a1-47af-4828-841c-991770d7afb8','Muh. Resha','2021-06-02 06:15:12','2021-06-02 06:15:12'),('9392c49a-076e-49a6-bc22-709f71995187','menambahkan pemeriksaan pasien (ID:9392c49a-034d-4904-9f75-9190d0b39a9a)','https://klinik.bosowasemen.co.id/livewire/message/service.patient-checkup.create','POST','193.168.195.15','Mozilla/5.0 (Windows NT 10.0; Win64; x64) AppleWebKit/537.36 (KHTML, like Gecko) Chrome/89.0.4389.90 Safari/537.36 Edg/89.0.774.63','937c17a1-47af-4828-841c-991770d7afb8','Muh. Resha','2021-06-02 06:15:29','2021-06-02 06:15:29'),('9392c5a1-b971-422f-9569-c4075710714f','mengkonfirmasi edukasi (ID:9392c5a1-b834-4c9b-9860-e664680f1914)','https://klinik.bosowasemen.co.id/livewire/message/service.education.create','POST','193.168.195.15','Mozilla/5.0 (Windows NT 10.0; Win64; x64) AppleWebKit/537.36 (KHTML, like Gecko) Chrome/89.0.4389.90 Safari/537.36 Edg/89.0.774.63','937c17a1-47af-4828-841c-991770d7afb8','Muh. Resha','2021-06-02 06:18:22','2021-06-02 06:18:22'),('9392c5b3-0225-4222-852c-99f22a2c3a7e','menghapus data edukasi','https://klinik.bosowasemen.co.id/livewire/message/service.education.index','POST','193.168.195.15','Mozilla/5.0 (Windows NT 10.0; Win64; x64) AppleWebKit/537.36 (KHTML, like Gecko) Chrome/89.0.4389.90 Safari/537.36 Edg/89.0.774.63','937c17a1-47af-4828-841c-991770d7afb8','Muh. Resha','2021-06-02 06:18:33','2021-06-02 06:18:33'),('9392c61b-0a3f-4ce3-8c67-2075a8a3e297','menambahkan surat pengantar (ID:9392c61b-08c0-41d3-9c79-48a2ceca2a50)','https://klinik.bosowasemen.co.id/livewire/message/service.reference.cover.create','POST','193.168.195.15','Mozilla/5.0 (Windows NT 10.0; Win64; x64) AppleWebKit/537.36 (KHTML, like Gecko) Chrome/89.0.4389.90 Safari/537.36 Edg/89.0.774.63','937c17a1-47af-4828-841c-991770d7afb8','Muh. Resha','2021-06-02 06:19:41','2021-06-02 06:19:41'),('9392c938-0359-45e1-9eb0-ec7c6306ba7a','mengkonfirmasi penjualan obat (ID:9392c938-013f-443f-a4a7-aa5dfba55a4c)','https://klinik.bosowasemen.co.id/livewire/message/pharmacy.drug-sell.general.create','POST','193.168.195.15','Mozilla/5.0 (Windows NT 10.0; Win64; x64) AppleWebKit/537.36 (KHTML, like Gecko) Chrome/89.0.4389.90 Safari/537.36 Edg/89.0.774.63','937c17a1-47af-4828-841c-991770d7afb8','Muh. Resha','2021-06-02 06:28:23','2021-06-02 06:28:23'),('9392c9ef-26c3-478b-902a-269c078c510e','menambahkan hasil lab (ID:9392c9ef-250b-4aa1-b9f9-155da4b441a1)','https://klinik.bosowasemen.co.id/livewire/message/master.lab-input.create','POST','193.168.195.15','Mozilla/5.0 (Windows NT 10.0; Win64; x64) AppleWebKit/537.36 (KHTML, like Gecko) Chrome/89.0.4389.90 Safari/537.36 Edg/89.0.774.63','937c17a1-47af-4828-841c-991770d7afb8','Muh. Resha','2021-06-02 06:30:24','2021-06-02 06:30:24'),('9392ca10-22fe-48f0-b452-11e3ff354f8f','meyunting pemeriksaan pasien (ID:9392c49a-034d-4904-9f75-9190d0b39a9a)','https://klinik.bosowasemen.co.id/livewire/message/service.patient-checkup.edit','POST','193.168.195.15','Mozilla/5.0 (Windows NT 10.0; Win64; x64) AppleWebKit/537.36 (KHTML, like Gecko) Chrome/89.0.4389.90 Safari/537.36 Edg/89.0.774.63','937c17a1-47af-4828-841c-991770d7afb8','Muh. Resha','2021-06-02 06:30:45','2021-06-02 06:30:45'),('9392ddee-61f2-40e1-862d-f27cc5ccd8e3','login ke aplikasi','https://klinik.bosowasemen.co.id/login','POST','193.168.195.15','Mozilla/5.0 (Windows NT 10.0; Win64; x64) AppleWebKit/537.36 (KHTML, like Gecko) Chrome/91.0.4472.77 Safari/537.36','937c17a1-1a4e-4e8f-b50b-21d73f2b32c5','Abel Ardhana','2021-06-02 07:26:18','2021-06-02 07:26:18'),('9392f1c0-980d-472f-b9be-9c78cc6b17b0','menambah surat masuk (ID:9392f1c0-9415-4472-8064-810d0070de8a)','https://klinik.bosowasemen.co.id/livewire/message/mail.incoming.create','POST','193.168.195.15','Mozilla/5.0 (Windows NT 10.0; Win64; x64) AppleWebKit/537.36 (KHTML, like Gecko) Chrome/91.0.4472.77 Safari/537.36','937c17a1-1a4e-4e8f-b50b-21d73f2b32c5','Abel Ardhana','2021-06-02 08:21:44','2021-06-02 08:21:44'),('9392f1fe-d7fd-4010-ab44-aa3563a8583d','menghapus surat masuk','https://klinik.bosowasemen.co.id/livewire/message/mail.incoming.index','POST','193.168.195.15','Mozilla/5.0 (Windows NT 10.0; Win64; x64) AppleWebKit/537.36 (KHTML, like Gecko) Chrome/91.0.4472.77 Safari/537.36','937c17a1-1a4e-4e8f-b50b-21d73f2b32c5','Abel Ardhana','2021-06-02 08:22:25','2021-06-02 08:22:25'),('9392f2ea-e3ab-492d-a5d5-e700a00f49d8','menambah surat keluar (ID:9392f2ea-e2c2-4990-93a4-c5bb8bc7793c)','https://klinik.bosowasemen.co.id/livewire/message/mail.outgoing.create','POST','193.168.195.15','Mozilla/5.0 (Windows NT 10.0; Win64; x64) AppleWebKit/537.36 (KHTML, like Gecko) Chrome/91.0.4472.77 Safari/537.36','937c17a1-1a4e-4e8f-b50b-21d73f2b32c5','Abel Ardhana','2021-06-02 08:24:59','2021-06-02 08:24:59'),('9392f2f9-0b83-4209-808f-c3d1485c6a49','menghapus surat keluar','https://klinik.bosowasemen.co.id/livewire/message/mail.outgoing.index','POST','193.168.195.15','Mozilla/5.0 (Windows NT 10.0; Win64; x64) AppleWebKit/537.36 (KHTML, like Gecko) Chrome/91.0.4472.77 Safari/537.36','937c17a1-1a4e-4e8f-b50b-21d73f2b32c5','Abel Ardhana','2021-06-02 08:25:09','2021-06-02 08:25:09'),('939328c6-a98e-4e3d-9153-38192146bf4b','login ke aplikasi','https://klinik.bosowasemen.co.id/login','POST','193.168.195.15','Mozilla/5.0 (Windows NT 10.0; Win64; x64) AppleWebKit/537.36 (KHTML, like Gecko) Chrome/91.0.4472.77 Safari/537.36','937c17a1-47af-4828-841c-991770d7afb8','Muh. Resha','2021-06-02 10:55:35','2021-06-02 10:55:35'),('93932a8a-745e-4232-aab0-2a334a2c1dad','menambahkan pengguna (ID:93932a8a-70dc-45cf-90ab-4715775cb405)','https://klinik.bosowasemen.co.id/livewire/message/master.user.create','POST','193.168.195.15','Mozilla/5.0 (Windows NT 10.0; Win64; x64) AppleWebKit/537.36 (KHTML, like Gecko) Chrome/91.0.4472.77 Safari/537.36','937c17a1-47af-4828-841c-991770d7afb8','Muh. Resha','2021-06-02 11:00:31','2021-06-02 11:00:31'),('93932b4b-2708-4b50-9766-d270bfbbeeec','menambahkan pengguna (ID:93932b4b-2368-4745-b2a7-cbf4aa4b50a6)','https://klinik.bosowasemen.co.id/livewire/message/master.user.create','POST','193.168.195.15','Mozilla/5.0 (Windows NT 10.0; Win64; x64) AppleWebKit/537.36 (KHTML, like Gecko) Chrome/91.0.4472.77 Safari/537.36','937c17a1-47af-4828-841c-991770d7afb8','Muh. Resha','2021-06-02 11:02:38','2021-06-02 11:02:38'),('93932bc6-22ac-4228-9680-753aa98e68e3','menyunting dokter (ID:92b59149-d827-43cc-95fd-d1cfe43813a4)','https://klinik.bosowasemen.co.id/livewire/message/master.doctor.edit','POST','193.168.195.15','Mozilla/5.0 (Windows NT 10.0; Win64; x64) AppleWebKit/537.36 (KHTML, like Gecko) Chrome/91.0.4472.77 Safari/537.36','937c17a1-47af-4828-841c-991770d7afb8','Muh. Resha','2021-06-02 11:03:58','2021-06-02 11:03:58'),('93932cc1-9225-4049-90b8-9216529ea794','menyunting hasil lab (ID:9392c9ef-250b-4aa1-b9f9-155da4b441a1)','https://klinik.bosowasemen.co.id/livewire/message/master.lab-input.edit','POST','193.168.195.15','Mozilla/5.0 (Windows NT 10.0; Win64; x64) AppleWebKit/537.36 (KHTML, like Gecko) Chrome/91.0.4472.77 Safari/537.36','937c17a1-47af-4828-841c-991770d7afb8','Muh. Resha','2021-06-02 11:06:43','2021-06-02 11:06:43'),('93932cf6-120c-4680-a0f1-1f94e218d4e5','menyunting hasil lab (ID:9392c9ef-250b-4aa1-b9f9-155da4b441a1)','https://klinik.bosowasemen.co.id/livewire/message/master.lab-input.edit','POST','193.168.195.15','Mozilla/5.0 (Windows NT 10.0; Win64; x64) AppleWebKit/537.36 (KHTML, like Gecko) Chrome/91.0.4472.77 Safari/537.36','937c17a1-47af-4828-841c-991770d7afb8','Muh. Resha','2021-06-02 11:07:17','2021-06-02 11:07:17'),('93932d72-fb82-49a6-b738-14595ebeb34a','menambahkan bahan habis pakai (ID:93932d72-faa9-48a5-aa37-96a05c53f68f)','https://klinik.bosowasemen.co.id/livewire/message/master.consumable.create','POST','193.168.195.15','Mozilla/5.0 (Windows NT 10.0; Win64; x64) AppleWebKit/537.36 (KHTML, like Gecko) Chrome/91.0.4472.77 Safari/537.36','937c17a1-47af-4828-841c-991770d7afb8','Muh. Resha','2021-06-02 11:08:39','2021-06-02 11:08:39'),('93932d8d-6bea-4269-b29e-451ce8b5a11a','menyunting bahan habis pakai (ID:93932d72-faa9-48a5-aa37-96a05c53f68f)','https://klinik.bosowasemen.co.id/livewire/message/master.consumable.edit','POST','193.168.195.15','Mozilla/5.0 (Windows NT 10.0; Win64; x64) AppleWebKit/537.36 (KHTML, like Gecko) Chrome/91.0.4472.77 Safari/537.36','937c17a1-47af-4828-841c-991770d7afb8','Muh. Resha','2021-06-02 11:08:57','2021-06-02 11:08:57'),('93932ed4-4f25-447d-ad3b-c6584617a025','menambahkan jadwal (ID:93932ed4-4e34-4b98-a921-2fd0dcd78191)','https://klinik.bosowasemen.co.id/livewire/message/master.service-schedule.schedule.create','POST','193.168.195.15','Mozilla/5.0 (Windows NT 10.0; Win64; x64) AppleWebKit/537.36 (KHTML, like Gecko) Chrome/91.0.4472.77 Safari/537.36','937c17a1-47af-4828-841c-991770d7afb8','Muh. Resha','2021-06-02 11:12:31','2021-06-02 11:12:31'),('93933037-944c-4061-b5c9-59717dbb15d5','menambahkan antrian (ID:93933037-9277-47f2-88d2-cd52578c28ca)','https://klinik.bosowasemen.co.id/livewire/message/master.service-schedule.queue.create','POST','193.168.195.15','Mozilla/5.0 (Windows NT 10.0; Win64; x64) AppleWebKit/537.36 (KHTML, like Gecko) Chrome/91.0.4472.77 Safari/537.36','937c17a1-47af-4828-841c-991770d7afb8','Muh. Resha','2021-06-02 11:16:24','2021-06-02 11:16:24'),('9393321d-4bf9-4ccd-96f7-fdbe39aa0980','menambahkan variabel aplikasi (ID:9393321d-4aef-4f86-87ec-7e11c5072a07)','https://klinik.bosowasemen.co.id/livewire/message/setting.variable.create','POST','193.168.195.15','Mozilla/5.0 (Windows NT 10.0; Win64; x64) AppleWebKit/537.36 (KHTML, like Gecko) Chrome/91.0.4472.77 Safari/537.36','937c17a1-47af-4828-841c-991770d7afb8','Muh. Resha','2021-06-02 11:21:42','2021-06-02 11:21:42'),('9393341a-1732-42ba-bdb8-76d35a91a300','menambahkan antrian pasien (ID:9393341a-16aa-48f2-a948-b307f5af473a)','https://klinik.bosowasemen.co.id/livewire/message/service.patient-queue.create','POST','193.168.195.15','Mozilla/5.0 (Windows NT 10.0; Win64; x64) AppleWebKit/537.36 (KHTML, like Gecko) Chrome/91.0.4472.77 Safari/537.36','937c17a1-47af-4828-841c-991770d7afb8','Muh. Resha','2021-06-02 11:27:16','2021-06-02 11:27:16'),('939339a0-b243-4a33-aa70-877614402a43','menambahkan pemeriksaan pasien (ID:939339a0-ac12-42bc-b4c0-334fc7381917)','https://klinik.bosowasemen.co.id/livewire/message/service.patient-checkup.create','POST','193.168.195.15','Mozilla/5.0 (Windows NT 10.0; Win64; x64) AppleWebKit/537.36 (KHTML, like Gecko) Chrome/91.0.4472.77 Safari/537.36','937c17a1-47af-4828-841c-991770d7afb8','Muh. Resha','2021-06-02 11:42:43','2021-06-02 11:42:43'),('939339ee-584d-4438-b09e-f53b7e237fed','meyunting pemeriksaan pasien (ID:939339a0-ac12-42bc-b4c0-334fc7381917)','https://klinik.bosowasemen.co.id/livewire/message/service.patient-checkup.edit','POST','193.168.195.15','Mozilla/5.0 (Windows NT 10.0; Win64; x64) AppleWebKit/537.36 (KHTML, like Gecko) Chrome/91.0.4472.77 Safari/537.36','937c17a1-47af-4828-841c-991770d7afb8','Muh. Resha','2021-06-02 11:43:33','2021-06-02 11:43:33'),('93933e06-2a78-4b83-bb34-a47ab48dbe9e','meyunting pemeriksaan pasien (ID:939339a0-ac12-42bc-b4c0-334fc7381917)','https://klinik.bosowasemen.co.id/livewire/message/service.patient-checkup.edit','POST','193.168.195.15','Mozilla/5.0 (Windows NT 10.0; Win64; x64) AppleWebKit/537.36 (KHTML, like Gecko) Chrome/91.0.4472.77 Safari/537.36','937c17a1-47af-4828-841c-991770d7afb8','Muh. Resha','2021-06-02 11:55:00','2021-06-02 11:55:00'),('93933e2b-5326-4e23-b16c-c4d39ba8683a','meyunting pemeriksaan pasien (ID:939339a0-ac12-42bc-b4c0-334fc7381917)','https://klinik.bosowasemen.co.id/livewire/message/service.patient-checkup.edit','POST','193.168.195.15','Mozilla/5.0 (Windows NT 10.0; Win64; x64) AppleWebKit/537.36 (KHTML, like Gecko) Chrome/91.0.4472.77 Safari/537.36','937c17a1-47af-4828-841c-991770d7afb8','Muh. Resha','2021-06-02 11:55:25','2021-06-02 11:55:25'),('93933e86-a7f9-4feb-a39d-e35ae245985d','meyunting pemeriksaan pasien (ID:939339a0-ac12-42bc-b4c0-334fc7381917)','https://klinik.bosowasemen.co.id/livewire/message/service.patient-checkup.edit','POST','193.168.195.15','Mozilla/5.0 (Windows NT 10.0; Win64; x64) AppleWebKit/537.36 (KHTML, like Gecko) Chrome/91.0.4472.77 Safari/537.36','937c17a1-47af-4828-841c-991770d7afb8','Muh. Resha','2021-06-02 11:56:24','2021-06-02 11:56:24'),('93933ead-204e-49de-8980-cba7844b737e','meyunting pemeriksaan pasien (ID:939339a0-ac12-42bc-b4c0-334fc7381917)','https://klinik.bosowasemen.co.id/livewire/message/service.patient-checkup.edit','POST','193.168.195.15','Mozilla/5.0 (Windows NT 10.0; Win64; x64) AppleWebKit/537.36 (KHTML, like Gecko) Chrome/91.0.4472.77 Safari/537.36','937c17a1-47af-4828-841c-991770d7afb8','Muh. Resha','2021-06-02 11:56:50','2021-06-02 11:56:50'),('939340af-4cb0-4109-9aa9-8ce0ceb51b85','mengkonfirmasi edukasi (ID:939340af-4bc6-4c19-b752-13d70e29681d)','https://klinik.bosowasemen.co.id/livewire/message/service.education.create','POST','193.168.195.15','Mozilla/5.0 (Windows NT 10.0; Win64; x64) AppleWebKit/537.36 (KHTML, like Gecko) Chrome/91.0.4472.77 Safari/537.36','937c17a1-47af-4828-841c-991770d7afb8','Muh. Resha','2021-06-02 12:02:27','2021-06-02 12:02:27'),('93934776-5d9a-46a1-bfa4-679c2f69fb20','menambahkan pembelian obat (ID:93934776-592f-4146-9daf-414b8b32a006)','https://klinik.bosowasemen.co.id/livewire/message/pharmacy.drug-buy.create','POST','193.168.195.15','Mozilla/5.0 (Windows NT 10.0; Win64; x64) AppleWebKit/537.36 (KHTML, like Gecko) Chrome/91.0.4472.77 Safari/537.36','937c17a1-47af-4828-841c-991770d7afb8','Muh. Resha','2021-06-02 12:21:24','2021-06-02 12:21:24'),('939349c5-1c15-4332-8a7b-52e75ea8983d','login ke aplikasi','https://klinik.bosowasemen.co.id/login','POST','193.168.195.15','Mozilla/5.0 (Windows NT 10.0; Win64; x64) AppleWebKit/537.36 (KHTML, like Gecko) Chrome/91.0.4472.77 Safari/537.36','93932a8a-70dc-45cf-90ab-4715775cb405','Dr. Muhammad Nur Islam','2021-06-02 12:27:51','2021-06-02 12:27:51'),('93934a1e-d119-4573-8249-ff91525d2036','login ke aplikasi','https://klinik.bosowasemen.co.id/login','POST','193.168.195.15','Mozilla/5.0 (Windows NT 10.0; Win64; x64) AppleWebKit/537.36 (KHTML, like Gecko) Chrome/91.0.4472.77 Safari/537.36','937c17a1-47af-4828-841c-991770d7afb8','Muh. Resha','2021-06-02 12:28:50','2021-06-02 12:28:50'),('93934acc-b45c-4566-aee7-228446f6aa5e','menyunting akses pengguna (ID:93932a8a-70dc-45cf-90ab-4715775cb405)','https://klinik.bosowasemen.co.id/livewire/message/master.user.access','POST','193.168.195.15','Mozilla/5.0 (Windows NT 10.0; Win64; x64) AppleWebKit/537.36 (KHTML, like Gecko) Chrome/91.0.4472.77 Safari/537.36','937c17a1-47af-4828-841c-991770d7afb8','Muh. Resha','2021-06-02 12:30:44','2021-06-02 12:30:44'),('93934af6-8b75-4589-b34e-764738a2bb30','login ke aplikasi','https://klinik.bosowasemen.co.id/login','POST','193.168.195.15','Mozilla/5.0 (Windows NT 10.0; Win64; x64) AppleWebKit/537.36 (KHTML, like Gecko) Chrome/91.0.4472.77 Safari/537.36','93932a8a-70dc-45cf-90ab-4715775cb405','Dr. Muhammad Nur Islam','2021-06-02 12:31:11','2021-06-02 12:31:11'),('93935971-9bb5-48d7-b1eb-9d837f0d752d','menambah pemasukan (ID:93935971-9aba-4bbd-a116-2674a5b1e062)','https://klinik.bosowasemen.co.id/livewire/message/transaction.income.create','POST','193.168.195.15','Mozilla/5.0 (Windows NT 10.0; Win64; x64) AppleWebKit/537.36 (KHTML, like Gecko) Chrome/91.0.4472.77 Safari/537.36','93932a8a-70dc-45cf-90ab-4715775cb405','Dr. Muhammad Nur Islam','2021-06-02 13:11:40','2021-06-02 13:11:40'),('939359c7-d907-4a86-9513-e7ac0fd45b4e','menambah surat masuk (ID:939359c7-d643-4783-92c6-023aba2f17b3)','https://klinik.bosowasemen.co.id/livewire/message/mail.incoming.create','POST','193.168.195.15','Mozilla/5.0 (Windows NT 10.0; Win64; x64) AppleWebKit/537.36 (KHTML, like Gecko) Chrome/91.0.4472.77 Safari/537.36','93932a8a-70dc-45cf-90ab-4715775cb405','Dr. Muhammad Nur Islam','2021-06-02 13:12:37','2021-06-02 13:12:37'),('93935a0c-bdd2-4bae-b140-e1cdc74a8516','menambah surat keluar (ID:93935a0c-bc98-4c2e-a3be-ffb9f1ddd6ff)','https://klinik.bosowasemen.co.id/livewire/message/mail.outgoing.create','POST','193.168.195.15','Mozilla/5.0 (Windows NT 10.0; Win64; x64) AppleWebKit/537.36 (KHTML, like Gecko) Chrome/91.0.4472.77 Safari/537.36','93932a8a-70dc-45cf-90ab-4715775cb405','Dr. Muhammad Nur Islam','2021-06-02 13:13:22','2021-06-02 13:13:22'),('93935b29-7b6d-473c-be07-158cae51d19a','menambah kegiatan (ID:93935b29-7a8c-41fa-8f75-b2c1f5d15e19)','https://klinik.bosowasemen.co.id/livewire/message/event.create','POST','193.168.195.15','Mozilla/5.0 (Windows NT 10.0; Win64; x64) AppleWebKit/537.36 (KHTML, like Gecko) Chrome/91.0.4472.77 Safari/537.36','93932a8a-70dc-45cf-90ab-4715775cb405','Dr. Muhammad Nur Islam','2021-06-02 13:16:29','2021-06-02 13:16:29'),('93935f50-3405-4c58-a80c-a828ce776115','menyunting akun (ID:93932a8a-70dc-45cf-90ab-4715775cb405)','https://klinik.bosowasemen.co.id/livewire/message/setting.account.index','POST','193.168.195.15','Mozilla/5.0 (Windows NT 10.0; Win64; x64) AppleWebKit/537.36 (KHTML, like Gecko) Chrome/91.0.4472.77 Safari/537.36','93932a8a-70dc-45cf-90ab-4715775cb405','Dr. Muhammad Nur Islam','2021-06-02 13:28:05','2021-06-02 13:28:05'),('93936648-bd1f-4360-93da-d5407312fb0c','login ke aplikasi','https://klinik.bosowasemen.co.id/login','POST','193.168.195.15','Mozilla/5.0 (Windows NT 10.0; Win64; x64) AppleWebKit/537.36 (KHTML, like Gecko) Chrome/91.0.4472.77 Safari/537.36','937c17a1-47af-4828-841c-991770d7afb8','Muh. Resha','2021-06-02 13:47:35','2021-06-02 13:47:35'),('9393986a-ebd8-40f7-8b5f-6b070297f103','login ke aplikasi','https://klinik.bosowasemen.co.id/login','POST','193.168.195.15','Mozilla/5.0 (Windows NT 10.0; Win64; x64) AppleWebKit/537.36 (KHTML, like Gecko) Chrome/91.0.4472.77 Safari/537.36 Edg/91.0.864.37','937c17a1-47af-4828-841c-991770d7afb8','Muh. Resha','2021-06-02 16:07:46','2021-06-02 16:07:46'),('93979901-b9f9-4474-895a-5e65e2154b8f','login ke aplikasi','https://klinik.bosowasemen.co.id/login','POST','193.168.195.15','Mozilla/5.0 (Windows NT 10.0; Win64; x64) AppleWebKit/537.36 (KHTML, like Gecko) Chrome/91.0.4472.77 Safari/537.36','93932a8a-70dc-45cf-90ab-4715775cb405','Dr. Muhammad Nur Islam','2021-06-04 15:52:43','2021-06-04 15:52:43'),('93a03b95-0ce3-443f-a47c-1df8333e7af8','login ke aplikasi','https://klinik.bosowasemen.co.id/login','POST','193.168.195.15','Mozilla/5.0 (Windows NT 10.0; Win64; x64) AppleWebKit/537.36 (KHTML, like Gecko) Chrome/91.0.4472.77 Safari/537.36','937c17a1-1a4e-4e8f-b50b-21d73f2b32c5','Abel Ardhana','2021-06-08 22:53:56','2021-06-08 22:53:56'),('93a048aa-79cf-456c-badb-a518e6ba0edd','menambahkan surat pengantar (ID:93a048aa-78d3-4912-bbc8-f34a34277f2e)','https://klinik.bosowasemen.co.id/livewire/message/service.reference.cover.create','POST','193.168.195.15','Mozilla/5.0 (Windows NT 10.0; Win64; x64) AppleWebKit/537.36 (KHTML, like Gecko) Chrome/91.0.4472.77 Safari/537.36','937c17a1-1a4e-4e8f-b50b-21d73f2b32c5','Abel Ardhana','2021-06-08 23:30:31','2021-06-08 23:30:31'),('93a048dd-05bb-4906-b36a-154dba0fcee3','menghapus data surat pengantar','https://klinik.bosowasemen.co.id/livewire/message/service.reference.cover.index','POST','193.168.195.15','Mozilla/5.0 (Windows NT 10.0; Win64; x64) AppleWebKit/537.36 (KHTML, like Gecko) Chrome/91.0.4472.77 Safari/537.36','937c17a1-1a4e-4e8f-b50b-21d73f2b32c5','Abel Ardhana','2021-06-08 23:31:04','2021-06-08 23:31:04'),('93a04f00-c2c4-47b0-b31b-0a932340d8b5','menambahkan surat pengantar swab (ID:93a04f00-c0e0-44ac-a71b-e65fa4e7911a)','https://klinik.bosowasemen.co.id/livewire/message/service.reference.swab.create','POST','193.168.195.15','Mozilla/5.0 (Windows NT 10.0; Win64; x64) AppleWebKit/537.36 (KHTML, like Gecko) Chrome/91.0.4472.77 Safari/537.36','937c17a1-1a4e-4e8f-b50b-21d73f2b32c5','Abel Ardhana','2021-06-08 23:48:15','2021-06-08 23:48:15'),('93a04f15-17c0-43fb-bc5c-fdc822bc1337','menghapus data surat pengantar swab','https://klinik.bosowasemen.co.id/livewire/message/service.reference.swab.index','POST','193.168.195.15','Mozilla/5.0 (Windows NT 10.0; Win64; x64) AppleWebKit/537.36 (KHTML, like Gecko) Chrome/91.0.4472.77 Safari/537.36','937c17a1-1a4e-4e8f-b50b-21d73f2b32c5','Abel Ardhana','2021-06-08 23:48:28','2021-06-08 23:48:28'),('93a9c4b6-af75-4854-b0ce-b3b1a1a28da0','login ke aplikasi','https://klinik.bosowasemen.co.id/login','POST','193.168.195.15','Mozilla/5.0 (Windows NT 10.0; Win64; x64) AppleWebKit/537.36 (KHTML, like Gecko) Chrome/91.0.4472.101 Safari/537.36','93932a8a-70dc-45cf-90ab-4715775cb405','Dr. Muhammad Nur Islam','2021-06-13 16:39:50','2021-06-13 16:39:50'),('93a9c5f3-b273-43be-b049-c4662e2dc724','menambahkan dokter (ID:93a9c5f3-96a1-4187-8a9a-b4aa9d4cce80)','https://klinik.bosowasemen.co.id/livewire/message/master.doctor.create','POST','193.168.195.15','Mozilla/5.0 (Windows NT 10.0; Win64; x64) AppleWebKit/537.36 (KHTML, like Gecko) Chrome/91.0.4472.101 Safari/537.36','93932a8a-70dc-45cf-90ab-4715775cb405','Dr. Muhammad Nur Islam','2021-06-13 16:43:18','2021-06-13 16:43:18'),('93a9c6e0-09be-47cf-b011-e867d4046948','menambahkan antrian (ID:93a9c6e0-07e6-46f2-8379-49367a4fab99)','https://klinik.bosowasemen.co.id/livewire/message/master.service-schedule.queue.create','POST','193.168.195.15','Mozilla/5.0 (Windows NT 10.0; Win64; x64) AppleWebKit/537.36 (KHTML, like Gecko) Chrome/91.0.4472.101 Safari/537.36','93932a8a-70dc-45cf-90ab-4715775cb405','Dr. Muhammad Nur Islam','2021-06-13 16:45:53','2021-06-13 16:45:53'),('93a9d8b8-a510-40ec-974b-6039b286fabb','menambahkan pasien (ID:93a9d8b8-a1e2-4762-82c2-33a24c27f88a)','https://klinik.bosowasemen.co.id/livewire/message/master.patient.create','POST','193.168.195.15','Mozilla/5.0 (Windows NT 10.0; Win64; x64) AppleWebKit/537.36 (KHTML, like Gecko) Chrome/91.0.4472.101 Safari/537.36','93932a8a-70dc-45cf-90ab-4715775cb405','Dr. Muhammad Nur Islam','2021-06-13 17:35:47','2021-06-13 17:35:47'),('93a9db86-6971-488f-98b7-372b0b607f1e','menyunting antrian (ID:93a9c6e0-0907-4797-b0a0-f9aa2782a386)','https://klinik.bosowasemen.co.id/livewire/message/master.service-schedule.queue.edit','POST','193.168.195.15','Mozilla/5.0 (Windows NT 10.0; Win64; x64) AppleWebKit/537.36 (KHTML, like Gecko) Chrome/91.0.4472.101 Safari/537.36','93932a8a-70dc-45cf-90ab-4715775cb405','Dr. Muhammad Nur Islam','2021-06-13 17:43:37','2021-06-13 17:43:37'),('93a9dc19-2075-4762-a6d6-eac98f69389a','menambahkan jadwal (ID:93a9dc19-1f55-4b07-b2a7-90601c0e93ae)','https://klinik.bosowasemen.co.id/livewire/message/master.service-schedule.schedule.create','POST','193.168.195.15','Mozilla/5.0 (Windows NT 10.0; Win64; x64) AppleWebKit/537.36 (KHTML, like Gecko) Chrome/91.0.4472.101 Safari/537.36','93932a8a-70dc-45cf-90ab-4715775cb405','Dr. Muhammad Nur Islam','2021-06-13 17:45:13','2021-06-13 17:45:13'),('93a9dc83-5963-4e39-bda0-bf3db1189b52','menyunting antrian (ID:93a9c6e0-0907-4797-b0a0-f9aa2782a386)','https://klinik.bosowasemen.co.id/livewire/message/master.service-schedule.queue.edit','POST','193.168.195.15','Mozilla/5.0 (Windows NT 10.0; Win64; x64) AppleWebKit/537.36 (KHTML, like Gecko) Chrome/91.0.4472.101 Safari/537.36','93932a8a-70dc-45cf-90ab-4715775cb405','Dr. Muhammad Nur Islam','2021-06-13 17:46:23','2021-06-13 17:46:23'),('93a9dca4-1c5b-4b34-8704-3a68f5f9a802','menyunting antrian (ID:93a9c6e0-0907-4797-b0a0-f9aa2782a386)','https://klinik.bosowasemen.co.id/livewire/message/master.service-schedule.queue.edit','POST','193.168.195.15','Mozilla/5.0 (Windows NT 10.0; Win64; x64) AppleWebKit/537.36 (KHTML, like Gecko) Chrome/91.0.4472.101 Safari/537.36','93932a8a-70dc-45cf-90ab-4715775cb405','Dr. Muhammad Nur Islam','2021-06-13 17:46:44','2021-06-13 17:46:44'),('93a9dcb4-0945-4b30-bead-5095c75cdd23','menyunting antrian (ID:93a9c6e0-0907-4797-b0a0-f9aa2782a386)','https://klinik.bosowasemen.co.id/livewire/message/master.service-schedule.queue.edit','POST','193.168.195.15','Mozilla/5.0 (Windows NT 10.0; Win64; x64) AppleWebKit/537.36 (KHTML, like Gecko) Chrome/91.0.4472.101 Safari/537.36','93932a8a-70dc-45cf-90ab-4715775cb405','Dr. Muhammad Nur Islam','2021-06-13 17:46:55','2021-06-13 17:46:55'),('93a9ddca-e5f1-4a1a-8e44-2dea80b51d67','menambahkan antrian (ID:93a9ddca-dc10-426e-82bf-a6d2c8f55e3c)','https://klinik.bosowasemen.co.id/livewire/message/master.service-schedule.queue.create','POST','193.168.195.15','Mozilla/5.0 (Windows NT 10.0; Win64; x64) AppleWebKit/537.36 (KHTML, like Gecko) Chrome/91.0.4472.101 Safari/537.36','93932a8a-70dc-45cf-90ab-4715775cb405','Dr. Muhammad Nur Islam','2021-06-13 17:49:58','2021-06-13 17:49:58'),('93a9de12-49d9-443a-920b-561f23be81cd','menambahkan antrian (ID:93a9de12-429b-4ec6-af80-173e862ae31d)','https://klinik.bosowasemen.co.id/livewire/message/master.service-schedule.queue.create','POST','193.168.195.15','Mozilla/5.0 (Windows NT 10.0; Win64; x64) AppleWebKit/537.36 (KHTML, like Gecko) Chrome/91.0.4472.101 Safari/537.36','93932a8a-70dc-45cf-90ab-4715775cb405','Dr. Muhammad Nur Islam','2021-06-13 17:50:44','2021-06-13 17:50:44'),('93a9e3ea-3ecd-4b93-af63-5a5bbe00e4b7','menambahkan antrian (ID:93a9e3ea-3ba1-4f2b-bbf1-9654d34e6ee3)','https://klinik.bosowasemen.co.id/livewire/message/master.service-schedule.queue.create','POST','193.168.195.15','Mozilla/5.0 (Windows NT 10.0; Win64; x64) AppleWebKit/537.36 (KHTML, like Gecko) Chrome/91.0.4472.101 Safari/537.36','93932a8a-70dc-45cf-90ab-4715775cb405','Dr. Muhammad Nur Islam','2021-06-13 18:07:05','2021-06-13 18:07:05'),('93a9e49f-3c38-4bf5-9149-bf9c3a0855bb','menambahkan antrian (ID:93a9e49f-3ac4-4c87-8711-48292528321a)','https://klinik.bosowasemen.co.id/livewire/message/master.service-schedule.queue.create','POST','193.168.195.15','Mozilla/5.0 (Windows NT 10.0; Win64; x64) AppleWebKit/537.36 (KHTML, like Gecko) Chrome/91.0.4472.101 Safari/537.36','93932a8a-70dc-45cf-90ab-4715775cb405','Dr. Muhammad Nur Islam','2021-06-13 18:09:03','2021-06-13 18:09:03'),('93a9e52c-b067-4387-81a6-1237fdd03b25','menyunting antrian (ID:93a9e49f-3bbc-457b-8548-1861323b388e)','https://klinik.bosowasemen.co.id/livewire/message/master.service-schedule.queue.edit','POST','193.168.195.15','Mozilla/5.0 (Windows NT 10.0; Win64; x64) AppleWebKit/537.36 (KHTML, like Gecko) Chrome/91.0.4472.101 Safari/537.36','93932a8a-70dc-45cf-90ab-4715775cb405','Dr. Muhammad Nur Islam','2021-06-13 18:10:36','2021-06-13 18:10:36'),('93a9e53c-b66b-421d-a6cb-93e63b53c45e','menyunting antrian (ID:93a9e49f-3bbc-457b-8548-1861323b388e)','https://klinik.bosowasemen.co.id/livewire/message/master.service-schedule.queue.edit','POST','193.168.195.15','Mozilla/5.0 (Windows NT 10.0; Win64; x64) AppleWebKit/537.36 (KHTML, like Gecko) Chrome/91.0.4472.101 Safari/537.36','93932a8a-70dc-45cf-90ab-4715775cb405','Dr. Muhammad Nur Islam','2021-06-13 18:10:47','2021-06-13 18:10:47'),('93a9e59c-c1a4-46c9-8668-5c9701a29884','menyunting dokter (ID:93a9c5f3-96a1-4187-8a9a-b4aa9d4cce80)','https://klinik.bosowasemen.co.id/livewire/message/master.doctor.edit','POST','193.168.195.15','Mozilla/5.0 (Windows NT 10.0; Win64; x64) AppleWebKit/537.36 (KHTML, like Gecko) Chrome/91.0.4472.101 Safari/537.36','93932a8a-70dc-45cf-90ab-4715775cb405','Dr. Muhammad Nur Islam','2021-06-13 18:11:50','2021-06-13 18:11:50'),('93a9e603-4f51-4efb-9655-36be821fff23','menyunting dokter (ID:93a9c5f3-96a1-4187-8a9a-b4aa9d4cce80)','https://klinik.bosowasemen.co.id/livewire/message/master.doctor.edit','POST','193.168.195.15','Mozilla/5.0 (Windows NT 10.0; Win64; x64) AppleWebKit/537.36 (KHTML, like Gecko) Chrome/91.0.4472.101 Safari/537.36','93932a8a-70dc-45cf-90ab-4715775cb405','Dr. Muhammad Nur Islam','2021-06-13 18:12:57','2021-06-13 18:12:57'),('93a9e67a-2b76-4a9f-a0ba-5926ebe2ca74','menambahkan jadwal (ID:93a9e67a-2a65-4779-a4da-e407c7d707e1)','https://klinik.bosowasemen.co.id/livewire/message/master.service-schedule.schedule.create','POST','193.168.195.15','Mozilla/5.0 (Windows NT 10.0; Win64; x64) AppleWebKit/537.36 (KHTML, like Gecko) Chrome/91.0.4472.101 Safari/537.36','93932a8a-70dc-45cf-90ab-4715775cb405','Dr. Muhammad Nur Islam','2021-06-13 18:14:15','2021-06-13 18:14:15'),('93a9e75f-6d3c-43ae-8df6-babe47118bff','menambahkan antrian (ID:93a9e75f-6ad5-4a07-8525-92fb08b20062)','https://klinik.bosowasemen.co.id/livewire/message/master.service-schedule.queue.create','POST','193.168.195.15','Mozilla/5.0 (Windows NT 10.0; Win64; x64) AppleWebKit/537.36 (KHTML, like Gecko) Chrome/91.0.4472.101 Safari/537.36','93932a8a-70dc-45cf-90ab-4715775cb405','Dr. Muhammad Nur Islam','2021-06-13 18:16:45','2021-06-13 18:16:45'),('93a9e83f-1e58-4d8d-aa62-4dac60deef5c','menghapus data antrian','https://klinik.bosowasemen.co.id/livewire/message/master.service-schedule.queue.index','POST','193.168.195.15','Mozilla/5.0 (Windows NT 10.0; Win64; x64) AppleWebKit/537.36 (KHTML, like Gecko) Chrome/91.0.4472.101 Safari/537.36','93932a8a-70dc-45cf-90ab-4715775cb405','Dr. Muhammad Nur Islam','2021-06-13 18:19:12','2021-06-13 18:19:12'),('93a9e849-64f0-4ba4-a4b5-d5445af8ff33','menghapus data antrian','https://klinik.bosowasemen.co.id/livewire/message/master.service-schedule.queue.index','POST','193.168.195.15','Mozilla/5.0 (Windows NT 10.0; Win64; x64) AppleWebKit/537.36 (KHTML, like Gecko) Chrome/91.0.4472.101 Safari/537.36','93932a8a-70dc-45cf-90ab-4715775cb405','Dr. Muhammad Nur Islam','2021-06-13 18:19:18','2021-06-13 18:19:18'),('93a9e876-37d4-45fc-a570-e674ed041832','menyunting jadwal (ID:93a9e67a-2a65-4779-a4da-e407c7d707e1)','https://klinik.bosowasemen.co.id/livewire/message/master.service-schedule.schedule.edit','POST','193.168.195.15','Mozilla/5.0 (Windows NT 10.0; Win64; x64) AppleWebKit/537.36 (KHTML, like Gecko) Chrome/91.0.4472.101 Safari/537.36','93932a8a-70dc-45cf-90ab-4715775cb405','Dr. Muhammad Nur Islam','2021-06-13 18:19:48','2021-06-13 18:19:48'),('93a9e88f-6465-4fdb-9878-7906926436d9','menyunting jadwal (ID:93a9e67a-2a65-4779-a4da-e407c7d707e1)','https://klinik.bosowasemen.co.id/livewire/message/master.service-schedule.schedule.edit','POST','193.168.195.15','Mozilla/5.0 (Windows NT 10.0; Win64; x64) AppleWebKit/537.36 (KHTML, like Gecko) Chrome/91.0.4472.101 Safari/537.36','93932a8a-70dc-45cf-90ab-4715775cb405','Dr. Muhammad Nur Islam','2021-06-13 18:20:04','2021-06-13 18:20:04'),('93a9e897-2dba-4534-9d1d-0c7aa6b2f073','menghapus data jadwal','https://klinik.bosowasemen.co.id/livewire/message/master.service-schedule.schedule.index','POST','193.168.195.15','Mozilla/5.0 (Windows NT 10.0; Win64; x64) AppleWebKit/537.36 (KHTML, like Gecko) Chrome/91.0.4472.101 Safari/537.36','93932a8a-70dc-45cf-90ab-4715775cb405','Dr. Muhammad Nur Islam','2021-06-13 18:20:09','2021-06-13 18:20:09'),('93a9e8b4-6336-4307-bad9-851a57cc774e','menyunting jadwal (ID:93a9e67a-2a65-4779-a4da-e407c7d707e1)','https://klinik.bosowasemen.co.id/livewire/message/master.service-schedule.schedule.edit','POST','193.168.195.15','Mozilla/5.0 (Windows NT 10.0; Win64; x64) AppleWebKit/537.36 (KHTML, like Gecko) Chrome/91.0.4472.101 Safari/537.36','93932a8a-70dc-45cf-90ab-4715775cb405','Dr. Muhammad Nur Islam','2021-06-13 18:20:28','2021-06-13 18:20:28'),('93a9e935-2540-4bc9-8f2b-c368d717378e','menyunting pasien (ID:93a9d8b8-a1e2-4762-82c2-33a24c27f88a)','https://klinik.bosowasemen.co.id/livewire/message/master.patient.edit','POST','193.168.195.15','Mozilla/5.0 (Windows NT 10.0; Win64; x64) AppleWebKit/537.36 (KHTML, like Gecko) Chrome/91.0.4472.101 Safari/537.36','93932a8a-70dc-45cf-90ab-4715775cb405','Dr. Muhammad Nur Islam','2021-06-13 18:21:53','2021-06-13 18:21:53'),('93abbca5-7dc7-4eda-a195-15471c9d570f','login ke aplikasi','https://klinik.bosowasemen.co.id/login','POST','193.168.195.15','Mozilla/5.0 (Macintosh; Intel Mac OS X 10_13_6) AppleWebKit/537.36 (KHTML, like Gecko) Chrome/91.0.4472.101 Safari/537.36','937c17a1-47af-4828-841c-991770d7afb8','Muh. Resha','2021-06-14 16:08:56','2021-06-14 16:08:56'),('93abbcf5-e18d-406b-81af-f72b9e3dd49d','menambahkan antrian (ID:93abbcf5-db96-4d7d-9963-ffe72546ddfa)','https://klinik.bosowasemen.co.id/livewire/message/master.service-schedule.queue.create','POST','193.168.195.15','Mozilla/5.0 (Macintosh; Intel Mac OS X 10_13_6) AppleWebKit/537.36 (KHTML, like Gecko) Chrome/91.0.4472.101 Safari/537.36','937c17a1-47af-4828-841c-991770d7afb8','Muh. Resha','2021-06-14 16:09:49','2021-06-14 16:09:49'),('93af122d-8243-4be0-8b9e-6fd2fcd1ea97','login ke aplikasi','https://klinik.bosowasemen.co.id/login','POST','193.168.195.15','Mozilla/5.0 (Windows NT 10.0; Win64; x64) AppleWebKit/537.36 (KHTML, like Gecko) Chrome/91.0.4472.101 Safari/537.36','93932a8a-70dc-45cf-90ab-4715775cb405','Dr. Muhammad Nur Islam','2021-06-16 07:55:35','2021-06-16 07:55:35'),('93af12ba-e035-470d-9d5f-7095d17832e8','menambahkan antrian (ID:93af12ba-ddc2-44f7-a3af-24b7acd35402)','https://klinik.bosowasemen.co.id/livewire/message/master.service-schedule.queue.create','POST','193.168.195.15','Mozilla/5.0 (Windows NT 10.0; Win64; x64) AppleWebKit/537.36 (KHTML, like Gecko) Chrome/91.0.4472.101 Safari/537.36','93932a8a-70dc-45cf-90ab-4715775cb405','Dr. Muhammad Nur Islam','2021-06-16 07:57:07','2021-06-16 07:57:07'),('93af12fe-3687-4d74-9971-3ad0a42a6979','menyunting jadwal (ID:937c17a2-3947-4a36-bbbc-9c7148c4255e)','https://klinik.bosowasemen.co.id/livewire/message/master.service-schedule.schedule.edit','POST','193.168.195.15','Mozilla/5.0 (Windows NT 10.0; Win64; x64) AppleWebKit/537.36 (KHTML, like Gecko) Chrome/91.0.4472.101 Safari/537.36','93932a8a-70dc-45cf-90ab-4715775cb405','Dr. Muhammad Nur Islam','2021-06-16 07:57:52','2021-06-16 07:57:52'),('93af2583-8de9-4404-93f3-d3fc7f67f067','menambahkan pasien (ID:93af2583-8bec-4953-9aee-a04a320571f3)','https://klinik.bosowasemen.co.id/livewire/message/master.patient.create','POST','193.168.195.15','Mozilla/5.0 (Windows NT 10.0; Win64; x64) AppleWebKit/537.36 (KHTML, like Gecko) Chrome/91.0.4472.101 Safari/537.36','93932a8a-70dc-45cf-90ab-4715775cb405','Dr. Muhammad Nur Islam','2021-06-16 08:49:39','2021-06-16 08:49:39'),('93af25f1-1465-49b3-846e-9471d83ebfdc','menambahkan antrian pasien (ID:93af25f1-13e8-467d-b5ad-57f25c57aa70)','https://klinik.bosowasemen.co.id/livewire/message/service.patient-queue.create','POST','193.168.195.15','Mozilla/5.0 (Windows NT 10.0; Win64; x64) AppleWebKit/537.36 (KHTML, like Gecko) Chrome/91.0.4472.101 Safari/537.36','93932a8a-70dc-45cf-90ab-4715775cb405','Dr. Muhammad Nur Islam','2021-06-16 08:50:51','2021-06-16 08:50:51'),('93af2807-6116-4cf8-9c48-32a08cb27678','menambahkan surat keterangan dokter (ID:93af2807-5fdb-4f7b-9434-a42a37532b91)','https://klinik.bosowasemen.co.id/livewire/message/service.reference.doctor.create','POST','193.168.195.15','Mozilla/5.0 (Windows NT 10.0; Win64; x64) AppleWebKit/537.36 (KHTML, like Gecko) Chrome/91.0.4472.101 Safari/537.36','93932a8a-70dc-45cf-90ab-4715775cb405','Dr. Muhammad Nur Islam','2021-06-16 08:56:41','2021-06-16 08:56:41'),('93af2add-9c2c-4c8d-beb5-9cbf79299dd7','menambahkan surat keterangan dokter (ID:93af2add-9aec-4e50-ad6d-92a4a1c8b190)','https://klinik.bosowasemen.co.id/livewire/message/service.reference.doctor.create','POST','193.168.195.15','Mozilla/5.0 (Windows NT 10.0; Win64; x64) AppleWebKit/537.36 (KHTML, like Gecko) Chrome/91.0.4472.101 Safari/537.36','93932a8a-70dc-45cf-90ab-4715775cb405','Dr. Muhammad Nur Islam','2021-06-16 09:04:37','2021-06-16 09:04:37'),('93af2cb9-dca2-4c34-b3ce-19e98a809374','menyunting surat keterangan dokter (ID:93af2807-5fdb-4f7b-9434-a42a37532b91)','https://klinik.bosowasemen.co.id/livewire/message/service.reference.doctor.edit','POST','193.168.195.15','Mozilla/5.0 (Windows NT 10.0; Win64; x64) AppleWebKit/537.36 (KHTML, like Gecko) Chrome/91.0.4472.101 Safari/537.36','93932a8a-70dc-45cf-90ab-4715775cb405','Dr. Muhammad Nur Islam','2021-06-16 09:09:49','2021-06-16 09:09:49'),('93af3131-6798-4b0c-b054-876a24fdb4ee','menyunting surat keterangan dokter (ID:93af2add-9aec-4e50-ad6d-92a4a1c8b190)','https://klinik.bosowasemen.co.id/livewire/message/service.reference.doctor.edit','POST','193.168.195.15','Mozilla/5.0 (Windows NT 10.0; Win64; x64) AppleWebKit/537.36 (KHTML, like Gecko) Chrome/91.0.4472.101 Safari/537.36','93932a8a-70dc-45cf-90ab-4715775cb405','Dr. Muhammad Nur Islam','2021-06-16 09:22:18','2021-06-16 09:22:18'),('93af33a0-fcf3-4132-a239-1852098b3009','menambahkan pasien (ID:93af33a0-fada-404b-85e8-1d8a8981f564)','https://klinik.bosowasemen.co.id/livewire/message/master.patient.create','POST','193.168.195.15','Mozilla/5.0 (Windows NT 10.0; Win64; x64) AppleWebKit/537.36 (KHTML, like Gecko) Chrome/91.0.4472.101 Safari/537.36','93932a8a-70dc-45cf-90ab-4715775cb405','Dr. Muhammad Nur Islam','2021-06-16 09:29:07','2021-06-16 09:29:07'),('93af33ae-d921-46ae-9e36-329b3fb33ccf','menghapus data pasien','https://klinik.bosowasemen.co.id/livewire/message/master.patient.index','POST','193.168.195.15','Mozilla/5.0 (Windows NT 10.0; Win64; x64) AppleWebKit/537.36 (KHTML, like Gecko) Chrome/91.0.4472.101 Safari/537.36','93932a8a-70dc-45cf-90ab-4715775cb405','Dr. Muhammad Nur Islam','2021-06-16 09:29:16','2021-06-16 09:29:16'),('93af6051-0451-4c29-a242-0bfbb4e2addd','menambahkan surat keterangan dokter (ID:93af6051-0356-47dd-b3b8-79690acff6b6)','https://klinik.bosowasemen.co.id/livewire/message/service.reference.doctor.create','POST','193.168.195.15','Mozilla/5.0 (Windows NT 10.0; Win64; x64) AppleWebKit/537.36 (KHTML, like Gecko) Chrome/91.0.4472.101 Safari/537.36','93932a8a-70dc-45cf-90ab-4715775cb405','Dr. Muhammad Nur Islam','2021-06-16 11:34:04','2021-06-16 11:34:04'),('93af69c1-6908-44aa-94e2-616a7ccb3015','menambahkan pasien (ID:93af69c1-66c0-41d5-b4a5-1321d552f5b1)','https://klinik.bosowasemen.co.id/livewire/message/master.patient.create','POST','193.168.195.15','Mozilla/5.0 (Windows NT 10.0; Win64; x64) AppleWebKit/537.36 (KHTML, like Gecko) Chrome/91.0.4472.101 Safari/537.36','93932a8a-70dc-45cf-90ab-4715775cb405','Dr. Muhammad Nur Islam','2021-06-16 12:00:28','2021-06-16 12:00:28'),('93af6a30-34d6-47b7-ae36-2bb54ee91717','menyunting pasien (ID:93af69c1-66c0-41d5-b4a5-1321d552f5b1)','https://klinik.bosowasemen.co.id/livewire/message/master.patient.edit','POST','193.168.195.15','Mozilla/5.0 (Windows NT 10.0; Win64; x64) AppleWebKit/537.36 (KHTML, like Gecko) Chrome/91.0.4472.101 Safari/537.36','93932a8a-70dc-45cf-90ab-4715775cb405','Dr. Muhammad Nur Islam','2021-06-16 12:01:41','2021-06-16 12:01:41'),('93af6a87-e03d-412d-89a6-0444e87cd6d8','menambahkan antrian pasien (ID:93af6a87-4121-4300-a8f1-62f4f7636af6)','https://klinik.bosowasemen.co.id/livewire/message/service.patient-queue.create','POST','193.168.195.15','Mozilla/5.0 (Windows NT 10.0; Win64; x64) AppleWebKit/537.36 (KHTML, like Gecko) Chrome/91.0.4472.101 Safari/537.36','93932a8a-70dc-45cf-90ab-4715775cb405','Dr. Muhammad Nur Islam','2021-06-16 12:02:38','2021-06-16 12:02:38');

--
-- Table structure for table `mails`
--

CREATE TABLE `mails` (
  `id` char(36) COLLATE utf8mb4_unicode_ci NOT NULL,
  `date` date NOT NULL,
  `reception_number` varchar(255) COLLATE utf8mb4_unicode_ci NOT NULL,
  `subject` varchar(255) COLLATE utf8mb4_unicode_ci NOT NULL,
  `sender` varchar(255) COLLATE utf8mb4_unicode_ci DEFAULT NULL,
  `receiver` varchar(255) COLLATE utf8mb4_unicode_ci DEFAULT NULL,
  `file` varchar(255) COLLATE utf8mb4_unicode_ci NOT NULL,
  `type` enum('masuk','keluar') COLLATE utf8mb4_unicode_ci NOT NULL,
  `created_at` timestamp NULL DEFAULT NULL,
  `updated_at` timestamp NULL DEFAULT NULL,
  PRIMARY KEY (`id`)
) ENGINE=InnoDB DEFAULT CHARSET=utf8mb4 COLLATE=utf8mb4_unicode_ci;

--
-- Dumping data for table `mails`
--

INSERT INTO `mails` VALUES ('939359c7-d643-4783-92c6-023aba2f17b3','2021-06-02','007','Undangan Rapat','Bpjs',NULL,'RlVCmnGAiudpANnVDPkPizgOQHrvu8fEpiZ9N5w9.docx','masuk','2021-06-02 13:12:37','2021-06-02 13:12:37'),('93935a0c-bc98-4c2e-a3be-ffb9f1ddd6ff','2021-06-02','008','Undangan Peresmian',NULL,'Hrd','HOeO48yOnm92OeC0BEjllnMCx0zKtPt4V8ZG7p8F.docx','keluar','2021-06-02 13:13:22','2021-06-02 13:13:22');

--
-- Table structure for table `migrations`
--

CREATE TABLE `migrations` (
  `id` int(10) unsigned NOT NULL AUTO_INCREMENT,
  `migration` varchar(255) COLLATE utf8mb4_unicode_ci NOT NULL,
  `batch` int(11) NOT NULL,
  PRIMARY KEY (`id`)
) ENGINE=InnoDB AUTO_INCREMENT=93 DEFAULT CHARSET=utf8mb4 COLLATE=utf8mb4_unicode_ci;

--
-- Dumping data for table `migrations`
--

INSERT INTO `migrations` VALUES (1,'2014_10_12_000000_create_users_table',1),(2,'2014_10_12_100000_create_password_resets_table',1),(3,'2014_10_12_200000_add_two_factor_columns_to_users_table',1),(4,'2019_08_19_000000_create_failed_jobs_table',1),(5,'2021_01_05_111010_create_permission_tables',1),(6,'2021_01_13_095223_create_doctors_table',1),(7,'2021_01_13_141812_create_nurses_table',1),(8,'2021_01_13_162115_create_employees_table',1),(9,'2021_01_14_113151_create_patients_table',1),(10,'2021_01_20_142514_create_drugs_table',1),(11,'2021_01_22_155833_create_transactions_table',1),(12,'2021_01_25_211243_create_drug_buys_table',1),(13,'2021_01_25_213400_create_distributors_table',1),(14,'2021_01_25_222835_create_drug_buy_details_table',1),(15,'2021_01_30_134548_create_schedules_table',1),(16,'2021_02_01_120801_create_consumables_table',1),(17,'2021_02_01_121044_create_queues_table',1),(18,'2021_02_01_122624_create_queue_details_table',1),(19,'2021_02_01_215400_create_services_table',1),(20,'2021_02_02_163730_create_app_consts_table',1),(21,'2021_02_03_132220_create_app_settings_table',1),(22,'2021_02_05_173957_create_inventories_table',1),(23,'2021_02_06_085226_create_mails_table',1),(24,'2021_02_06_140150_create_lab_inputs_table',1),(25,'2021_02_10_142742_create_queue_patients_table',1),(26,'2021_02_10_144341_create_checkup_patients_table',1),(27,'2021_02_13_160531_create_education_table',1),(28,'2021_02_15_160600_create_references_table',1),(29,'2021_02_19_110955_create_staff_table',1),(30,'2021_02_19_112436_create_checkup_patient_histories_table',1),(31,'2021_02_19_112520_create_checkup_patient_physicals_table',1),(32,'2021_02_19_112642_create_checkup_patient_supports_table',1),(33,'2021_02_19_113710_create_checkup_patient_management_table',1),(34,'2021_02_19_113753_create_checkup_patient_refers_table',1),(35,'2021_02_19_113901_create_checkup_patient_accidents_table',1),(36,'2021_02_19_113938_create_checkup_patient_evaluations_table',1),(37,'2021_02_19_114025_create_checkup_patient_diagnoses_table',1),(38,'2021_02_19_115046_create_companies_table',1),(39,'2021_02_19_164712_create_events_table',1),(40,'2021_02_24_162640_create_test_labs_table',1),(41,'2021_02_26_060107_create_lab_multiple_tests_table',1),(42,'2021_02_26_085617_create_lab_reference_values_table',1),(43,'2021_02_26_183800_create_lab_test_prices_table',1),(44,'2021_02_27_163848_create_lab_test_price_details_table',1),(45,'2021_03_04_112409_add_login_data_to_users_table',1),(46,'2021_03_05_114102_create_queue_labs_table',1),(47,'2021_03_09_135259_create_appraisal_patients_table',1),(48,'2021_03_09_135331_create_appraisal_patient_histories_table',1),(49,'2021_03_09_135458_create_appraisal_patient_physicals_table',1),(50,'2021_03_09_135519_create_appraisal_patient_supports_table',1),(51,'2021_03_09_135538_create_appraisal_patient_diagnoses_table',1),(52,'2021_03_09_135554_create_appraisal_patient_plans_dispositions_table',1),(53,'2021_03_13_141319_add_default_discout_column_to_company_table',1),(54,'2021_03_13_163352_create_plan_patient_needs_table',1),(55,'2021_03_15_100103_create_patient_education_records_table',1),(56,'2021_03_15_133739_create_patient_education_record_details_table',1),(57,'2021_03_15_161404_create_lab_patients_table',1),(58,'2021_03_15_161547_create_lab_patient_specimens_table',1),(59,'2021_03_16_092533_create_patient_assessments_table',1),(60,'2021_03_16_093004_create_patient_assessment_reason_information_table',1),(61,'2021_03_16_095708_create_patient_assessment_general_circumstances_table',1),(62,'2021_03_16_101712_create_patient_assessment_psychosocial_statuses_table',1),(63,'2021_03_16_103229_create_patient_assessment_nutritional_statuses_table',1),(64,'2021_03_16_110135_create_patient_assessment_education_table',1),(65,'2021_03_16_112037_create_patient_assessment_plan_problems_table',1),(66,'2021_03_16_170736_create_lab_patient_results_table',1),(67,'2021_03_16_170819_create_lab_patient_result_details_table',1),(68,'2021_03_19_080820_add_age_attribute_to_lab_reference_values_table',1),(69,'2021_03_19_132516_create_drug_sells_table',1),(70,'2021_03_20_173154_create_polyclinics_table',1),(71,'2021_03_23_092614_create_log_activities_table',1),(72,'2021_04_01_130134_create_doctor_patient_table',1),(73,'2021_04_22_061618_add_column_lis_api_to_queue_lab_table',1),(74,'2021_04_22_111233_create_counters_table',1),(75,'2021_04_23_111001_create_pcare_registrations_table',1),(76,'2021_04_23_200815_add_column_api_token_to_users_table',1),(77,'2021_04_29_094145_create_running_texts_table',1),(78,'2021_05_07_054231_create_pcare_visits_table',1),(79,'2021_05_04_135714_create_purchase_returns_table',2),(80,'2021_05_08_145650_create_drug_stocks_table',2),(81,'2021_05_11_120317_add_information_schedule_to_checkup_patient_management_table',2),(82,'2021_05_16_204417_add_default_services_to_polyclinics_table',2),(83,'2021_05_18_104823_create_schedule_templates_table',2),(84,'2021_05_20_104207_add_prescription_number_to_drug_sells_table',2),(85,'2021_05_20_104505_add_prescription_number_to_checkup_patient_management_table',2),(86,'2021_05_20_142635_create_shifts_table',2),(87,'2021_05_21_172445_add_shift_code_to_users_table',2),(88,'2021_05_22_120054_create_shift_details_table',2),(89,'2021_05_25_095708_add_last_seen_time_to_users_table',2),(90,'2021_06_04_102044_add_file_upload_to_checkup_patient_accidents_table',2),(91,'2021_06_04_111158_change_thumbnail_type_from_education_table',2),(92,'2021_06_04_124840_create_hospital_references_table',2);

--
-- Table structure for table `model_has_permissions`
--

CREATE TABLE `model_has_permissions` (
  `permission_id` bigint(20) unsigned NOT NULL,
  `model_type` varchar(255) COLLATE utf8mb4_unicode_ci NOT NULL,
  `model_id` char(36) COLLATE utf8mb4_unicode_ci NOT NULL,
  PRIMARY KEY (`permission_id`,`model_id`,`model_type`),
  KEY `model_has_permissions_model_id_model_type_index` (`model_id`,`model_type`),
  CONSTRAINT `model_has_permissions_permission_id_foreign` FOREIGN KEY (`permission_id`) REFERENCES `permissions` (`id`) ON DELETE CASCADE
) ENGINE=InnoDB DEFAULT CHARSET=utf8mb4 COLLATE=utf8mb4_unicode_ci;

--
-- Dumping data for table `model_has_permissions`
--

INSERT INTO `model_has_permissions` VALUES (5,'App\\Models\\User','937c17a1-b337-4c25-846a-6b03780d22e2'),(6,'App\\Models\\User','937c17a1-b337-4c25-846a-6b03780d22e2'),(7,'App\\Models\\User','937c17a1-b337-4c25-846a-6b03780d22e2'),(8,'App\\Models\\User','937c17a1-b337-4c25-846a-6b03780d22e2'),(29,'App\\Models\\User','937c17a1-b337-4c25-846a-6b03780d22e2'),(30,'App\\Models\\User','937c17a1-b337-4c25-846a-6b03780d22e2'),(31,'App\\Models\\User','937c17a1-b337-4c25-846a-6b03780d22e2'),(32,'App\\Models\\User','937c17a1-b337-4c25-846a-6b03780d22e2'),(100,'App\\Models\\User','937c17a1-b337-4c25-846a-6b03780d22e2'),(101,'App\\Models\\User','937c17a1-b337-4c25-846a-6b03780d22e2'),(104,'App\\Models\\User','937c17a1-b337-4c25-846a-6b03780d22e2'),(108,'App\\Models\\User','937c17a1-b337-4c25-846a-6b03780d22e2'),(112,'App\\Models\\User','937c17a1-b337-4c25-846a-6b03780d22e2'),(116,'App\\Models\\User','937c17a1-b337-4c25-846a-6b03780d22e2'),(120,'App\\Models\\User','937c17a1-b337-4c25-846a-6b03780d22e2'),(124,'App\\Models\\User','937c17a1-b337-4c25-846a-6b03780d22e2'),(125,'App\\Models\\User','937c17a1-b337-4c25-846a-6b03780d22e2'),(126,'App\\Models\\User','937c17a1-b337-4c25-846a-6b03780d22e2'),(127,'App\\Models\\User','937c17a1-b337-4c25-846a-6b03780d22e2'),(263,'App\\Models\\User','937c17a1-b337-4c25-846a-6b03780d22e2'),(264,'App\\Models\\User','937c17a1-b337-4c25-846a-6b03780d22e2'),(265,'App\\Models\\User','937c17a1-b337-4c25-846a-6b03780d22e2'),(266,'App\\Models\\User','937c17a1-b337-4c25-846a-6b03780d22e2'),(267,'App\\Models\\User','937c17a1-b337-4c25-846a-6b03780d22e2'),(268,'App\\Models\\User','937c17a1-b337-4c25-846a-6b03780d22e2'),(269,'App\\Models\\User','937c17a1-b337-4c25-846a-6b03780d22e2'),(270,'App\\Models\\User','937c17a1-b337-4c25-846a-6b03780d22e2'),(271,'App\\Models\\User','937c17a1-b337-4c25-846a-6b03780d22e2'),(272,'App\\Models\\User','937c17a1-b337-4c25-846a-6b03780d22e2'),(273,'App\\Models\\User','937c17a1-b337-4c25-846a-6b03780d22e2'),(274,'App\\Models\\User','937c17a1-b337-4c25-846a-6b03780d22e2'),(5,'App\\Models\\User','93932a8a-70dc-45cf-90ab-4715775cb405'),(6,'App\\Models\\User','93932a8a-70dc-45cf-90ab-4715775cb405'),(29,'App\\Models\\User','93932a8a-70dc-45cf-90ab-4715775cb405'),(30,'App\\Models\\User','93932a8a-70dc-45cf-90ab-4715775cb405'),(31,'App\\Models\\User','93932a8a-70dc-45cf-90ab-4715775cb405'),(32,'App\\Models\\User','93932a8a-70dc-45cf-90ab-4715775cb405'),(100,'App\\Models\\User','93932a8a-70dc-45cf-90ab-4715775cb405'),(101,'App\\Models\\User','93932a8a-70dc-45cf-90ab-4715775cb405'),(104,'App\\Models\\User','93932a8a-70dc-45cf-90ab-4715775cb405'),(108,'App\\Models\\User','93932a8a-70dc-45cf-90ab-4715775cb405'),(112,'App\\Models\\User','93932a8a-70dc-45cf-90ab-4715775cb405'),(116,'App\\Models\\User','93932a8a-70dc-45cf-90ab-4715775cb405'),(120,'App\\Models\\User','93932a8a-70dc-45cf-90ab-4715775cb405'),(124,'App\\Models\\User','93932a8a-70dc-45cf-90ab-4715775cb405'),(125,'App\\Models\\User','93932a8a-70dc-45cf-90ab-4715775cb405'),(126,'App\\Models\\User','93932a8a-70dc-45cf-90ab-4715775cb405'),(127,'App\\Models\\User','93932a8a-70dc-45cf-90ab-4715775cb405'),(5,'App\\Models\\User','93932b4b-2368-4745-b2a7-cbf4aa4b50a6'),(6,'App\\Models\\User','93932b4b-2368-4745-b2a7-cbf4aa4b50a6'),(29,'App\\Models\\User','93932b4b-2368-4745-b2a7-cbf4aa4b50a6'),(30,'App\\Models\\User','93932b4b-2368-4745-b2a7-cbf4aa4b50a6'),(31,'App\\Models\\User','93932b4b-2368-4745-b2a7-cbf4aa4b50a6'),(32,'App\\Models\\User','93932b4b-2368-4745-b2a7-cbf4aa4b50a6'),(100,'App\\Models\\User','93932b4b-2368-4745-b2a7-cbf4aa4b50a6'),(101,'App\\Models\\User','93932b4b-2368-4745-b2a7-cbf4aa4b50a6'),(104,'App\\Models\\User','93932b4b-2368-4745-b2a7-cbf4aa4b50a6'),(108,'App\\Models\\User','93932b4b-2368-4745-b2a7-cbf4aa4b50a6'),(112,'App\\Models\\User','93932b4b-2368-4745-b2a7-cbf4aa4b50a6'),(116,'App\\Models\\User','93932b4b-2368-4745-b2a7-cbf4aa4b50a6'),(120,'App\\Models\\User','93932b4b-2368-4745-b2a7-cbf4aa4b50a6'),(124,'App\\Models\\User','93932b4b-2368-4745-b2a7-cbf4aa4b50a6'),(125,'App\\Models\\User','93932b4b-2368-4745-b2a7-cbf4aa4b50a6'),(126,'App\\Models\\User','93932b4b-2368-4745-b2a7-cbf4aa4b50a6'),(127,'App\\Models\\User','93932b4b-2368-4745-b2a7-cbf4aa4b50a6');

--
-- Table structure for table `model_has_roles`
--

CREATE TABLE `model_has_roles` (
  `role_id` bigint(20) unsigned NOT NULL,
  `model_type` varchar(255) COLLATE utf8mb4_unicode_ci NOT NULL,
  `model_id` char(36) COLLATE utf8mb4_unicode_ci NOT NULL,
  PRIMARY KEY (`role_id`,`model_id`,`model_type`),
  KEY `model_has_roles_model_id_model_type_index` (`model_id`,`model_type`),
  CONSTRAINT `model_has_roles_role_id_foreign` FOREIGN KEY (`role_id`) REFERENCES `roles` (`id`) ON DELETE CASCADE
) ENGINE=InnoDB DEFAULT CHARSET=utf8mb4 COLLATE=utf8mb4_unicode_ci;

--
-- Dumping data for table `model_has_roles`
--

INSERT INTO `model_has_roles` VALUES (1,'App\\Models\\User','937c17a1-1a4e-4e8f-b50b-21d73f2b32c5'),(1,'App\\Models\\User','937c17a1-47af-4828-841c-991770d7afb8'),(2,'App\\Models\\User','937c17a1-69de-41bb-8ed0-c0c84c007fb1'),(7,'App\\Models\\User','937c17a1-8ec1-4d23-a13c-c8f138f7ae65'),(3,'App\\Models\\User','937c17a1-b337-4c25-846a-6b03780d22e2'),(4,'App\\Models\\User','937c17a2-1bde-4ee3-8e33-2d329663a83a'),(2,'App\\Models\\User','93932a8a-70dc-45cf-90ab-4715775cb405'),(2,'App\\Models\\User','93932b4b-2368-4745-b2a7-cbf4aa4b50a6');

--
-- Table structure for table `nurses`
--

CREATE TABLE `nurses` (
  `id` char(36) COLLATE utf8mb4_unicode_ci NOT NULL,
  `user_id` char(36) COLLATE utf8mb4_unicode_ci DEFAULT NULL,
  `name` varchar(255) COLLATE utf8mb4_unicode_ci NOT NULL,
  `email` varchar(255) COLLATE utf8mb4_unicode_ci DEFAULT NULL,
  `phone_number` varchar(255) COLLATE utf8mb4_unicode_ci DEFAULT NULL,
  `birth_place` varchar(255) COLLATE utf8mb4_unicode_ci NOT NULL,
  `birthday` date NOT NULL,
  `type` varchar(255) COLLATE utf8mb4_unicode_ci NOT NULL,
  `gender` varchar(255) COLLATE utf8mb4_unicode_ci NOT NULL,
  `address` text COLLATE utf8mb4_unicode_ci,
  `is_active` tinyint(1) NOT NULL DEFAULT '1',
  `created_at` timestamp NULL DEFAULT NULL,
  `updated_at` timestamp NULL DEFAULT NULL,
  PRIMARY KEY (`id`),
  UNIQUE KEY `nurses_email_unique` (`email`)
) ENGINE=InnoDB DEFAULT CHARSET=utf8mb4 COLLATE=utf8mb4_unicode_ci;

--
-- Dumping data for table `nurses`
--


--
-- Table structure for table `password_resets`
--

CREATE TABLE `password_resets` (
  `email` varchar(255) COLLATE utf8mb4_unicode_ci NOT NULL,
  `token` varchar(255) COLLATE utf8mb4_unicode_ci NOT NULL,
  `created_at` timestamp NULL DEFAULT NULL,
  KEY `password_resets_email_index` (`email`)
) ENGINE=InnoDB DEFAULT CHARSET=utf8mb4 COLLATE=utf8mb4_unicode_ci;

--
-- Dumping data for table `password_resets`
--


--
-- Table structure for table `patient_assessment_education`
--

CREATE TABLE `patient_assessment_education` (
  `id` char(36) COLLATE utf8mb4_unicode_ci NOT NULL,
  `patient_assessment_id` char(36) COLLATE utf8mb4_unicode_ci NOT NULL,
  `patient_willingness` varchar(255) COLLATE utf8mb4_unicode_ci DEFAULT NULL,
  `educational_barriers` varchar(255) COLLATE utf8mb4_unicode_ci DEFAULT NULL,
  `obstacle_detail` mediumtext COLLATE utf8mb4_unicode_ci,
  `level_education` varchar(255) COLLATE utf8mb4_unicode_ci DEFAULT NULL,
  `language` mediumtext COLLATE utf8mb4_unicode_ci,
  `translator_needed` mediumtext COLLATE utf8mb4_unicode_ci,
  `study_method` varchar(255) COLLATE utf8mb4_unicode_ci DEFAULT NULL,
  `information_about` mediumtext COLLATE utf8mb4_unicode_ci,
  `created_at` timestamp NULL DEFAULT NULL,
  `updated_at` timestamp NULL DEFAULT NULL,
  PRIMARY KEY (`id`)
) ENGINE=InnoDB DEFAULT CHARSET=utf8mb4 COLLATE=utf8mb4_unicode_ci;

--
-- Dumping data for table `patient_assessment_education`
--


--
-- Table structure for table `patient_assessment_general_circumstances`
--

CREATE TABLE `patient_assessment_general_circumstances` (
  `id` char(36) COLLATE utf8mb4_unicode_ci NOT NULL,
  `patient_assessment_id` char(36) COLLATE utf8mb4_unicode_ci NOT NULL,
  `awareness` varchar(255) COLLATE utf8mb4_unicode_ci DEFAULT NULL,
  `vital_signs` mediumtext COLLATE utf8mb4_unicode_ci,
  `weight` varchar(255) COLLATE utf8mb4_unicode_ci DEFAULT NULL,
  `height` varchar(255) COLLATE utf8mb4_unicode_ci DEFAULT NULL,
  `imt` varchar(255) COLLATE utf8mb4_unicode_ci DEFAULT NULL,
  `pain_assessment` varchar(255) COLLATE utf8mb4_unicode_ci DEFAULT NULL,
  `pain_detail` longtext COLLATE utf8mb4_unicode_ci,
  `risk_of_falling` mediumtext COLLATE utf8mb4_unicode_ci,
  `risk_of_decubitus` varchar(255) COLLATE utf8mb4_unicode_ci DEFAULT NULL,
  `created_at` timestamp NULL DEFAULT NULL,
  `updated_at` timestamp NULL DEFAULT NULL,
  PRIMARY KEY (`id`)
) ENGINE=InnoDB DEFAULT CHARSET=utf8mb4 COLLATE=utf8mb4_unicode_ci;

--
-- Dumping data for table `patient_assessment_general_circumstances`
--


--
-- Table structure for table `patient_assessment_nutritional_statuses`
--

CREATE TABLE `patient_assessment_nutritional_statuses` (
  `id` char(36) COLLATE utf8mb4_unicode_ci NOT NULL,
  `patient_assessment_id` char(36) COLLATE utf8mb4_unicode_ci NOT NULL,
  `nutritional_status` varchar(255) COLLATE utf8mb4_unicode_ci DEFAULT NULL,
  `weight_loss` varchar(255) COLLATE utf8mb4_unicode_ci DEFAULT NULL,
  `not_sure_know` varchar(255) COLLATE utf8mb4_unicode_ci DEFAULT NULL,
  `if_yes` varchar(255) COLLATE utf8mb4_unicode_ci DEFAULT NULL,
  `reduced_food_intake` varchar(255) COLLATE utf8mb4_unicode_ci DEFAULT NULL,
  `nutrition_score` varchar(255) COLLATE utf8mb4_unicode_ci DEFAULT NULL,
  `needs_consultation` varchar(255) COLLATE utf8mb4_unicode_ci DEFAULT NULL,
  `created_at` timestamp NULL DEFAULT NULL,
  `updated_at` timestamp NULL DEFAULT NULL,
  PRIMARY KEY (`id`)
) ENGINE=InnoDB DEFAULT CHARSET=utf8mb4 COLLATE=utf8mb4_unicode_ci;

--
-- Dumping data for table `patient_assessment_nutritional_statuses`
--


--
-- Table structure for table `patient_assessment_plan_problems`
--

CREATE TABLE `patient_assessment_plan_problems` (
  `id` char(36) COLLATE utf8mb4_unicode_ci NOT NULL,
  `patient_assessment_id` char(36) COLLATE utf8mb4_unicode_ci NOT NULL,
  `nursing_problems` longtext COLLATE utf8mb4_unicode_ci,
  `nursing_plans` longtext COLLATE utf8mb4_unicode_ci,
  `created_at` timestamp NULL DEFAULT NULL,
  `updated_at` timestamp NULL DEFAULT NULL,
  PRIMARY KEY (`id`)
) ENGINE=InnoDB DEFAULT CHARSET=utf8mb4 COLLATE=utf8mb4_unicode_ci;

--
-- Dumping data for table `patient_assessment_plan_problems`
--


--
-- Table structure for table `patient_assessment_psychosocial_statuses`
--

CREATE TABLE `patient_assessment_psychosocial_statuses` (
  `id` char(36) COLLATE utf8mb4_unicode_ci NOT NULL,
  `patient_assessment_id` char(36) COLLATE utf8mb4_unicode_ci NOT NULL,
  `psychological_status` mediumtext COLLATE utf8mb4_unicode_ci,
  `mental_status` mediumtext COLLATE utf8mb4_unicode_ci,
  `social_status` longtext COLLATE utf8mb4_unicode_ci,
  `economic_status` longtext COLLATE utf8mb4_unicode_ci,
  `functional_status` longtext COLLATE utf8mb4_unicode_ci,
  `created_at` timestamp NULL DEFAULT NULL,
  `updated_at` timestamp NULL DEFAULT NULL,
  PRIMARY KEY (`id`)
) ENGINE=InnoDB DEFAULT CHARSET=utf8mb4 COLLATE=utf8mb4_unicode_ci;

--
-- Dumping data for table `patient_assessment_psychosocial_statuses`
--


--
-- Table structure for table `patient_assessment_reason_information`
--

CREATE TABLE `patient_assessment_reason_information` (
  `id` char(36) COLLATE utf8mb4_unicode_ci NOT NULL,
  `patient_assessment_id` char(36) COLLATE utf8mb4_unicode_ci NOT NULL,
  `information` mediumtext COLLATE utf8mb4_unicode_ci,
  `how_to_enter` varchar(255) COLLATE utf8mb4_unicode_ci DEFAULT NULL,
  `origin_in` mediumtext COLLATE utf8mb4_unicode_ci,
  `diagnosis` varchar(255) COLLATE utf8mb4_unicode_ci DEFAULT NULL,
  `main_complaint` varchar(255) COLLATE utf8mb4_unicode_ci DEFAULT NULL,
  `history_current_complaints` text COLLATE utf8mb4_unicode_ci,
  `kind_of_complaint` varchar(255) COLLATE utf8mb4_unicode_ci DEFAULT NULL,
  `allergy_history` tinyint(1) DEFAULT NULL,
  `allergy_detail` mediumtext COLLATE utf8mb4_unicode_ci,
  `created_at` timestamp NULL DEFAULT NULL,
  `updated_at` timestamp NULL DEFAULT NULL,
  PRIMARY KEY (`id`)
) ENGINE=InnoDB DEFAULT CHARSET=utf8mb4 COLLATE=utf8mb4_unicode_ci;

--
-- Dumping data for table `patient_assessment_reason_information`
--


--
-- Table structure for table `patient_assessments`
--

CREATE TABLE `patient_assessments` (
  `id` char(36) COLLATE utf8mb4_unicode_ci NOT NULL,
  `date` date NOT NULL,
  `doctor_id` char(36) COLLATE utf8mb4_unicode_ci NOT NULL,
  `patient_id` char(36) COLLATE utf8mb4_unicode_ci NOT NULL,
  `queue_patient_id` char(36) COLLATE utf8mb4_unicode_ci NOT NULL,
  `created_at` timestamp NULL DEFAULT NULL,
  `updated_at` timestamp NULL DEFAULT NULL,
  PRIMARY KEY (`id`)
) ENGINE=InnoDB DEFAULT CHARSET=utf8mb4 COLLATE=utf8mb4_unicode_ci;

--
-- Dumping data for table `patient_assessments`
--


--
-- Table structure for table `patient_education_record_details`
--

CREATE TABLE `patient_education_record_details` (
  `id` char(36) COLLATE utf8mb4_unicode_ci NOT NULL,
  `patient_education_record_id` char(36) COLLATE utf8mb4_unicode_ci NOT NULL,
  `unit` varchar(255) COLLATE utf8mb4_unicode_ci DEFAULT NULL,
  `date` date DEFAULT NULL,
  `time` time DEFAULT NULL,
  `explanation_kie` text COLLATE utf8mb4_unicode_ci,
  `method` varchar(255) COLLATE utf8mb4_unicode_ci DEFAULT NULL,
  `evaluation` varchar(255) COLLATE utf8mb4_unicode_ci DEFAULT NULL,
  `educator` varchar(255) COLLATE utf8mb4_unicode_ci DEFAULT NULL,
  `family_patient` varchar(255) COLLATE utf8mb4_unicode_ci DEFAULT NULL,
  `created_at` timestamp NULL DEFAULT NULL,
  `updated_at` timestamp NULL DEFAULT NULL,
  PRIMARY KEY (`id`)
) ENGINE=InnoDB DEFAULT CHARSET=utf8mb4 COLLATE=utf8mb4_unicode_ci;

--
-- Dumping data for table `patient_education_record_details`
--


--
-- Table structure for table `patient_education_records`
--

CREATE TABLE `patient_education_records` (
  `id` char(36) COLLATE utf8mb4_unicode_ci NOT NULL,
  `date` date NOT NULL,
  `doctor_id` char(36) COLLATE utf8mb4_unicode_ci NOT NULL,
  `patient_id` char(36) COLLATE utf8mb4_unicode_ci NOT NULL,
  `queue_patient_id` char(36) COLLATE utf8mb4_unicode_ci NOT NULL,
  `created_at` timestamp NULL DEFAULT NULL,
  `updated_at` timestamp NULL DEFAULT NULL,
  PRIMARY KEY (`id`)
) ENGINE=InnoDB DEFAULT CHARSET=utf8mb4 COLLATE=utf8mb4_unicode_ci;

--
-- Dumping data for table `patient_education_records`
--


--
-- Table structure for table `patients`
--

CREATE TABLE `patients` (
  `id` char(36) COLLATE utf8mb4_unicode_ci NOT NULL,
  `user_id` char(36) COLLATE utf8mb4_unicode_ci DEFAULT NULL,
  `name` varchar(255) COLLATE utf8mb4_unicode_ci NOT NULL,
  `id_number` varchar(255) COLLATE utf8mb4_unicode_ci DEFAULT NULL,
  `birth_place` varchar(255) COLLATE utf8mb4_unicode_ci NOT NULL,
  `birthday` date NOT NULL,
  `email` varchar(255) COLLATE utf8mb4_unicode_ci DEFAULT NULL,
  `phone_number` varchar(255) COLLATE utf8mb4_unicode_ci DEFAULT NULL,
  `job` varchar(255) COLLATE utf8mb4_unicode_ci DEFAULT NULL,
  `company_id` char(36) COLLATE utf8mb4_unicode_ci DEFAULT NULL,
  `gender` varchar(255) COLLATE utf8mb4_unicode_ci NOT NULL,
  `province_id` bigint(20) unsigned DEFAULT NULL,
  `regency_id` bigint(20) unsigned DEFAULT NULL,
  `district_id` bigint(20) unsigned DEFAULT NULL,
  `village_id` bigint(20) unsigned DEFAULT NULL,
  `address` text COLLATE utf8mb4_unicode_ci,
  `type` varchar(255) COLLATE utf8mb4_unicode_ci NOT NULL,
  `type_number` varchar(255) COLLATE utf8mb4_unicode_ci DEFAULT NULL,
  `registration_password` varchar(255) COLLATE utf8mb4_unicode_ci NOT NULL,
  `medical_record_number` varchar(255) COLLATE utf8mb4_unicode_ci DEFAULT NULL,
  `picture` varchar(255) COLLATE utf8mb4_unicode_ci DEFAULT NULL,
  `is_active` tinyint(1) NOT NULL DEFAULT '1',
  `created_at` timestamp NULL DEFAULT NULL,
  `updated_at` timestamp NULL DEFAULT NULL,
  PRIMARY KEY (`id`)
) ENGINE=InnoDB DEFAULT CHARSET=utf8mb4 COLLATE=utf8mb4_unicode_ci;

--
-- Dumping data for table `patients`
--

INSERT INTO `patients` VALUES ('92b590ed-6d60-46c6-bf4f-34523273f267',NULL,'Abel Ardhana S','7371110000000000','Makassar','2002-05-05','abelardhana96@gmail.com','087816970000','Developer','92d3e42d-72f9-490a-8f54-1a5524709d52','Laki-laki',NULL,NULL,NULL,NULL,'Kima','Umum (Karyawan)','','050502','P000001',NULL,1,'2021-02-11 23:13:02','2021-06-01 21:53:04'),('92fc59bd-d662-4f88-a435-7fde8bf1a0c2',NULL,'Ann','7371111987806345','Bandung','1998-03-19','ann@fake.com','0821343936457','Desainer','92fc5386-51cd-42de-849b-b2d5fd088796','Perempuan',32,3204,3204120,3204120011,'Jalan Baroncong No. 3','Umum (Karyawan)',NULL,'190398','P000002',NULL,1,'2021-03-19 11:42:30','2021-03-19 11:42:30'),('938f8049-8f9f-4cf2-ab0e-88a32d5f2f1c',NULL,'Ann','7371111987806345','Bandung','1998-03-19','ann@fake.com','0821343936457','Desainer','92fc5386-51cd-42de-849b-b2d5fd088796','Perempuan',32,3204,3204120,3204120011,'Jalan Baroncong No. 3','Umum (Karyawan)','','190398','P000002',NULL,1,'2021-05-31 15:16:59','2021-05-31 15:16:59'),('9392c47f-d68b-48b3-a796-80ba4a93663d',NULL,'Abdul Rahman','1234567890123456','Ujung Pandang','1995-01-01','','','','92d3e42d-72f9-490a-8f54-1a5524709d52','Laki-laki',NULL,NULL,NULL,NULL,'','Umum (Masyarakat)','','010195','P000003',NULL,1,'2021-06-02 06:15:12','2021-06-02 06:15:12'),('9393341a-13b6-495e-bf0a-2fb3742e9033',NULL,'Irma','1234567890123457','Ujung Pandang','1995-03-12','','','','92d3e42d-72f9-490a-8f54-1a5524709d52','Laki-laki',NULL,NULL,NULL,NULL,'','Umum (Karyawan)','','120395','P000004',NULL,1,'2021-06-02 11:27:15','2021-06-02 11:27:15'),('93a9d8b8-a1e2-4762-82c2-33a24c27f88a',NULL,'Abd Malik B ','7309031202790001','Pangkep','1979-02-12','','081355400997','Pegawai Swasta','92d3e42d-72f9-490a-8f54-1a5524709d52','Laki-laki',73,7308,7308040,7308040014,'Perum Pt Semen Bosowa Maros','Umum (Karyawan)','0001856912174','120279','P000005',NULL,1,'2021-06-13 17:35:47','2021-06-13 18:21:53'),('93af2583-8bec-4953-9aee-a04a320571f3',NULL,'Zulkifli Ghalih Husaeni','7309143008080004','Makassar','2008-08-30','','081354020123','','92d3e42d-72f9-490a-8f54-1a5524709d52','Laki-laki',73,7308,7308022,7308022007,'Jl. Taufik No. 1','Umum (Masyarakat)',NULL,'300808','P000006',NULL,1,'2021-06-16 08:49:39','2021-06-16 08:49:39'),('93af33a0-fada-404b-85e8-1d8a8981f564',NULL,'Zulfalah Ghaluh Husaeni','7309143008080005','Makassar','2008-08-30','','081354020123','Siswa','92d3e42d-72f9-490a-8f54-1a5524709d52','Laki-laki',73,7308,7308022,7308022007,'Jl. Taufik No. 1','Umum (Masyarakat)',NULL,'300808','P000007',NULL,1,'2021-06-16 09:29:07','2021-06-16 09:29:07'),('93af69c1-66c0-41d5-b4a5-1321d552f5b1',NULL,'Salman ','7309030511860003','Maros','1986-11-05','','085397301640','Pegawai Swasta','92d3e42d-72f9-490a-8f54-1a5524709d52','Laki-laki',NULL,NULL,NULL,NULL,'Jl. Makmur Dg. Sitakka No. 09','BPJS','0001856206912','051186','P000008',NULL,1,'2021-06-16 12:00:28','2021-06-16 12:00:28');

--
-- Table structure for table `pcare_registrations`
--

CREATE TABLE `pcare_registrations` (
  `id` char(36) COLLATE utf8mb4_unicode_ci NOT NULL,
  `queue_patient_id` char(36) COLLATE utf8mb4_unicode_ci NOT NULL,
  `serial_number` varchar(255) COLLATE utf8mb4_unicode_ci NOT NULL,
  `participant_provider_code` varchar(255) COLLATE utf8mb4_unicode_ci NOT NULL,
  `registration_date` date NOT NULL,
  `card_number` varchar(255) COLLATE utf8mb4_unicode_ci NOT NULL,
  `polyclinic_code` varchar(255) COLLATE utf8mb4_unicode_ci NOT NULL,
  `complaint` text COLLATE utf8mb4_unicode_ci,
  `sick_visit` tinyint(1) NOT NULL,
  `sistole` int(11) NOT NULL DEFAULT '0',
  `diastole` int(11) NOT NULL DEFAULT '0',
  `weight` int(11) NOT NULL DEFAULT '0',
  `height` int(11) NOT NULL DEFAULT '0',
  `respiration_rate` int(11) NOT NULL DEFAULT '0',
  `heart_rate` int(11) NOT NULL DEFAULT '0',
  `refer_back` int(11) NOT NULL DEFAULT '0',
  `tkp_code` varchar(255) COLLATE utf8mb4_unicode_ci NOT NULL,
  `created_at` timestamp NULL DEFAULT NULL,
  `updated_at` timestamp NULL DEFAULT NULL,
  PRIMARY KEY (`id`)
) ENGINE=InnoDB DEFAULT CHARSET=utf8mb4 COLLATE=utf8mb4_unicode_ci;

--
-- Dumping data for table `pcare_registrations`
--


--
-- Table structure for table `pcare_visits`
--

CREATE TABLE `pcare_visits` (
  `id` char(36) COLLATE utf8mb4_unicode_ci NOT NULL,
  `checkup_patient_id` char(36) COLLATE utf8mb4_unicode_ci NOT NULL,
  `no_kunjungan` varchar(255) COLLATE utf8mb4_unicode_ci DEFAULT NULL,
  `no_kartu` varchar(255) COLLATE utf8mb4_unicode_ci NOT NULL,
  `registration_date` date NOT NULL,
  `ko_poli` varchar(255) COLLATE utf8mb4_unicode_ci DEFAULT NULL,
  `keluhan` varchar(255) COLLATE utf8mb4_unicode_ci DEFAULT NULL,
  `kd_sadar` varchar(255) COLLATE utf8mb4_unicode_ci DEFAULT NULL,
  `sistole` int(11) NOT NULL DEFAULT '0',
  `diastole` int(11) NOT NULL DEFAULT '0',
  `weight` int(11) NOT NULL DEFAULT '0',
  `height` int(11) NOT NULL DEFAULT '0',
  `resp_rate` int(11) NOT NULL DEFAULT '0',
  `heart_rate` int(11) NOT NULL DEFAULT '0',
  `terapi` varchar(255) COLLATE utf8mb4_unicode_ci DEFAULT NULL,
  `kd_status_pulang` varchar(255) COLLATE utf8mb4_unicode_ci DEFAULT NULL,
  `tgl_pulang` date DEFAULT NULL,
  `kd_dokter` varchar(255) COLLATE utf8mb4_unicode_ci NOT NULL,
  `kd_diag1` varchar(255) COLLATE utf8mb4_unicode_ci NOT NULL,
  `kd_diag2` varchar(255) COLLATE utf8mb4_unicode_ci DEFAULT NULL,
  `kd_diag3` varchar(255) COLLATE utf8mb4_unicode_ci DEFAULT NULL,
  `kd_poli_rujuk_internal` varchar(255) COLLATE utf8mb4_unicode_ci DEFAULT NULL,
  `rujuk_lanjut` varchar(255) COLLATE utf8mb4_unicode_ci DEFAULT NULL,
  `kd_tacc` int(11) NOT NULL DEFAULT '0',
  `alasan_tacc` varchar(255) COLLATE utf8mb4_unicode_ci DEFAULT NULL,
  `created_at` timestamp NULL DEFAULT NULL,
  `updated_at` timestamp NULL DEFAULT NULL,
  PRIMARY KEY (`id`)
) ENGINE=InnoDB DEFAULT CHARSET=utf8mb4 COLLATE=utf8mb4_unicode_ci;

--
-- Dumping data for table `pcare_visits`
--


--
-- Table structure for table `permissions`
--

CREATE TABLE `permissions` (
  `id` bigint(20) unsigned NOT NULL AUTO_INCREMENT,
  `name` varchar(255) COLLATE utf8mb4_unicode_ci NOT NULL,
  `guard_name` varchar(255) COLLATE utf8mb4_unicode_ci NOT NULL,
  `created_at` timestamp NULL DEFAULT NULL,
  `updated_at` timestamp NULL DEFAULT NULL,
  PRIMARY KEY (`id`)
) ENGINE=InnoDB AUTO_INCREMENT=275 DEFAULT CHARSET=utf8mb4 COLLATE=utf8mb4_unicode_ci;

--
-- Dumping data for table `permissions`
--

INSERT INTO `permissions` VALUES (1,'superadmin.profil.view','web','2021-05-21 23:43:32','2021-05-21 23:43:32'),(2,'superadmin.profil.edit','web','2021-05-21 23:43:32','2021-05-21 23:43:32'),(3,'admin.profil.view','web','2021-05-21 23:43:32','2021-05-21 23:43:32'),(4,'admin.profil.edit','web','2021-05-21 23:43:32','2021-05-21 23:43:32'),(5,'dokter.profil.view','web','2021-05-21 23:43:32','2021-05-21 23:43:32'),(6,'dokter.profil.edit','web','2021-05-21 23:43:32','2021-05-21 23:43:32'),(7,'dokter-eksternal.profil.view','web','2021-05-21 23:43:32','2021-05-21 23:43:32'),(8,'dokter-eksternal.profil.edit','web','2021-05-21 23:43:32','2021-05-21 23:43:32'),(9,'perawat.profil.view','web','2021-05-21 23:43:32','2021-05-21 23:43:32'),(10,'perawat.profil.edit','web','2021-05-21 23:43:32','2021-05-21 23:43:32'),(11,'staff.profil.view','web','2021-05-21 23:43:32','2021-05-21 23:43:32'),(12,'staff.profil.edit','web','2021-05-21 23:43:32','2021-05-21 23:43:32'),(13,'pasien.profil.view','web','2021-05-21 23:43:32','2021-05-21 23:43:32'),(14,'pasien.profil.edit','web','2021-05-21 23:43:32','2021-05-21 23:43:32'),(15,'command.optimize.clear','web','2021-05-21 23:43:32','2021-05-21 23:43:32'),(16,'master.view','web','2021-05-21 23:43:32','2021-05-21 23:43:32'),(17,'master.data-dokter.view','web','2021-05-21 23:43:32','2021-05-21 23:43:32'),(18,'master.data-dokter.create','web','2021-05-21 23:43:32','2021-05-21 23:43:32'),(19,'master.data-dokter.edit','web','2021-05-21 23:43:32','2021-05-21 23:43:32'),(20,'master.data-dokter.delete','web','2021-05-21 23:43:32','2021-05-21 23:43:32'),(21,'master.data-perawat.view','web','2021-05-21 23:43:32','2021-05-21 23:43:32'),(22,'master.data-perawat.create','web','2021-05-21 23:43:32','2021-05-21 23:43:32'),(23,'master.data-perawat.edit','web','2021-05-21 23:43:32','2021-05-21 23:43:32'),(24,'master.data-perawat.delete','web','2021-05-21 23:43:32','2021-05-21 23:43:32'),(25,'master.data-staf.view','web','2021-05-21 23:43:32','2021-05-21 23:43:32'),(26,'master.data-staf.create','web','2021-05-21 23:43:32','2021-05-21 23:43:32'),(27,'master.data-staf.edit','web','2021-05-21 23:43:32','2021-05-21 23:43:32'),(28,'master.data-staf.delete','web','2021-05-21 23:43:32','2021-05-21 23:43:32'),(29,'master.data-pasien.view','web','2021-05-21 23:43:32','2021-05-21 23:43:32'),(30,'master.data-pasien.create','web','2021-05-21 23:43:32','2021-05-21 23:43:32'),(31,'master.data-pasien.edit','web','2021-05-21 23:43:32','2021-05-21 23:43:32'),(32,'master.data-pasien.delete','web','2021-05-21 23:43:32','2021-05-21 23:43:32'),(33,'master.data-karyawan.view','web','2021-05-21 23:43:32','2021-05-21 23:43:32'),(34,'master.data-karyawan.create','web','2021-05-21 23:43:32','2021-05-21 23:43:32'),(35,'master.data-karyawan.edit','web','2021-05-21 23:43:32','2021-05-21 23:43:32'),(36,'master.data-karyawan.delete','web','2021-05-21 23:43:32','2021-05-21 23:43:32'),(37,'master.data-pengguna.view','web','2021-05-21 23:43:32','2021-05-21 23:43:32'),(38,'master.data-pengguna.create','web','2021-05-21 23:43:32','2021-05-21 23:43:32'),(39,'master.data-pengguna.edit','web','2021-05-21 23:43:32','2021-05-21 23:43:32'),(40,'master.data-pengguna.delete','web','2021-05-21 23:43:32','2021-05-21 23:43:32'),(41,'master.data-pengguna.access','web','2021-05-21 23:43:32','2021-05-21 23:43:32'),(42,'master.data-distributor.view','web','2021-05-21 23:43:32','2021-05-21 23:43:32'),(43,'master.data-distributor.create','web','2021-05-21 23:43:32','2021-05-21 23:43:32'),(44,'master.data-distributor.edit','web','2021-05-21 23:43:32','2021-05-21 23:43:32'),(45,'master.data-distributor.delete','web','2021-05-21 23:43:32','2021-05-21 23:43:32'),(46,'master.data-layanan.view','web','2021-05-21 23:43:32','2021-05-21 23:43:32'),(47,'master.data-layanan.create','web','2021-05-21 23:43:32','2021-05-21 23:43:32'),(48,'master.data-layanan.edit','web','2021-05-21 23:43:32','2021-05-21 23:43:32'),(49,'master.data-layanan.delete','web','2021-05-21 23:43:32','2021-05-21 23:43:32'),(50,'master.data-perusahaan.view','web','2021-05-21 23:43:32','2021-05-21 23:43:32'),(51,'master.data-perusahaan.create','web','2021-05-21 23:43:32','2021-05-21 23:43:32'),(52,'master.data-perusahaan.edit','web','2021-05-21 23:43:32','2021-05-21 23:43:32'),(53,'master.data-perusahaan.delete','web','2021-05-21 23:43:32','2021-05-21 23:43:32'),(54,'master.data-poliklinik.view','web','2021-05-21 23:43:32','2021-05-21 23:43:32'),(55,'master.data-poliklinik.create','web','2021-05-21 23:43:32','2021-05-21 23:43:32'),(56,'master.data-poliklinik.edit','web','2021-05-21 23:43:32','2021-05-21 23:43:32'),(57,'master.data-poliklinik.delete','web','2021-05-21 23:43:32','2021-05-21 23:43:32'),(58,'master.data-bhp.view','web','2021-05-21 23:43:32','2021-05-21 23:43:32'),(59,'master.data-bhp.create','web','2021-05-21 23:43:32','2021-05-21 23:43:32'),(60,'master.data-bhp.edit','web','2021-05-21 23:43:32','2021-05-21 23:43:32'),(61,'master.data-bhp.delete','web','2021-05-21 23:43:32','2021-05-21 23:43:32'),(62,'master.data-hasil-lab.view','web','2021-05-21 23:43:32','2021-05-21 23:43:32'),(63,'master.data-hasil-lab.create','web','2021-05-21 23:43:32','2021-05-21 23:43:32'),(64,'master.data-hasil-lab.edit','web','2021-05-21 23:43:32','2021-05-21 23:43:32'),(65,'master.data-hasil-lab.delete','web','2021-05-21 23:43:32','2021-05-21 23:43:32'),(66,'master.jadwal-pelayanan.view','web','2021-05-21 23:43:32','2021-05-21 23:43:32'),(67,'master.jadwal-pelayanan.data-jadwal.view','web','2021-05-21 23:43:32','2021-05-21 23:43:32'),(68,'master.jadwal-pelayanan.data-jadwal.create','web','2021-05-21 23:43:32','2021-05-21 23:43:32'),(69,'master.jadwal-pelayanan.data-jadwal.edit','web','2021-05-21 23:43:32','2021-05-21 23:43:32'),(70,'master.jadwal-pelayanan.data-jadwal.delete','web','2021-05-21 23:43:32','2021-05-21 23:43:32'),(71,'master.jadwal-pelayanan.antrian.view','web','2021-05-21 23:43:32','2021-05-21 23:43:32'),(72,'master.jadwal-pelayanan.antrian.create','web','2021-05-21 23:43:32','2021-05-21 23:43:32'),(73,'master.jadwal-pelayanan.antrian.edit','web','2021-05-21 23:43:32','2021-05-21 23:43:32'),(74,'master.jadwal-pelayanan.antrian.delete','web','2021-05-21 23:43:32','2021-05-21 23:43:32'),(75,'master.laboratorium.view','web','2021-05-21 23:43:32','2021-05-21 23:43:32'),(76,'master.laboratorium.data-tes.view','web','2021-05-21 23:43:32','2021-05-21 23:43:32'),(77,'master.laboratorium.data-tes.create','web','2021-05-21 23:43:32','2021-05-21 23:43:32'),(78,'master.laboratorium.data-tes.edit','web','2021-05-21 23:43:32','2021-05-21 23:43:32'),(79,'master.laboratorium.data-tes.delete','web','2021-05-21 23:43:32','2021-05-21 23:43:32'),(80,'master.laboratorium.data-nilai-rujukan.view','web','2021-05-21 23:43:32','2021-05-21 23:43:32'),(81,'master.laboratorium.data-nilai-rujukan.create','web','2021-05-21 23:43:32','2021-05-21 23:43:32'),(82,'master.laboratorium.data-nilai-rujukan.edit','web','2021-05-21 23:43:32','2021-05-21 23:43:32'),(83,'master.laboratorium.data-nilai-rujukan.delete','web','2021-05-21 23:43:32','2021-05-21 23:43:32'),(84,'master.laboratorium.data-multipel-tes.view','web','2021-05-21 23:43:32','2021-05-21 23:43:32'),(85,'master.laboratorium.data-multipel-tes.create','web','2021-05-21 23:43:32','2021-05-21 23:43:32'),(86,'master.laboratorium.data-multipel-tes.edit','web','2021-05-21 23:43:32','2021-05-21 23:43:32'),(87,'master.laboratorium.data-multipel-tes.delete','web','2021-05-21 23:43:32','2021-05-21 23:43:32'),(88,'master.laboratorium.data-tarif-lab.view','web','2021-05-21 23:43:32','2021-05-21 23:43:32'),(89,'master.laboratorium.data-tarif-lab.create','web','2021-05-21 23:43:32','2021-05-21 23:43:32'),(90,'master.laboratorium.data-tarif-lab.edit','web','2021-05-21 23:43:32','2021-05-21 23:43:32'),(91,'master.laboratorium.data-tarif-lab.delete','web','2021-05-21 23:43:32','2021-05-21 23:43:32'),(92,'master.data-loket.view','web','2021-05-21 23:43:32','2021-05-21 23:43:32'),(93,'master.data-loket.create','web','2021-05-21 23:43:32','2021-05-21 23:43:32'),(94,'master.data-loket.edit','web','2021-05-21 23:43:32','2021-05-21 23:43:32'),(95,'master.data-loket.delete','web','2021-05-21 23:43:32','2021-05-21 23:43:32'),(96,'master.teks-berjalan.view','web','2021-05-21 23:43:32','2021-05-21 23:43:32'),(97,'master.teks-berjalan.create','web','2021-05-21 23:43:32','2021-05-21 23:43:32'),(98,'master.teks-berjalan.edit','web','2021-05-21 23:43:32','2021-05-21 23:43:32'),(99,'master.teks-berjalan.delete','web','2021-05-21 23:43:32','2021-05-21 23:43:32'),(100,'pelayanan.view','web','2021-05-21 23:43:32','2021-05-21 23:43:32'),(101,'pelayanan.antrian-pasien.view','web','2021-05-21 23:43:32','2021-05-21 23:43:32'),(102,'pelayanan.antrian-pasien.create','web','2021-05-21 23:43:32','2021-05-21 23:43:32'),(103,'pelayanan.antrian-pasien.delete','web','2021-05-21 23:43:32','2021-05-21 23:43:32'),(104,'pelayanan.pemeriksaan-pasien.view','web','2021-05-21 23:43:32','2021-05-21 23:43:32'),(105,'pelayanan.pemeriksaan-pasien.create','web','2021-05-21 23:43:32','2021-05-21 23:43:32'),(106,'pelayanan.pemeriksaan-pasien.edit','web','2021-05-21 23:43:32','2021-05-21 23:43:32'),(107,'pelayanan.pemeriksaan-pasien.delete','web','2021-05-21 23:43:32','2021-05-21 23:43:32'),(108,'pelayanan.pengkajian-pasien.view','web','2021-05-21 23:43:32','2021-05-21 23:43:32'),(109,'pelayanan.pengkajian-pasien.create','web','2021-05-21 23:43:32','2021-05-21 23:43:32'),(110,'pelayanan.pengkajian-pasien.edit','web','2021-05-21 23:43:32','2021-05-21 23:43:32'),(111,'pelayanan.pengkajian-pasien.delete','web','2021-05-21 23:43:32','2021-05-21 23:43:32'),(112,'pelayanan.penilaian-pasien.view','web','2021-05-21 23:43:32','2021-05-21 23:43:32'),(113,'pelayanan.penilaian-pasien.create','web','2021-05-21 23:43:32','2021-05-21 23:43:32'),(114,'pelayanan.penilaian-pasien.edit','web','2021-05-21 23:43:32','2021-05-21 23:43:32'),(115,'pelayanan.penilaian-pasien.delete','web','2021-05-21 23:43:32','2021-05-21 23:43:32'),(116,'pelayanan.rencana-kebutuhan-pasien.view','web','2021-05-21 23:43:33','2021-05-21 23:43:33'),(117,'pelayanan.rencana-kebutuhan-pasien.create','web','2021-05-21 23:43:33','2021-05-21 23:43:33'),(118,'pelayanan.rencana-kebutuhan-pasien.edit','web','2021-05-21 23:43:33','2021-05-21 23:43:33'),(119,'pelayanan.rencana-kebutuhan-pasien.delete','web','2021-05-21 23:43:33','2021-05-21 23:43:33'),(120,'pelayanan.catatan-edukasi-pasien.view','web','2021-05-21 23:43:33','2021-05-21 23:43:33'),(121,'pelayanan.catatan-edukasi-pasien.create','web','2021-05-21 23:43:33','2021-05-21 23:43:33'),(122,'pelayanan.catatan-edukasi-pasien.edit','web','2021-05-21 23:43:33','2021-05-21 23:43:33'),(123,'pelayanan.catatan-edukasi-pasien.delete','web','2021-05-21 23:43:33','2021-05-21 23:43:33'),(124,'pelayanan.edukasi.view','web','2021-05-21 23:43:33','2021-05-21 23:43:33'),(125,'pelayanan.edukasi.create','web','2021-05-21 23:43:33','2021-05-21 23:43:33'),(126,'pelayanan.edukasi.edit','web','2021-05-21 23:43:33','2021-05-21 23:43:33'),(127,'pelayanan.edukasi.delete','web','2021-05-21 23:43:33','2021-05-21 23:43:33'),(128,'pelayanan.surat.view','web','2021-05-21 23:43:33','2021-05-21 23:43:33'),(129,'pelayanan.surat.pengantar.view','web','2021-05-21 23:43:33','2021-05-21 23:43:33'),(130,'pelayanan.surat.pengantar.create','web','2021-05-21 23:43:33','2021-05-21 23:43:33'),(131,'pelayanan.surat.pengantar.edit','web','2021-05-21 23:43:33','2021-05-21 23:43:33'),(132,'pelayanan.surat.pengantar.delete','web','2021-05-21 23:43:33','2021-05-21 23:43:33'),(133,'pelayanan.surat.swab.view','web','2021-05-21 23:43:33','2021-05-21 23:43:33'),(134,'pelayanan.surat.swab.create','web','2021-05-21 23:43:33','2021-05-21 23:43:33'),(135,'pelayanan.surat.swab.edit','web','2021-05-21 23:43:33','2021-05-21 23:43:33'),(136,'pelayanan.surat.swab.delete','web','2021-05-21 23:43:33','2021-05-21 23:43:33'),(137,'pelayanan.surat.dokter.view','web','2021-05-21 23:43:33','2021-05-21 23:43:33'),(138,'pelayanan.surat.dokter.create','web','2021-05-21 23:43:33','2021-05-21 23:43:33'),(139,'pelayanan.surat.dokter.edit','web','2021-05-21 23:43:33','2021-05-21 23:43:33'),(140,'pelayanan.surat.dokter.delete','web','2021-05-21 23:43:33','2021-05-21 23:43:33'),(141,'pelayanan.surat.istirahat.view','web','2021-05-21 23:43:33','2021-05-21 23:43:33'),(142,'pelayanan.surat.istirahat.create','web','2021-05-21 23:43:33','2021-05-21 23:43:33'),(143,'pelayanan.surat.istirahat.edit','web','2021-05-21 23:43:33','2021-05-21 23:43:33'),(144,'pelayanan.surat.istirahat.delete','web','2021-05-21 23:43:33','2021-05-21 23:43:33'),(145,'laboratorium.view','web','2021-05-21 23:43:33','2021-05-21 23:43:33'),(146,'laboratorium.registrasi.view','web','2021-05-21 23:43:33','2021-05-21 23:43:33'),(147,'laboratorium.registrasi.create','web','2021-05-21 23:43:33','2021-05-21 23:43:33'),(148,'laboratorium.registrasi.edit','web','2021-05-21 23:43:33','2021-05-21 23:43:33'),(149,'laboratorium.registrasi.forward','web','2021-05-21 23:43:33','2021-05-21 23:43:33'),(150,'laboratorium.registrasi.delete','web','2021-05-21 23:43:33','2021-05-21 23:43:33'),(151,'laboratorium.tabung.view','web','2021-05-21 23:43:33','2021-05-21 23:43:33'),(152,'laboratorium.tabung.create','web','2021-05-21 23:43:33','2021-05-21 23:43:33'),(153,'laboratorium.tabung.edit','web','2021-05-21 23:43:33','2021-05-21 23:43:33'),(154,'laboratorium.tabung.delete','web','2021-05-21 23:43:33','2021-05-21 23:43:33'),(155,'laboratorium.collection.view','web','2021-05-21 23:43:33','2021-05-21 23:43:33'),(156,'laboratorium.collection.create','web','2021-05-21 23:43:33','2021-05-21 23:43:33'),(157,'laboratorium.collection.edit','web','2021-05-21 23:43:33','2021-05-21 23:43:33'),(158,'laboratorium.collection.delete','web','2021-05-21 23:43:33','2021-05-21 23:43:33'),(159,'laboratorium.recieve-sample.view','web','2021-05-21 23:43:33','2021-05-21 23:43:33'),(160,'laboratorium.recieve-sample.create','web','2021-05-21 23:43:33','2021-05-21 23:43:33'),(161,'laboratorium.recieve-sample.edit','web','2021-05-21 23:43:33','2021-05-21 23:43:33'),(162,'laboratorium.recieve-sample.delete','web','2021-05-21 23:43:33','2021-05-21 23:43:33'),(163,'laboratorium.analisis.view','web','2021-05-21 23:43:33','2021-05-21 23:43:33'),(164,'laboratorium.analisis.create','web','2021-05-21 23:43:33','2021-05-21 23:43:33'),(165,'laboratorium.analisis.edit','web','2021-05-21 23:43:33','2021-05-21 23:43:33'),(166,'laboratorium.analisis.delete','web','2021-05-21 23:43:33','2021-05-21 23:43:33'),(167,'laboratorium.input-hasil.view','web','2021-05-21 23:43:33','2021-05-21 23:43:33'),(168,'laboratorium.input-hasil.create','web','2021-05-21 23:43:33','2021-05-21 23:43:33'),(169,'laboratorium.input-hasil.edit','web','2021-05-21 23:43:33','2021-05-21 23:43:33'),(170,'laboratorium.input-hasil.delete','web','2021-05-21 23:43:33','2021-05-21 23:43:33'),(171,'laboratorium.validasi-hasil.view','web','2021-05-21 23:43:33','2021-05-21 23:43:33'),(172,'laboratorium.validasi-hasil.create','web','2021-05-21 23:43:33','2021-05-21 23:43:33'),(173,'laboratorium.validasi-hasil.edit','web','2021-05-21 23:43:33','2021-05-21 23:43:33'),(174,'laboratorium.validasi-hasil.delete','web','2021-05-21 23:43:33','2021-05-21 23:43:33'),(175,'laboratorium.recieve-hasil.view','web','2021-05-21 23:43:33','2021-05-21 23:43:33'),(176,'laboratorium.recieve-hasil.create','web','2021-05-21 23:43:33','2021-05-21 23:43:33'),(177,'laboratorium.recieve-hasil.edit','web','2021-05-21 23:43:33','2021-05-21 23:43:33'),(178,'laboratorium.recieve-hasil.delete','web','2021-05-21 23:43:33','2021-05-21 23:43:33'),(179,'laboratorium.penyerahan-hasil.view','web','2021-05-21 23:43:33','2021-05-21 23:43:33'),(180,'laboratorium.penyerahan-hasil.create','web','2021-05-21 23:43:33','2021-05-21 23:43:33'),(181,'laboratorium.penyerahan-hasil.edit','web','2021-05-21 23:43:33','2021-05-21 23:43:33'),(182,'laboratorium.penyerahan-hasil.delete','web','2021-05-21 23:43:33','2021-05-21 23:43:33'),(183,'laboratorium.riwayat.view','web','2021-05-21 23:43:33','2021-05-21 23:43:33'),(184,'laboratorium.riwayat.create','web','2021-05-21 23:43:33','2021-05-21 23:43:33'),(185,'laboratorium.riwayat.edit','web','2021-05-21 23:43:33','2021-05-21 23:43:33'),(186,'laboratorium.riwayat.delete','web','2021-05-21 23:43:33','2021-05-21 23:43:33'),(187,'inventaris.view','web','2021-05-21 23:43:33','2021-05-21 23:43:33'),(188,'inventaris.create','web','2021-05-21 23:43:33','2021-05-21 23:43:33'),(189,'inventaris.edit','web','2021-05-21 23:43:33','2021-05-21 23:43:33'),(190,'inventaris.delete','web','2021-05-21 23:43:33','2021-05-21 23:43:33'),(191,'farmasi.view','web','2021-05-21 23:43:33','2021-05-21 23:43:33'),(192,'farmasi.data-obat.view','web','2021-05-21 23:43:33','2021-05-21 23:43:33'),(193,'farmasi.data-obat.create','web','2021-05-21 23:43:33','2021-05-21 23:43:33'),(194,'farmasi.data-obat.edit','web','2021-05-21 23:43:33','2021-05-21 23:43:33'),(195,'farmasi.data-obat.delete','web','2021-05-21 23:43:33','2021-05-21 23:43:33'),(196,'farmasi.penyesuaian-stok.view','web','2021-05-21 23:43:33','2021-05-21 23:43:33'),(197,'farmasi.beli-obat.view','web','2021-05-21 23:43:33','2021-05-21 23:43:33'),(198,'farmasi.beli-obat.create','web','2021-05-21 23:43:33','2021-05-21 23:43:33'),(199,'farmasi.beli-obat.edit','web','2021-05-21 23:43:33','2021-05-21 23:43:33'),(200,'farmasi.beli-obat.delete','web','2021-05-21 23:43:33','2021-05-21 23:43:33'),(201,'farmasi.jual-obat.view','web','2021-05-21 23:43:34','2021-05-21 23:43:34'),(202,'farmasi.jual-obat.umum.create','web','2021-05-21 23:43:34','2021-05-21 23:43:34'),(203,'farmasi.jual-obat.umum.view','web','2021-05-21 23:43:34','2021-05-21 23:43:34'),(204,'farmasi.jual-obat.klinik.view','web','2021-05-21 23:43:34','2021-05-21 23:43:34'),(205,'transaksi.view','web','2021-05-21 23:43:34','2021-05-21 23:43:34'),(206,'transaksi.pemasukan.view','web','2021-05-21 23:43:34','2021-05-21 23:43:34'),(207,'transaksi.pemasukan.create','web','2021-05-21 23:43:34','2021-05-21 23:43:34'),(208,'transaksi.pemasukan.edit','web','2021-05-21 23:43:34','2021-05-21 23:43:34'),(209,'transaksi.pemasukan.delete','web','2021-05-21 23:43:34','2021-05-21 23:43:34'),(210,'transaksi.pengeluaran.view','web','2021-05-21 23:43:34','2021-05-21 23:43:34'),(211,'transaksi.pengeluaran.create','web','2021-05-21 23:43:34','2021-05-21 23:43:34'),(212,'transaksi.pengeluaran.edit','web','2021-05-21 23:43:34','2021-05-21 23:43:34'),(213,'transaksi.pengeluaran.delete','web','2021-05-21 23:43:34','2021-05-21 23:43:34'),(214,'surat.view','web','2021-05-21 23:43:34','2021-05-21 23:43:34'),(215,'surat.masuk.view','web','2021-05-21 23:43:34','2021-05-21 23:43:34'),(216,'surat.masuk.create','web','2021-05-21 23:43:34','2021-05-21 23:43:34'),(217,'surat.masuk.edit','web','2021-05-21 23:43:34','2021-05-21 23:43:34'),(218,'surat.masuk.delete','web','2021-05-21 23:43:34','2021-05-21 23:43:34'),(219,'surat.keluar.view','web','2021-05-21 23:43:34','2021-05-21 23:43:34'),(220,'surat.keluar.create','web','2021-05-21 23:43:34','2021-05-21 23:43:34'),(221,'surat.keluar.edit','web','2021-05-21 23:43:34','2021-05-21 23:43:34'),(222,'surat.keluar.delete','web','2021-05-21 23:43:34','2021-05-21 23:43:34'),(223,'kegiatan.view','web','2021-05-21 23:43:34','2021-05-21 23:43:34'),(224,'kegiatan.create','web','2021-05-21 23:43:34','2021-05-21 23:43:34'),(225,'kegiatan.edit','web','2021-05-21 23:43:34','2021-05-21 23:43:34'),(226,'kegiatan.delete','web','2021-05-21 23:43:34','2021-05-21 23:43:34'),(227,'tagihan.view','web','2021-05-21 23:43:34','2021-05-21 23:43:34'),(228,'pembayaran.view','web','2021-05-21 23:43:34','2021-05-21 23:43:34'),(229,'laporan.view','web','2021-05-21 23:43:34','2021-05-21 23:43:34'),(230,'laporan.pasien.view','web','2021-05-21 23:43:34','2021-05-21 23:43:34'),(231,'laporan.pasien.jumlah-per-periode','web','2021-05-21 23:43:34','2021-05-21 23:43:34'),(232,'laporan.pasien.pendapatan-harian','web','2021-05-21 23:43:34','2021-05-21 23:43:34'),(233,'laporan.pasien.riwayat-pemeriksaan','web','2021-05-21 23:43:34','2021-05-21 23:43:34'),(234,'laporan.apotik.view','web','2021-05-21 23:43:34','2021-05-21 23:43:34'),(235,'laporan.apotik.stok-obat-terkini','web','2021-05-21 23:43:34','2021-05-21 23:43:34'),(236,'laporan.apotik.pembelian-obat','web','2021-05-21 23:43:34','2021-05-21 23:43:34'),(237,'laporan.apotik.penjualan-obat','web','2021-05-21 23:43:34','2021-05-21 23:43:34'),(238,'laporan.laboratorium.view','web','2021-05-21 23:43:34','2021-05-21 23:43:34'),(239,'laporan.laboratorium.seluruh-parameter','web','2021-05-21 23:43:34','2021-05-21 23:43:34'),(240,'laporan.laboratorium.per-parameter','web','2021-05-21 23:43:34','2021-05-21 23:43:34'),(241,'laporan.kasir.view','web','2021-05-21 23:43:34','2021-05-21 23:43:34'),(242,'laporan.kasir.klinik','web','2021-05-21 23:43:34','2021-05-21 23:43:34'),(243,'laporan.kasir.apotik','web','2021-05-21 23:43:34','2021-05-21 23:43:34'),(244,'laporan.kasir.laboratorium','web','2021-05-21 23:43:34','2021-05-21 23:43:34'),(245,'pasien.riwayat.view','web','2021-05-21 23:43:34','2021-05-21 23:43:34'),(246,'pasien.riwayat.pemeriksaan.view','web','2021-05-21 23:43:34','2021-05-21 23:43:34'),(247,'pasien.riwayat.pengkajian-awal.view','web','2021-05-21 23:43:34','2021-05-21 23:43:34'),(248,'pasien.riwayat.penilaian-awal.view','web','2021-05-21 23:43:34','2021-05-21 23:43:34'),(249,'pasien.riwayat.rencana-kebutuhan.view','web','2021-05-21 23:43:34','2021-05-21 23:43:34'),(250,'pasien.riwayat.catatan-edukasi.view','web','2021-05-21 23:43:34','2021-05-21 23:43:34'),(251,'pasien.riwayat.laboratorium.view','web','2021-05-21 23:43:34','2021-05-21 23:43:34'),(252,'pengaturan.view','web','2021-05-21 23:43:34','2021-05-21 23:43:34'),(253,'pengaturan.aplikasi.view','web','2021-05-21 23:43:34','2021-05-21 23:43:34'),(254,'pengaturan.akses.view','web','2021-05-21 23:43:34','2021-05-21 23:43:34'),(255,'pengaturan.akses.create','web','2021-05-21 23:43:34','2021-05-21 23:43:34'),(256,'pengaturan.akses.edit','web','2021-05-21 23:43:34','2021-05-21 23:43:34'),(257,'pengaturan.akses.delete','web','2021-05-21 23:43:34','2021-05-21 23:43:34'),(258,'pengaturan.variabel.view','web','2021-05-21 23:43:34','2021-05-21 23:43:34'),(259,'pengaturan.variabel.create','web','2021-05-21 23:43:34','2021-05-21 23:43:34'),(260,'pengaturan.variabel.edit','web','2021-05-21 23:43:34','2021-05-21 23:43:34'),(261,'pengaturan.variabel.delete','web','2021-05-21 23:43:34','2021-05-21 23:43:34'),(262,'pengaturan.aktivitas-log.view','web','2021-05-21 23:43:34','2021-05-21 23:43:34'),(263,'dokter.data-pasien.view','web','2021-05-21 23:43:34','2021-05-21 23:43:34'),(264,'dokter.data-pasien.create','web','2021-05-21 23:43:35','2021-05-21 23:43:35'),(265,'dokter.data-pasien.edit','web','2021-05-21 23:43:35','2021-05-21 23:43:35'),(266,'dokter.data-pasien.delete','web','2021-05-21 23:43:35','2021-05-21 23:43:35'),(267,'dokter.registrasi.view','web','2021-05-21 23:43:35','2021-05-21 23:43:35'),(268,'dokter.registrasi.create','web','2021-05-21 23:43:35','2021-05-21 23:43:35'),(269,'dokter.registrasi.edit','web','2021-05-21 23:43:35','2021-05-21 23:43:35'),(270,'dokter.registrasi.delete','web','2021-05-21 23:43:35','2021-05-21 23:43:35'),(271,'dokter.riwayat.view','web','2021-05-21 23:43:35','2021-05-21 23:43:35'),(272,'dokter.riwayat.create','web','2021-05-21 23:43:35','2021-05-21 23:43:35'),(273,'dokter.riwayat.edit','web','2021-05-21 23:43:35','2021-05-21 23:43:35'),(274,'dokter.riwayat.delete','web','2021-05-21 23:43:35','2021-05-21 23:43:35');

--
-- Table structure for table `plan_patient_needs`
--

CREATE TABLE `plan_patient_needs` (
  `id` char(36) COLLATE utf8mb4_unicode_ci NOT NULL,
  `date` date NOT NULL,
  `doctor_id` char(36) COLLATE utf8mb4_unicode_ci NOT NULL,
  `patient_id` char(36) COLLATE utf8mb4_unicode_ci NOT NULL,
  `queue_patient_id` char(36) COLLATE utf8mb4_unicode_ci NOT NULL,
  `diagnosis_disease` mediumtext COLLATE utf8mb4_unicode_ci,
  `drug_use` mediumtext COLLATE utf8mb4_unicode_ci,
  `use_medical_devices` mediumtext COLLATE utf8mb4_unicode_ci,
  `medical_rehabilitation_techniques` mediumtext COLLATE utf8mb4_unicode_ci,
  `nutritional_nutrition_guidelines` mediumtext COLLATE utf8mb4_unicode_ci,
  `pain_management` mediumtext COLLATE utf8mb4_unicode_ci,
  `hand_hygiene` mediumtext COLLATE utf8mb4_unicode_ci,
  `cough_ethics` mediumtext COLLATE utf8mb4_unicode_ci,
  `rights_and_obligations` mediumtext COLLATE utf8mb4_unicode_ci,
  `nursing_actions` mediumtext COLLATE utf8mb4_unicode_ci,
  `risk_fall` mediumtext COLLATE utf8mb4_unicode_ci,
  `bracelet_installation` mediumtext COLLATE utf8mb4_unicode_ci,
  `created_at` timestamp NULL DEFAULT NULL,
  `updated_at` timestamp NULL DEFAULT NULL,
  PRIMARY KEY (`id`)
) ENGINE=InnoDB DEFAULT CHARSET=utf8mb4 COLLATE=utf8mb4_unicode_ci;

--
-- Dumping data for table `plan_patient_needs`
--


--
-- Table structure for table `polyclinics`
--

CREATE TABLE `polyclinics` (
  `id` char(36) COLLATE utf8mb4_unicode_ci NOT NULL,
  `code` varchar(255) COLLATE utf8mb4_unicode_ci NOT NULL,
  `name` varchar(255) COLLATE utf8mb4_unicode_ci NOT NULL,
  `services_id` text COLLATE utf8mb4_unicode_ci,
  `created_at` timestamp NULL DEFAULT NULL,
  `updated_at` timestamp NULL DEFAULT NULL,
  PRIMARY KEY (`id`)
) ENGINE=InnoDB DEFAULT CHARSET=utf8mb4 COLLATE=utf8mb4_unicode_ci;

--
-- Dumping data for table `polyclinics`
--

INSERT INTO `polyclinics` VALUES ('93026126-5848-48d7-b31d-b712a17da25c','UM','Umum',NULL,'2021-03-22 11:38:11','2021-03-22 11:38:11'),('93026142-d22b-4415-8df9-c06e9fbb4e71','LAB','Laboratorium',NULL,'2021-03-22 11:38:29','2021-03-22 11:38:29'),('9302615f-45d1-4aef-bc69-0544390546c8','INT','Interna',NULL,'2021-03-22 11:38:48','2021-03-22 11:38:48');

--
-- Table structure for table `provinces`
--

CREATE TABLE `provinces` (
  `id` char(2) COLLATE utf8_unicode_ci NOT NULL,
  `name` varchar(255) COLLATE utf8_unicode_ci NOT NULL,
  PRIMARY KEY (`id`)
) ENGINE=InnoDB DEFAULT CHARSET=utf8 COLLATE=utf8_unicode_ci;

--
-- Dumping data for table `provinces`
--

INSERT INTO `provinces` VALUES ('11','ACEH'),('12','SUMATERA UTARA'),('13','SUMATERA BARAT'),('14','RIAU'),('15','JAMBI'),('16','SUMATERA SELATAN'),('17','BENGKULU'),('18','LAMPUNG'),('19','KEPULAUAN BANGKA BELITUNG'),('21','KEPULAUAN RIAU'),('31','DKI JAKARTA'),('32','JAWA BARAT'),('33','JAWA TENGAH'),('34','DI YOGYAKARTA'),('35','JAWA TIMUR'),('36','BANTEN'),('51','BALI'),('52','NUSA TENGGARA BARAT'),('53','NUSA TENGGARA TIMUR'),('61','KALIMANTAN BARAT'),('62','KALIMANTAN TENGAH'),('63','KALIMANTAN SELATAN'),('64','KALIMANTAN TIMUR'),('65','KALIMANTAN UTARA'),('71','SULAWESI UTARA'),('72','SULAWESI TENGAH'),('73','SULAWESI SELATAN'),('74','SULAWESI TENGGARA'),('75','GORONTALO'),('76','SULAWESI BARAT'),('81','MALUKU'),('82','MALUKU UTARA'),('91','PAPUA BARAT'),('94','PAPUA');

--
-- Table structure for table `purchase_returns`
--

CREATE TABLE `purchase_returns` (
  `id` char(36) COLLATE utf8mb4_unicode_ci NOT NULL,
  `drug_buy_id` char(36) COLLATE utf8mb4_unicode_ci NOT NULL,
  `drug_id` char(36) COLLATE utf8mb4_unicode_ci NOT NULL,
  `unit` varchar(255) COLLATE utf8mb4_unicode_ci NOT NULL,
  `quantity` int(11) NOT NULL,
  `less_results` int(11) DEFAULT NULL,
  `expire_date` date NOT NULL,
  `batch_number` varchar(255) COLLATE utf8mb4_unicode_ci DEFAULT NULL,
  `unit_price` int(11) NOT NULL,
  `total_price` int(11) NOT NULL,
  `is_percent` tinyint(1) NOT NULL DEFAULT '0',
  `discount` int(11) NOT NULL,
  `total` int(11) NOT NULL,
  `is_package` tinyint(1) NOT NULL DEFAULT '0',
  `amount_package` int(11) DEFAULT NULL,
  `amount` int(11) NOT NULL,
  `ppn` varchar(255) COLLATE utf8mb4_unicode_ci NOT NULL,
  `profit` varchar(255) COLLATE utf8mb4_unicode_ci NOT NULL,
  `price` int(11) NOT NULL,
  `is_canceled` tinyint(1) NOT NULL DEFAULT '0',
  `return_it` tinyint(1) NOT NULL DEFAULT '0',
  `created_at` timestamp NULL DEFAULT NULL,
  `updated_at` timestamp NULL DEFAULT NULL,
  PRIMARY KEY (`id`)
) ENGINE=InnoDB DEFAULT CHARSET=utf8mb4 COLLATE=utf8mb4_unicode_ci;

--
-- Dumping data for table `purchase_returns`
--


--
-- Table structure for table `queue_details`
--

CREATE TABLE `queue_details` (
  `id` char(36) COLLATE utf8mb4_unicode_ci NOT NULL,
  `queue_id` char(36) COLLATE utf8mb4_unicode_ci NOT NULL,
  `time` time NOT NULL,
  `manual` int(11) NOT NULL DEFAULT '0',
  `manual_available` int(11) NOT NULL DEFAULT '0',
  `online` int(11) NOT NULL DEFAULT '0',
  `online_available` int(11) NOT NULL DEFAULT '0',
  `note` text COLLATE utf8mb4_unicode_ci,
  `created_at` timestamp NULL DEFAULT NULL,
  `updated_at` timestamp NULL DEFAULT NULL,
  PRIMARY KEY (`id`)
) ENGINE=InnoDB DEFAULT CHARSET=utf8mb4 COLLATE=utf8mb4_unicode_ci;

--
-- Dumping data for table `queue_details`
--

INSERT INTO `queue_details` VALUES ('938f8029-5548-4ede-81cd-8477a80d45ae','938f8029-52ec-4459-b9c1-95935b524ca6','09:00:00',0,10,0,10,'','2021-05-31 15:16:37','2021-05-31 15:16:37'),('938f8029-55b6-4722-9bac-74768833cb2b','938f8029-52ec-4459-b9c1-95935b524ca6','09:30:00',0,10,0,10,'','2021-05-31 15:16:37','2021-05-31 15:16:37'),('938f8029-561c-4c21-b4d8-73d7a62bc5b8','938f8029-52ec-4459-b9c1-95935b524ca6','10:00:00',0,10,0,10,'','2021-05-31 15:16:37','2021-05-31 15:16:37'),('938f8029-56ad-4da9-9a94-a67b68a93bc1','938f8029-52ec-4459-b9c1-95935b524ca6','10:30:00',0,10,0,10,'','2021-05-31 15:16:37','2021-05-31 15:16:37'),('938f8029-5701-4e03-9542-c65f41e79740','938f8029-52ec-4459-b9c1-95935b524ca6','11:00:00',0,10,0,10,'','2021-05-31 15:16:37','2021-05-31 15:16:37'),('938f8029-5762-4a40-8f3e-d57b0b76331a','938f8029-52ec-4459-b9c1-95935b524ca6','11:30:00',0,10,0,10,'','2021-05-31 15:16:37','2021-05-31 15:16:37'),('938f8029-57c2-4bd9-a320-57f1ec1245e5','938f8029-52ec-4459-b9c1-95935b524ca6','12:00:00',0,10,0,10,'','2021-05-31 15:16:37','2021-05-31 15:16:37'),('938f8029-5823-4be1-89b5-fe2c20915102','938f8029-52ec-4459-b9c1-95935b524ca6','12:30:00',0,10,0,10,'','2021-05-31 15:16:37','2021-05-31 15:16:37'),('938f8029-5884-4847-8a64-2aa205be5bbf','938f8029-52ec-4459-b9c1-95935b524ca6','13:00:00',0,10,0,10,'','2021-05-31 15:16:37','2021-05-31 15:16:37'),('938f8029-58e5-4f0f-b36b-70ae1dc9137e','938f8029-52ec-4459-b9c1-95935b524ca6','13:30:00',0,10,0,10,'','2021-05-31 15:16:37','2021-05-31 15:16:37'),('938f8029-5945-4342-a361-476a130ee804','938f8029-52ec-4459-b9c1-95935b524ca6','14:00:00',0,10,0,10,'','2021-05-31 15:16:37','2021-05-31 15:16:37'),('938f8029-59a9-4be7-8a57-f3c861451820','938f8029-52ec-4459-b9c1-95935b524ca6','14:30:00',0,10,0,10,'','2021-05-31 15:16:37','2021-05-31 15:16:37'),('938f8029-5a1a-4e95-ad13-328ab5276dc9','938f8029-52ec-4459-b9c1-95935b524ca6','15:00:00',0,10,0,10,'','2021-05-31 15:16:38','2021-05-31 15:16:38'),('938f8029-5a80-421d-8bf8-0988641e9d4d','938f8029-52ec-4459-b9c1-95935b524ca6','15:30:00',0,10,0,10,'','2021-05-31 15:16:38','2021-05-31 15:16:38'),('938f8029-5ae8-462d-91fa-278b45a19599','938f8029-52ec-4459-b9c1-95935b524ca6','16:00:00',0,10,0,10,'','2021-05-31 15:16:38','2021-05-31 15:16:38'),('938f8029-5b50-413e-8a97-85aed8ab3892','938f8029-52ec-4459-b9c1-95935b524ca6','16:30:00',0,10,0,10,'','2021-05-31 15:16:38','2021-05-31 15:16:38'),('938f8029-5bbb-490f-a043-173cfb7a51e6','938f8029-52ec-4459-b9c1-95935b524ca6','17:00:00',0,10,0,10,'','2021-05-31 15:16:38','2021-05-31 15:16:38'),('938f8029-5c20-49ac-b43d-112bbb629a49','938f8029-52ec-4459-b9c1-95935b524ca6','17:30:00',0,10,0,10,'','2021-05-31 15:16:38','2021-05-31 15:16:38'),('938f8029-5cad-4bef-9ee6-44bda75868e1','938f8029-52ec-4459-b9c1-95935b524ca6','18:00:00',1,10,0,10,'','2021-05-31 15:16:38','2021-05-31 15:16:59'),('938f8029-5d31-4a29-a9a1-259caafc3b59','938f8029-52ec-4459-b9c1-95935b524ca6','18:30:00',0,10,0,10,'','2021-05-31 15:16:38','2021-05-31 15:16:38'),('938f8029-5dbb-4dac-b7ca-6b8a76c406bc','938f8029-52ec-4459-b9c1-95935b524ca6','19:00:00',0,10,0,10,'','2021-05-31 15:16:38','2021-05-31 15:16:38'),('938f8029-5e4b-4982-ad89-d80774061d69','938f8029-52ec-4459-b9c1-95935b524ca6','19:30:00',0,10,0,10,'','2021-05-31 15:16:38','2021-05-31 15:16:38'),('938f8029-5ede-4477-b723-3d9c1e38ae1e','938f8029-52ec-4459-b9c1-95935b524ca6','20:00:00',0,10,0,10,'','2021-05-31 15:16:38','2021-05-31 15:16:38'),('938f8029-5f4f-4e33-ba67-8111316fe6ff','938f8029-52ec-4459-b9c1-95935b524ca6','20:30:00',0,10,0,10,'','2021-05-31 15:16:38','2021-05-31 15:16:38'),('938f8029-5fb4-46bf-85bf-980cef306385','938f8029-52ec-4459-b9c1-95935b524ca6','21:00:00',0,10,0,10,'','2021-05-31 15:16:38','2021-05-31 15:16:38'),('93920f40-5fcf-406e-bafa-341d64cb3c24','93920f40-5e11-464a-9635-aff4c2a04682','09:30:00',0,10,0,10,'','2021-06-01 21:48:23','2021-06-01 21:48:23'),('93920f40-604f-488c-93f8-6662bb97e066','93920f40-5e11-464a-9635-aff4c2a04682','10:00:00',0,10,0,10,'','2021-06-01 21:48:23','2021-06-01 21:48:23'),('93920f40-60d9-4d74-afa2-a35da98320be','93920f40-5e11-464a-9635-aff4c2a04682','10:30:00',0,10,0,10,'','2021-06-01 21:48:23','2021-06-01 21:48:23'),('93920f40-6145-4aae-8cb8-3473ffde97f9','93920f40-5e11-464a-9635-aff4c2a04682','11:00:00',0,10,0,10,'','2021-06-01 21:48:23','2021-06-01 21:48:23'),('93920f40-61c4-4631-a588-419df58ddb0b','93920f40-5e11-464a-9635-aff4c2a04682','11:30:00',0,10,0,10,'','2021-06-01 21:48:23','2021-06-01 21:48:23'),('93920f40-623f-4fcc-9cf9-4a2e84d73b7f','93920f40-5e11-464a-9635-aff4c2a04682','12:00:00',0,10,0,10,'','2021-06-01 21:48:23','2021-06-01 21:48:23'),('93920f40-62bb-4ea0-9952-63115970d7dc','93920f40-5e11-464a-9635-aff4c2a04682','12:30:00',0,10,0,10,'','2021-06-01 21:48:23','2021-06-01 21:48:23'),('93920f40-6334-4022-a69b-db5d5eaafdcb','93920f40-5e11-464a-9635-aff4c2a04682','13:00:00',0,10,0,10,'','2021-06-01 21:48:23','2021-06-01 21:48:23'),('93920f40-63a7-4da9-83f8-961ae5ccd900','93920f40-5e11-464a-9635-aff4c2a04682','13:30:00',0,10,0,10,'','2021-06-01 21:48:23','2021-06-01 21:48:23'),('93920f40-641b-4701-a835-082fb5748546','93920f40-5e11-464a-9635-aff4c2a04682','14:00:00',0,10,0,10,'','2021-06-01 21:48:23','2021-06-01 21:48:23'),('93920f40-6497-430d-a5ca-7db27297204e','93920f40-5e11-464a-9635-aff4c2a04682','14:30:00',0,10,0,10,'','2021-06-01 21:48:23','2021-06-01 21:48:23'),('93920f40-652e-47e3-8017-9ccc370057a7','93920f40-5e11-464a-9635-aff4c2a04682','15:00:00',0,10,0,10,'','2021-06-01 21:48:23','2021-06-01 21:48:23'),('93920f40-6648-4693-81e7-e0f45d671b08','93920f40-5e11-464a-9635-aff4c2a04682','15:30:00',0,10,0,10,'','2021-06-01 21:48:23','2021-06-01 21:48:23'),('93920f40-66c7-423a-977e-b643ef1b1c40','93920f40-5e11-464a-9635-aff4c2a04682','16:00:00',0,10,0,10,'','2021-06-01 21:48:23','2021-06-01 21:48:23'),('93920f40-6746-49e8-ac57-69691f5ad600','93920f40-5e11-464a-9635-aff4c2a04682','16:30:00',0,10,0,10,'','2021-06-01 21:48:23','2021-06-01 21:48:23'),('93920f40-67ae-479b-9931-bb6262a1f6e3','93920f40-5e11-464a-9635-aff4c2a04682','17:00:00',0,10,0,10,'','2021-06-01 21:48:23','2021-06-01 21:48:23'),('93920f40-681d-4b35-bef8-9f1a184370bf','93920f40-5e11-464a-9635-aff4c2a04682','17:30:00',0,10,0,10,'','2021-06-01 21:48:23','2021-06-01 21:48:23'),('93920f40-6892-49b1-9484-65e8435035bd','93920f40-5e11-464a-9635-aff4c2a04682','18:00:00',0,10,0,10,'','2021-06-01 21:48:23','2021-06-01 21:48:23'),('93920f40-6909-4d1a-a0af-d94e4f2b5f6b','93920f40-5e11-464a-9635-aff4c2a04682','18:30:00',0,10,0,10,'','2021-06-01 21:48:23','2021-06-01 21:48:23'),('93920f40-697b-42fd-8169-fecdd685d60f','93920f40-5e11-464a-9635-aff4c2a04682','19:00:00',0,10,0,10,'','2021-06-01 21:48:23','2021-06-01 21:48:23'),('93920f40-69e8-411c-9609-b1a609a5da19','93920f40-5e11-464a-9635-aff4c2a04682','19:30:00',0,10,0,10,'','2021-06-01 21:48:23','2021-06-01 21:48:23'),('93920f40-6a4a-4676-a206-6f596042055d','93920f40-5e11-464a-9635-aff4c2a04682','20:00:00',0,10,0,10,'','2021-06-01 21:48:23','2021-06-01 21:48:23'),('93920f40-6aaf-4563-9733-3c3721ce2e6f','93920f40-5e11-464a-9635-aff4c2a04682','20:30:00',0,10,0,10,'','2021-06-01 21:48:23','2021-06-01 21:48:23'),('93920f40-6b0e-4543-8642-69dfc8338766','93920f40-5e11-464a-9635-aff4c2a04682','21:00:00',0,10,0,10,'','2021-06-01 21:48:23','2021-06-01 21:48:23'),('939210c8-61b4-4f2e-826e-55fc12baf54b','939210c8-60a2-460f-a9f2-32c3b355641d','21:00:00',0,10,0,10,'','2021-06-01 21:52:40','2021-06-01 21:52:40'),('939210c8-6222-4d30-b01e-384d39575a80','939210c8-60a2-460f-a9f2-32c3b355641d','21:30:00',0,10,0,10,'','2021-06-01 21:52:40','2021-06-01 21:52:40'),('939210c8-628f-43a0-971f-22ff09506dfb','939210c8-60a2-460f-a9f2-32c3b355641d','22:00:00',0,10,0,10,'','2021-06-01 21:52:40','2021-06-01 21:52:40'),('939210c8-62f0-407e-83d1-493a33b2934e','939210c8-60a2-460f-a9f2-32c3b355641d','22:30:00',1,10,0,10,'','2021-06-01 21:52:40','2021-06-01 21:53:04'),('939210c8-6378-45ae-b0a7-fd74076e51c0','939210c8-60a2-460f-a9f2-32c3b355641d','23:00:00',0,10,0,10,'','2021-06-01 21:52:40','2021-06-01 21:52:40'),('9392c420-61e6-4d06-9e6b-798f56fdeae7','9392c420-60c0-4173-b644-32854bcced95','06:00:00',0,10,0,10,'','2021-06-02 06:14:09','2021-06-02 06:14:09'),('9392c420-6251-4997-b9e2-08e120ad67ed','9392c420-60c0-4173-b644-32854bcced95','06:30:00',0,10,0,10,'','2021-06-02 06:14:09','2021-06-02 06:14:09'),('9392c420-62b5-44b8-9507-2323584c922a','9392c420-60c0-4173-b644-32854bcced95','07:00:00',0,10,0,10,'','2021-06-02 06:14:09','2021-06-02 06:14:09'),('9392c420-6314-4942-b492-c94a060d9226','9392c420-60c0-4173-b644-32854bcced95','07:30:00',0,10,0,10,'','2021-06-02 06:14:09','2021-06-02 06:14:09'),('9392c420-637a-451a-b10c-36102a440548','9392c420-60c0-4173-b644-32854bcced95','08:00:00',0,10,0,10,'','2021-06-02 06:14:09','2021-06-02 06:14:09'),('9392c420-63d8-4f0e-94a6-b88f05e9fe14','9392c420-60c0-4173-b644-32854bcced95','08:30:00',0,10,0,10,'','2021-06-02 06:14:09','2021-06-02 06:14:09'),('9392c420-6439-4d08-b746-67765f888106','9392c420-60c0-4173-b644-32854bcced95','09:00:00',0,10,0,10,'','2021-06-02 06:14:09','2021-06-02 06:14:09'),('9392c420-6498-4b8b-8541-b0dc8cb4627c','9392c420-60c0-4173-b644-32854bcced95','09:30:00',0,10,0,10,'','2021-06-02 06:14:09','2021-06-02 06:14:09'),('9392c420-64f3-46b8-a39e-c73646e81c7d','9392c420-60c0-4173-b644-32854bcced95','10:00:00',0,10,0,10,'','2021-06-02 06:14:09','2021-06-02 06:14:09'),('9392c420-6540-4e15-954a-e2ce2d4d9347','9392c420-60c0-4173-b644-32854bcced95','10:30:00',0,10,0,10,'','2021-06-02 06:14:09','2021-06-02 06:14:09'),('9392c420-659a-49b7-a39b-d593209be4e4','9392c420-60c0-4173-b644-32854bcced95','11:00:00',0,10,0,10,'','2021-06-02 06:14:09','2021-06-02 06:14:09'),('9392c420-65f9-4aba-b68b-5579a2135fca','9392c420-60c0-4173-b644-32854bcced95','11:30:00',2,10,0,10,'','2021-06-02 06:14:09','2021-06-02 11:27:16'),('9392c420-6654-4f74-b7c5-d8c52e8d46c8','9392c420-60c0-4173-b644-32854bcced95','12:00:00',0,10,0,10,'','2021-06-02 06:14:09','2021-06-02 06:14:09'),('9392c420-66ae-4972-befa-00cd50ea348d','9392c420-60c0-4173-b644-32854bcced95','12:30:00',0,10,0,10,'','2021-06-02 06:14:09','2021-06-02 06:14:09'),('9392c420-670c-46a6-807b-6c35f91a6e95','9392c420-60c0-4173-b644-32854bcced95','13:00:00',0,10,0,10,'','2021-06-02 06:14:09','2021-06-02 06:14:09'),('9392c420-676e-4ff4-860b-79b319f0c335','9392c420-60c0-4173-b644-32854bcced95','13:30:00',0,10,0,10,'','2021-06-02 06:14:09','2021-06-02 06:14:09'),('9392c420-67ce-4a37-8bfa-6cd244eadb93','9392c420-60c0-4173-b644-32854bcced95','14:00:00',0,10,0,10,'','2021-06-02 06:14:09','2021-06-02 06:14:09'),('9392c420-682a-4f16-9505-145dda5d49ea','9392c420-60c0-4173-b644-32854bcced95','14:30:00',0,10,0,10,'','2021-06-02 06:14:09','2021-06-02 06:14:09'),('9392c420-6885-4de7-a13a-39e07891bb23','9392c420-60c0-4173-b644-32854bcced95','15:00:00',0,10,0,10,'','2021-06-02 06:14:09','2021-06-02 06:14:09'),('9392c420-68e1-4126-8ec4-b6802dab611a','9392c420-60c0-4173-b644-32854bcced95','15:30:00',0,10,0,10,'','2021-06-02 06:14:09','2021-06-02 06:14:09'),('9392c420-693e-45a9-baf8-043de297b4cd','9392c420-60c0-4173-b644-32854bcced95','16:00:00',0,10,0,10,'','2021-06-02 06:14:09','2021-06-02 06:14:09'),('9392c420-699d-4f13-a1b3-f71bf7d4fb51','9392c420-60c0-4173-b644-32854bcced95','16:30:00',0,10,0,10,'','2021-06-02 06:14:09','2021-06-02 06:14:09'),('9392c420-69fa-4afb-b938-31531a39a205','9392c420-60c0-4173-b644-32854bcced95','17:00:00',0,10,0,10,'','2021-06-02 06:14:09','2021-06-02 06:14:09'),('9392c420-6a58-4eb9-858b-32835ec662b5','9392c420-60c0-4173-b644-32854bcced95','17:30:00',0,10,0,10,'','2021-06-02 06:14:09','2021-06-02 06:14:09'),('9392c420-6ab5-48b6-9384-6449446843d7','9392c420-60c0-4173-b644-32854bcced95','18:00:00',0,10,0,10,'','2021-06-02 06:14:09','2021-06-02 06:14:09'),('9392c420-6b1b-4d68-8890-bd1b5c34e5fa','9392c420-60c0-4173-b644-32854bcced95','18:30:00',0,10,0,10,'','2021-06-02 06:14:09','2021-06-02 06:14:09'),('9392c420-6b81-49c6-a551-f3704faebaa9','9392c420-60c0-4173-b644-32854bcced95','19:00:00',0,10,0,10,'','2021-06-02 06:14:09','2021-06-02 06:14:09'),('9392c420-6be4-47b0-85b4-f66157e0eb9e','9392c420-60c0-4173-b644-32854bcced95','19:30:00',0,10,0,10,'','2021-06-02 06:14:09','2021-06-02 06:14:09'),('9392c420-6c48-415b-8a8b-07ff5f364559','9392c420-60c0-4173-b644-32854bcced95','20:00:00',0,10,0,10,'','2021-06-02 06:14:09','2021-06-02 06:14:09'),('9392c420-6ca9-4da4-a704-d3252568b5d9','9392c420-60c0-4173-b644-32854bcced95','20:30:00',0,10,0,10,'','2021-06-02 06:14:09','2021-06-02 06:14:09'),('9392c420-6d0a-40d3-bd71-0e387c3f0098','9392c420-60c0-4173-b644-32854bcced95','21:00:00',0,10,0,10,'','2021-06-02 06:14:09','2021-06-02 06:14:09'),('93933037-9364-4fba-845a-c614544f3bcb','93933037-9277-47f2-88d2-cd52578c28ca','07:00:00',0,50,0,10,'','2021-06-02 11:16:24','2021-06-02 11:16:24'),('93933037-93d3-44f9-91de-329b8e18029a','93933037-9277-47f2-88d2-cd52578c28ca','14:00:00',0,50,0,10,'','2021-06-02 11:16:24','2021-06-02 11:16:24'),('93a9ddca-ded6-4bd3-ac13-f301c1654545','93a9ddca-dc10-426e-82bf-a6d2c8f55e3c','09:00:00',0,10,0,10,'','2021-06-13 17:49:58','2021-06-13 17:49:58'),('93a9ddca-df5a-44f6-971e-4f22ac5414b3','93a9ddca-dc10-426e-82bf-a6d2c8f55e3c','09:30:00',0,10,0,10,'','2021-06-13 17:49:58','2021-06-13 17:49:58'),('93a9ddca-dfcd-4bf7-b559-a14d60472177','93a9ddca-dc10-426e-82bf-a6d2c8f55e3c','10:00:00',0,10,0,10,'','2021-06-13 17:49:58','2021-06-13 17:49:58'),('93a9ddca-e03f-4a39-9f55-90a6cc4ed96a','93a9ddca-dc10-426e-82bf-a6d2c8f55e3c','10:30:00',0,10,0,10,'','2021-06-13 17:49:58','2021-06-13 17:49:58'),('93a9ddca-e0af-4bca-965c-a5314a7c8dc4','93a9ddca-dc10-426e-82bf-a6d2c8f55e3c','11:00:00',0,10,0,10,'','2021-06-13 17:49:58','2021-06-13 17:49:58'),('93a9ddca-e120-4991-b417-c1b87825e5ad','93a9ddca-dc10-426e-82bf-a6d2c8f55e3c','11:30:00',0,10,0,10,'','2021-06-13 17:49:58','2021-06-13 17:49:58'),('93a9ddca-e186-4e03-90c8-5ef805ac5550','93a9ddca-dc10-426e-82bf-a6d2c8f55e3c','12:00:00',0,10,0,10,'','2021-06-13 17:49:58','2021-06-13 17:49:58'),('93a9ddca-e1e5-47fd-8024-e1fe239bdf3f','93a9ddca-dc10-426e-82bf-a6d2c8f55e3c','12:30:00',0,10,0,10,'','2021-06-13 17:49:58','2021-06-13 17:49:58'),('93a9ddca-e265-49d4-b0ab-968f0cc460a8','93a9ddca-dc10-426e-82bf-a6d2c8f55e3c','13:00:00',0,10,0,10,'','2021-06-13 17:49:58','2021-06-13 17:49:58'),('93a9ddca-e2e9-4514-90dc-4e1a682868dd','93a9ddca-dc10-426e-82bf-a6d2c8f55e3c','13:30:00',0,10,0,10,'','2021-06-13 17:49:58','2021-06-13 17:49:58'),('93a9ddca-e3b1-471f-bdfc-a1eac586c73a','93a9ddca-dc10-426e-82bf-a6d2c8f55e3c','14:00:00',0,10,0,10,'','2021-06-13 17:49:58','2021-06-13 17:49:58'),('93a9ddca-e430-4fbb-87d8-0a32f610e1a9','93a9ddca-dc10-426e-82bf-a6d2c8f55e3c','14:30:00',0,10,0,10,'','2021-06-13 17:49:58','2021-06-13 17:49:58'),('93a9ddca-e48f-4d88-baa6-b0c918e381ad','93a9ddca-dc10-426e-82bf-a6d2c8f55e3c','15:00:00',0,10,0,10,'','2021-06-13 17:49:58','2021-06-13 17:49:58'),('93a9ddca-e4f8-4b1f-bcbb-1d5aeff91b83','93a9ddca-dc10-426e-82bf-a6d2c8f55e3c','15:30:00',0,10,0,10,'','2021-06-13 17:49:58','2021-06-13 17:49:58'),('93a9ddca-e55f-4733-ae76-9e67adb84cd7','93a9ddca-dc10-426e-82bf-a6d2c8f55e3c','16:00:00',0,10,0,10,'','2021-06-13 17:49:58','2021-06-13 17:49:58'),('93a9e75f-6bf9-4834-acba-8e6ba1dcfcd1','93a9e75f-6ad5-4a07-8525-92fb08b20062','15:00:00',0,10,0,10,'','2021-06-13 18:16:45','2021-06-13 18:16:45'),('93a9e75f-6c53-4fb0-8cfa-91aa97d6890b','93a9e75f-6ad5-4a07-8525-92fb08b20062','19:00:00',0,10,0,10,'','2021-06-13 18:16:45','2021-06-13 18:16:45'),('93a9e75f-6cbc-457a-a758-817ae81832ff','93a9e75f-6ad5-4a07-8525-92fb08b20062','23:00:00',0,10,0,10,'','2021-06-13 18:16:45','2021-06-13 18:16:45'),('93abbcf5-dd82-4ff7-a04c-3ac453bad059','93abbcf5-db96-4d7d-9963-ffe72546ddfa','09:00:00',0,10,0,10,'','2021-06-14 16:09:49','2021-06-14 16:09:49'),('93abbcf5-ddf0-4f2d-876e-2fad967462d3','93abbcf5-db96-4d7d-9963-ffe72546ddfa','10:00:00',0,10,0,10,'','2021-06-14 16:09:49','2021-06-14 16:09:49'),('93abbcf5-de40-4d13-8819-263dadae56d3','93abbcf5-db96-4d7d-9963-ffe72546ddfa','11:00:00',0,10,0,10,'','2021-06-14 16:09:49','2021-06-14 16:09:49'),('93abbcf5-deae-4bb7-9133-aeee95834e47','93abbcf5-db96-4d7d-9963-ffe72546ddfa','12:00:00',0,10,0,10,'','2021-06-14 16:09:49','2021-06-14 16:09:49'),('93abbcf5-df0c-454c-a3f1-8bee38f4bdea','93abbcf5-db96-4d7d-9963-ffe72546ddfa','13:00:00',0,10,0,10,'','2021-06-14 16:09:49','2021-06-14 16:09:49'),('93abbcf5-df69-44f1-8114-6386c04b05e9','93abbcf5-db96-4d7d-9963-ffe72546ddfa','14:00:00',0,10,0,10,'','2021-06-14 16:09:49','2021-06-14 16:09:49'),('93abbcf5-dfc6-4c4c-9c7e-12aaf66625f6','93abbcf5-db96-4d7d-9963-ffe72546ddfa','15:00:00',0,10,0,10,'','2021-06-14 16:09:49','2021-06-14 16:09:49'),('93abbcf5-e046-4bfe-aef3-f6a403b265c7','93abbcf5-db96-4d7d-9963-ffe72546ddfa','16:00:00',0,10,0,10,'','2021-06-14 16:09:49','2021-06-14 16:09:49'),('93abbcf5-e0ad-41e1-95fc-4e28d183618d','93abbcf5-db96-4d7d-9963-ffe72546ddfa','17:00:00',0,10,0,10,'','2021-06-14 16:09:49','2021-06-14 16:09:49'),('93abbcf5-e115-42de-b8a3-696d2d6669d8','93abbcf5-db96-4d7d-9963-ffe72546ddfa','18:00:00',0,10,0,10,'','2021-06-14 16:09:49','2021-06-14 16:09:49'),('93af12ba-def2-4958-97bf-3f7da4bad6cd','93af12ba-ddc2-44f7-a3af-24b7acd35402','07:00:00',0,20,0,10,'','2021-06-16 07:57:07','2021-06-16 07:57:07'),('93af12ba-df65-40cd-864e-b1d094d81c44','93af12ba-ddc2-44f7-a3af-24b7acd35402','11:00:00',1,20,0,10,'','2021-06-16 07:57:07','2021-06-16 08:50:51'),('93af12ba-dfc0-46c6-a9bd-2909d701c1ad','93af12ba-ddc2-44f7-a3af-24b7acd35402','15:00:00',1,20,0,10,'','2021-06-16 07:57:07','2021-06-16 12:02:37');

--
-- Table structure for table `queue_labs`
--

CREATE TABLE `queue_labs` (
  `id` char(36) COLLATE utf8mb4_unicode_ci NOT NULL,
  `medical_record` varchar(255) COLLATE utf8mb4_unicode_ci DEFAULT NULL,
  `patient_id` char(36) COLLATE utf8mb4_unicode_ci DEFAULT NULL,
  `doctor_id` char(36) COLLATE utf8mb4_unicode_ci DEFAULT NULL,
  `type` varchar(255) COLLATE utf8mb4_unicode_ci NOT NULL,
  `priority` varchar(255) COLLATE utf8mb4_unicode_ci NOT NULL,
  `date_time` datetime NOT NULL,
  `registration_number` varchar(255) COLLATE utf8mb4_unicode_ci NOT NULL,
  `payment_method` varchar(255) COLLATE utf8mb4_unicode_ci NOT NULL,
  `taker` varchar(255) COLLATE utf8mb4_unicode_ci DEFAULT NULL,
  `estimate_date_time` datetime DEFAULT NULL,
  `registration_fee` int(11) NOT NULL,
  `total` int(11) NOT NULL,
  `payed` int(11) NOT NULL,
  `discount` int(11) NOT NULL,
  `changed` int(11) NOT NULL,
  `tests` longtext COLLATE utf8mb4_unicode_ci NOT NULL,
  `is_from_doctor` tinyint(1) NOT NULL DEFAULT '0',
  `confirmed_time` timestamp NULL DEFAULT NULL,
  `note` text COLLATE utf8mb4_unicode_ci,
  `received_flag` tinyint(1) NOT NULL DEFAULT '0',
  `received_datetime` timestamp NULL DEFAULT NULL,
  `lab_reg_no` varchar(255) COLLATE utf8mb4_unicode_ci DEFAULT NULL,
  `has_payed` tinyint(1) NOT NULL DEFAULT '0',
  `on_progress` tinyint(1) NOT NULL DEFAULT '0',
  `is_done` tinyint(1) NOT NULL DEFAULT '0',
  `created_at` timestamp NULL DEFAULT NULL,
  `updated_at` timestamp NULL DEFAULT NULL,
  PRIMARY KEY (`id`)
) ENGINE=InnoDB DEFAULT CHARSET=utf8mb4 COLLATE=utf8mb4_unicode_ci;

--
-- Dumping data for table `queue_labs`
--


--
-- Table structure for table `queue_patients`
--

CREATE TABLE `queue_patients` (
  `id` char(36) COLLATE utf8mb4_unicode_ci NOT NULL,
  `date` date NOT NULL,
  `type` varchar(255) COLLATE utf8mb4_unicode_ci NOT NULL,
  `registration_number` varchar(255) COLLATE utf8mb4_unicode_ci NOT NULL,
  `patient_id` char(36) COLLATE utf8mb4_unicode_ci NOT NULL,
  `queue_detail_id` char(36) COLLATE utf8mb4_unicode_ci NOT NULL,
  `doctor_id` char(36) COLLATE utf8mb4_unicode_ci DEFAULT NULL,
  `is_done` tinyint(1) NOT NULL DEFAULT '0',
  `patient_assessment` tinyint(1) NOT NULL DEFAULT '0',
  `appraisal_patient` tinyint(1) NOT NULL DEFAULT '0',
  `plan_patient_need` tinyint(1) NOT NULL DEFAULT '0',
  `patient_education_record` tinyint(1) NOT NULL DEFAULT '0',
  `has_finished` tinyint(1) NOT NULL DEFAULT '0',
  `is_called` tinyint(1) NOT NULL DEFAULT '0',
  `is_served` tinyint(1) NOT NULL DEFAULT '0',
  `created_at` timestamp NULL DEFAULT NULL,
  `updated_at` timestamp NULL DEFAULT NULL,
  PRIMARY KEY (`id`)
) ENGINE=InnoDB DEFAULT CHARSET=utf8mb4 COLLATE=utf8mb4_unicode_ci;

--
-- Dumping data for table `queue_patients`
--

INSERT INTO `queue_patients` VALUES ('938f8049-9123-4e15-b4cc-9dc24ca5fd8f','2021-05-31','Manual','202105310001','938f8049-8f9f-4cf2-ab0e-88a32d5f2f1c','939210c8-628f-43a0-971f-22ff09506dfb','92b59149-d827-43cc-95fd-d1cfe43813a4',0,0,0,0,0,0,0,0,'2021-05-31 15:16:59','2021-06-01 21:53:13'),('9390f04a-d2bc-416a-8484-2149a404b83f','2021-06-01','Manual','202106010001','92b590ed-6d60-46c6-bf4f-34523273f267','9390ef26-c6ce-44ed-84ca-6b41b91a499e','92b59149-d827-43cc-95fd-d1cfe43813a4',0,0,0,0,0,0,0,1,'2021-06-01 08:26:00','2021-06-01 08:26:06'),('939210ed-5f5b-4110-a9c2-6b2723eb0f2f','2021-06-01','Manual','202106010002','92b590ed-6d60-46c6-bf4f-34523273f267','939210c8-62f0-407e-83d1-493a33b2934e','92b59149-d827-43cc-95fd-d1cfe43813a4',1,0,0,0,0,0,0,1,'2021-06-01 21:53:05','2021-06-01 21:54:33'),('9392c47f-e4d3-4935-abd6-c266c478a3ac','2021-06-02','Manual','202106020001','9392c47f-d68b-48b3-a796-80ba4a93663d','9392c420-65f9-4aba-b68b-5579a2135fca','92b59149-d827-43cc-95fd-d1cfe43813a4',1,0,0,0,0,0,0,1,'2021-06-02 06:15:12','2021-06-02 06:15:29'),('9393341a-16aa-48f2-a948-b307f5af473a','2021-06-02','Manual','202106020002','9393341a-13b6-495e-bf0a-2fb3742e9033','9392c420-65f9-4aba-b68b-5579a2135fca','92b59149-d827-43cc-95fd-d1cfe43813a4',1,0,0,0,0,0,0,1,'2021-06-02 11:27:16','2021-06-02 11:42:43'),('93af25f1-13e8-467d-b5ad-57f25c57aa70','2021-06-16','Manual','202106160001','93af25f1-1273-4b6d-8aa9-bb6ac788ee34','93af12ba-dfc0-46c6-a9bd-2909d701c1ad','93a9c5f3-96a1-4187-8a9a-b4aa9d4cce80',0,0,0,0,0,0,0,0,'2021-06-16 08:50:51','2021-06-16 12:02:45'),('93af6a87-4121-4300-a8f1-62f4f7636af6','2021-06-16','Manual','202106160002','93af69c1-66c0-41d5-b4a5-1321d552f5b1','93af12ba-dfc0-46c6-a9bd-2909d701c1ad','93a9c5f3-96a1-4187-8a9a-b4aa9d4cce80',0,0,0,0,0,0,1,0,'2021-06-16 12:02:38','2021-06-16 12:02:45');

--
-- Table structure for table `queues`
--

CREATE TABLE `queues` (
  `id` char(36) COLLATE utf8mb4_unicode_ci NOT NULL,
  `schedule_id` char(36) COLLATE utf8mb4_unicode_ci NOT NULL,
  `polyclinic_id` char(36) COLLATE utf8mb4_unicode_ci NOT NULL,
  `doctor_id` char(36) COLLATE utf8mb4_unicode_ci DEFAULT NULL,
  `date` date NOT NULL,
  `start` time NOT NULL,
  `end` time NOT NULL,
  `duration` int(11) NOT NULL,
  `manual` int(11) NOT NULL DEFAULT '0',
  `online` int(11) NOT NULL DEFAULT '0',
  `created_at` timestamp NULL DEFAULT NULL,
  `updated_at` timestamp NULL DEFAULT NULL,
  PRIMARY KEY (`id`)
) ENGINE=InnoDB DEFAULT CHARSET=utf8mb4 COLLATE=utf8mb4_unicode_ci;

--
-- Dumping data for table `queues`
--

INSERT INTO `queues` VALUES ('938f8029-52ec-4459-b9c1-95935b524ca6','937c17a2-3947-4a36-bbbc-9c7148c4255e','93026126-5848-48d7-b31d-b712a17da25c','92b59149-d827-43cc-95fd-d1cfe43813a4','2021-05-31','09:00:00','21:00:00',30,10,10,'2021-05-31 15:16:37','2021-05-31 15:16:37'),('93920f40-5e11-464a-9635-aff4c2a04682','937c17a2-3947-4a36-bbbc-9c7148c4255e','93026126-5848-48d7-b31d-b712a17da25c','92b59149-d827-43cc-95fd-d1cfe43813a4','2021-06-01','09:00:00','21:00:00',30,10,10,'2021-06-01 21:48:23','2021-06-01 21:48:23'),('939210c8-60a2-460f-a9f2-32c3b355641d','937c17a2-3947-4a36-bbbc-9c7148c4255e','93026126-5848-48d7-b31d-b712a17da25c','92b59149-d827-43cc-95fd-d1cfe43813a4','2021-06-01','21:00:00','23:00:00',30,10,10,'2021-06-01 21:52:40','2021-06-01 21:52:40'),('9392c420-60c0-4173-b644-32854bcced95','937c17a2-3947-4a36-bbbc-9c7148c4255e','93026126-5848-48d7-b31d-b712a17da25c','92b59149-d827-43cc-95fd-d1cfe43813a4','2021-06-02','06:00:00','21:00:00',30,10,10,'2021-06-02 06:14:09','2021-06-02 06:14:09'),('93933037-9277-47f2-88d2-cd52578c28ca','937c17a2-3947-4a36-bbbc-9c7148c4255e','93026126-5848-48d7-b31d-b712a17da25c','92b59149-d827-43cc-95fd-d1cfe43813a4','2021-06-02','07:00:00','15:00:00',420,50,10,'2021-06-02 11:16:24','2021-06-02 11:16:24'),('93a9ddca-dc10-426e-82bf-a6d2c8f55e3c','937c17a2-3947-4a36-bbbc-9c7148c4255e','93026126-5848-48d7-b31d-b712a17da25c','93a9c5f3-96a1-4187-8a9a-b4aa9d4cce80','2021-06-12','09:00:00','16:00:00',30,10,10,'2021-06-13 17:49:58','2021-06-13 17:49:58'),('93a9e75f-6ad5-4a07-8525-92fb08b20062','937c17a2-3947-4a36-bbbc-9c7148c4255e','93026126-5848-48d7-b31d-b712a17da25c','93a9c5f3-96a1-4187-8a9a-b4aa9d4cce80','2021-06-13','15:00:00','23:00:00',240,10,10,'2021-06-13 18:16:45','2021-06-13 18:16:45'),('93abbcf5-db96-4d7d-9963-ffe72546ddfa','937c17a2-3947-4a36-bbbc-9c7148c4255e','93026126-5848-48d7-b31d-b712a17da25c','93a9c5f3-96a1-4187-8a9a-b4aa9d4cce80','2021-06-14','09:00:00','18:00:00',60,10,10,'2021-06-14 16:09:49','2021-06-14 16:09:49'),('93af12ba-ddc2-44f7-a3af-24b7acd35402','937c17a2-3947-4a36-bbbc-9c7148c4255e','93026126-5848-48d7-b31d-b712a17da25c','93a9c5f3-96a1-4187-8a9a-b4aa9d4cce80','2021-06-16','07:00:00','15:00:00',240,20,10,'2021-06-16 07:57:07','2021-06-16 07:57:07');

--
-- Table structure for table `references`
--

CREATE TABLE `references` (
  `id` char(36) COLLATE utf8mb4_unicode_ci NOT NULL,
  `type` enum('pengantar','pengantar_swab','keterangan_dokter','keterangan_istirahat') COLLATE utf8mb4_unicode_ci NOT NULL,
  `reception_number` varchar(255) COLLATE utf8mb4_unicode_ci NOT NULL,
  `name` varchar(255) COLLATE utf8mb4_unicode_ci NOT NULL,
  `id_number` varchar(255) COLLATE utf8mb4_unicode_ci DEFAULT NULL,
  `body` text COLLATE utf8mb4_unicode_ci,
  `note` text COLLATE utf8mb4_unicode_ci,
  `department` varchar(255) COLLATE utf8mb4_unicode_ci DEFAULT NULL,
  `ages` int(11) DEFAULT NULL,
  `position` varchar(255) COLLATE utf8mb4_unicode_ci DEFAULT NULL,
  `span` int(11) DEFAULT NULL,
  `start_date` date DEFAULT NULL,
  `end_date` date DEFAULT NULL,
  `job` varchar(255) COLLATE utf8mb4_unicode_ci DEFAULT NULL,
  `address` text COLLATE utf8mb4_unicode_ci,
  `related_name` varchar(255) COLLATE utf8mb4_unicode_ci DEFAULT NULL,
  `related_id_number` varchar(255) COLLATE utf8mb4_unicode_ci DEFAULT NULL,
  `related_group` varchar(255) COLLATE utf8mb4_unicode_ci DEFAULT NULL,
  `related_budget` text COLLATE utf8mb4_unicode_ci,
  `location` varchar(255) COLLATE utf8mb4_unicode_ci NOT NULL,
  `date` date NOT NULL,
  `sender` varchar(255) COLLATE utf8mb4_unicode_ci NOT NULL,
  `created_at` timestamp NULL DEFAULT NULL,
  `updated_at` timestamp NULL DEFAULT NULL,
  PRIMARY KEY (`id`)
) ENGINE=InnoDB DEFAULT CHARSET=utf8mb4 COLLATE=utf8mb4_unicode_ci;

--
-- Dumping data for table `references`
--

INSERT INTO `references` VALUES ('9392150c-bd98-47d4-9203-6dff8e2d7d3d','keterangan_dokter','123456','Nama Lengkapnya','1234567890123456',NULL,NULL,NULL,43,NULL,NULL,NULL,NULL,'Mengajar','Bukit Bintang',NULL,NULL,NULL,NULL,'Makassar','2021-06-01','Dosen','2021-06-01 22:04:36','2021-06-01 22:04:36'),('93921568-0585-4048-91d1-65f5294ac9ea','keterangan_istirahat','12345','Nama Lengkapnya','1234567890123456',NULL,'','Operasional',32,'Kepala Bagian',3,'2021-06-02','2021-06-04',NULL,NULL,NULL,NULL,NULL,NULL,'Makassar','2021-06-01','Dr Pj','2021-06-01 22:05:36','2021-06-01 22:05:36'),('9392c61b-08c0-41d3-9c79-48a2ceca2a50','pengantar','001','Nama','1234567890123456','<div>Isi Surat</div>','<div>Catatan</div>',NULL,NULL,'Jabatan',NULL,NULL,NULL,NULL,NULL,'Nama','1234567890123456','Gol','100000','Maros','2021-06-02','Nama Pengirim','2021-06-02 06:19:41','2021-06-02 06:19:41'),('93a04f00-c0e0-44ac-a71b-e65fa4e7911a','pengantar_swab','232323','2323','3232',NULL,NULL,'3232',NULL,NULL,NULL,NULL,NULL,NULL,NULL,NULL,NULL,NULL,NULL,'323232','2021-06-08','323232','2021-06-08 23:48:14','2021-06-08 23:48:14'),('93af2807-5fdb-4f7b-9434-a42a37532b91','keterangan_dokter','1008/Klinik/SKS/PA/VI/026','Zulkifli Ghalih Husaeni','7309143008080004',NULL,NULL,NULL,13,NULL,NULL,NULL,NULL,'Siswa','Jl. Taufik No. 1 Maros',NULL,NULL,NULL,NULL,'Maros','2021-06-16','Dr. Muhammad Nur Islam, S. Ked','2021-06-16 08:56:41','2021-06-16 08:56:41'),('93af2add-9aec-4e50-ad6d-92a4a1c8b190','keterangan_dokter','1008/Klinik/SKS/PA/VI/027','Zulfalah Ghalih Huseini','7309143008080005',NULL,NULL,NULL,13,NULL,NULL,NULL,NULL,'Siswa','Jl. Taufik No. 1 Maros',NULL,NULL,NULL,NULL,'Maros','2021-06-16','Dr. Muhammad Nur Islam, S. Ked','2021-06-16 09:04:37','2021-06-16 09:04:37'),('93af6051-0356-47dd-b3b8-79690acff6b6','keterangan_dokter','1008/Klinik/SKS/PA/VI/028','Nurul Hasdia Junaedi','7309036107030002',NULL,NULL,NULL,17,NULL,NULL,NULL,NULL,'Pelajar','Dusun Bulusipong, Kel. Alatengae, Kec. Bantimurung',NULL,NULL,NULL,NULL,'Maros','2021-06-16','Dr. Muhammad Nur Islam','2021-06-16 11:34:04','2021-06-16 11:34:04');

--
-- Table structure for table `regencies`
--

CREATE TABLE `regencies` (
  `id` char(4) COLLATE utf8_unicode_ci NOT NULL,
  `province_id` char(2) COLLATE utf8_unicode_ci NOT NULL,
  `name` varchar(255) COLLATE utf8_unicode_ci NOT NULL,
  PRIMARY KEY (`id`),
  KEY `regencies_province_id_index` (`province_id`),
  CONSTRAINT `regencies_province_id_foreign` FOREIGN KEY (`province_id`) REFERENCES `provinces` (`id`)
) ENGINE=InnoDB DEFAULT CHARSET=utf8 COLLATE=utf8_unicode_ci;

--
-- Dumping data for table `regencies`
--

INSERT INTO `regencies` VALUES ('1101','11','KABUPATEN SIMEULUE'),('1102','11','KABUPATEN ACEH SINGKIL'),('1103','11','KABUPATEN ACEH SELATAN'),('1104','11','KABUPATEN ACEH TENGGARA'),('1105','11','KABUPATEN ACEH TIMUR'),('1106','11','KABUPATEN ACEH TENGAH'),('1107','11','KABUPATEN ACEH BARAT'),('1108','11','KABUPATEN ACEH BESAR'),('1109','11','KABUPATEN PIDIE'),('1110','11','KABUPATEN BIREUEN'),('1111','11','KABUPATEN ACEH UTARA'),('1112','11','KABUPATEN ACEH BARAT DAYA'),('1113','11','KABUPATEN GAYO LUES'),('1114','11','KABUPATEN ACEH TAMIANG'),('1115','11','KABUPATEN NAGAN RAYA'),('1116','11','KABUPATEN ACEH JAYA'),('1117','11','KABUPATEN BENER MERIAH'),('1118','11','KABUPATEN PIDIE JAYA'),('1171','11','KOTA BANDA ACEH'),('1172','11','KOTA SABANG'),('1173','11','KOTA LANGSA'),('1174','11','KOTA LHOKSEUMAWE'),('1175','11','KOTA SUBULUSSALAM'),('1201','12','KABUPATEN NIAS'),('1202','12','KABUPATEN MANDAILING NATAL'),('1203','12','KABUPATEN TAPANULI SELATAN'),('1204','12','KABUPATEN TAPANULI TENGAH'),('1205','12','KABUPATEN TAPANULI UTARA'),('1206','12','KABUPATEN TOBA SAMOSIR'),('1207','12','KABUPATEN LABUHAN BATU'),('1208','12','KABUPATEN ASAHAN'),('1209','12','KABUPATEN SIMALUNGUN'),('1210','12','KABUPATEN DAIRI'),('1211','12','KABUPATEN KARO'),('1212','12','KABUPATEN DELI SERDANG'),('1213','12','KABUPATEN LANGKAT'),('1214','12','KABUPATEN NIAS SELATAN'),('1215','12','KABUPATEN HUMBANG HASUNDUTAN'),('1216','12','KABUPATEN PAKPAK BHARAT'),('1217','12','KABUPATEN SAMOSIR'),('1218','12','KABUPATEN SERDANG BEDAGAI'),('1219','12','KABUPATEN BATU BARA'),('1220','12','KABUPATEN PADANG LAWAS UTARA'),('1221','12','KABUPATEN PADANG LAWAS'),('1222','12','KABUPATEN LABUHAN BATU SELATAN'),('1223','12','KABUPATEN LABUHAN BATU UTARA'),('1224','12','KABUPATEN NIAS UTARA'),('1225','12','KABUPATEN NIAS BARAT'),('1271','12','KOTA SIBOLGA'),('1272','12','KOTA TANJUNG BALAI'),('1273','12','KOTA PEMATANG SIANTAR'),('1274','12','KOTA TEBING TINGGI'),('1275','12','KOTA MEDAN'),('1276','12','KOTA BINJAI'),('1277','12','KOTA PADANGSIDIMPUAN'),('1278','12','KOTA GUNUNGSITOLI'),('1301','13','KABUPATEN KEPULAUAN MENTAWAI'),('1302','13','KABUPATEN PESISIR SELATAN'),('1303','13','KABUPATEN SOLOK'),('1304','13','KABUPATEN SIJUNJUNG'),('1305','13','KABUPATEN TANAH DATAR'),('1306','13','KABUPATEN PADANG PARIAMAN'),('1307','13','KABUPATEN AGAM'),('1308','13','KABUPATEN LIMA PULUH KOTA'),('1309','13','KABUPATEN PASAMAN'),('1310','13','KABUPATEN SOLOK SELATAN'),('1311','13','KABUPATEN DHARMASRAYA'),('1312','13','KABUPATEN PASAMAN BARAT'),('1371','13','KOTA PADANG'),('1372','13','KOTA SOLOK'),('1373','13','KOTA SAWAH LUNTO'),('1374','13','KOTA PADANG PANJANG'),('1375','13','KOTA BUKITTINGGI'),('1376','13','KOTA PAYAKUMBUH'),('1377','13','KOTA PARIAMAN'),('1401','14','KABUPATEN KUANTAN SINGINGI'),('1402','14','KABUPATEN INDRAGIRI HULU'),('1403','14','KABUPATEN INDRAGIRI HILIR'),('1404','14','KABUPATEN PELALAWAN'),('1405','14','KABUPATEN S I A K'),('1406','14','KABUPATEN KAMPAR'),('1407','14','KABUPATEN ROKAN HULU'),('1408','14','KABUPATEN BENGKALIS'),('1409','14','KABUPATEN ROKAN HILIR'),('1410','14','KABUPATEN KEPULAUAN MERANTI'),('1471','14','KOTA PEKANBARU'),('1473','14','KOTA D U M A I'),('1501','15','KABUPATEN KERINCI'),('1502','15','KABUPATEN MERANGIN'),('1503','15','KABUPATEN SAROLANGUN'),('1504','15','KABUPATEN BATANG HARI'),('1505','15','KABUPATEN MUARO JAMBI'),('1506','15','KABUPATEN TANJUNG JABUNG TIMUR'),('1507','15','KABUPATEN TANJUNG JABUNG BARAT'),('1508','15','KABUPATEN TEBO'),('1509','15','KABUPATEN BUNGO'),('1571','15','KOTA JAMBI'),('1572','15','KOTA SUNGAI PENUH'),('1601','16','KABUPATEN OGAN KOMERING ULU'),('1602','16','KABUPATEN OGAN KOMERING ILIR'),('1603','16','KABUPATEN MUARA ENIM'),('1604','16','KABUPATEN LAHAT'),('1605','16','KABUPATEN MUSI RAWAS'),('1606','16','KABUPATEN MUSI BANYUASIN'),('1607','16','KABUPATEN BANYU ASIN'),('1608','16','KABUPATEN OGAN KOMERING ULU SELATAN'),('1609','16','KABUPATEN OGAN KOMERING ULU TIMUR'),('1610','16','KABUPATEN OGAN ILIR'),('1611','16','KABUPATEN EMPAT LAWANG'),('1612','16','KABUPATEN PENUKAL ABAB LEMATANG ILIR'),('1613','16','KABUPATEN MUSI RAWAS UTARA'),('1671','16','KOTA PALEMBANG'),('1672','16','KOTA PRABUMULIH'),('1673','16','KOTA PAGAR ALAM'),('1674','16','KOTA LUBUKLINGGAU'),('1701','17','KABUPATEN BENGKULU SELATAN'),('1702','17','KABUPATEN REJANG LEBONG'),('1703','17','KABUPATEN BENGKULU UTARA'),('1704','17','KABUPATEN KAUR'),('1705','17','KABUPATEN SELUMA'),('1706','17','KABUPATEN MUKOMUKO'),('1707','17','KABUPATEN LEBONG'),('1708','17','KABUPATEN KEPAHIANG'),('1709','17','KABUPATEN BENGKULU TENGAH'),('1771','17','KOTA BENGKULU'),('1801','18','KABUPATEN LAMPUNG BARAT'),('1802','18','KABUPATEN TANGGAMUS'),('1803','18','KABUPATEN LAMPUNG SELATAN'),('1804','18','KABUPATEN LAMPUNG TIMUR'),('1805','18','KABUPATEN LAMPUNG TENGAH'),('1806','18','KABUPATEN LAMPUNG UTARA'),('1807','18','KABUPATEN WAY KANAN'),('1808','18','KABUPATEN TULANGBAWANG'),('1809','18','KABUPATEN PESAWARAN'),('1810','18','KABUPATEN PRINGSEWU'),('1811','18','KABUPATEN MESUJI'),('1812','18','KABUPATEN TULANG BAWANG BARAT'),('1813','18','KABUPATEN PESISIR BARAT'),('1871','18','KOTA BANDAR LAMPUNG'),('1872','18','KOTA METRO'),('1901','19','KABUPATEN BANGKA'),('1902','19','KABUPATEN BELITUNG'),('1903','19','KABUPATEN BANGKA BARAT'),('1904','19','KABUPATEN BANGKA TENGAH'),('1905','19','KABUPATEN BANGKA SELATAN'),('1906','19','KABUPATEN BELITUNG TIMUR'),('1971','19','KOTA PANGKAL PINANG'),('2101','21','KABUPATEN KARIMUN'),('2102','21','KABUPATEN BINTAN'),('2103','21','KABUPATEN NATUNA'),('2104','21','KABUPATEN LINGGA'),('2105','21','KABUPATEN KEPULAUAN ANAMBAS'),('2171','21','KOTA B A T A M'),('2172','21','KOTA TANJUNG PINANG'),('3101','31','KABUPATEN KEPULAUAN SERIBU'),('3171','31','KOTA JAKARTA SELATAN'),('3172','31','KOTA JAKARTA TIMUR'),('3173','31','KOTA JAKARTA PUSAT'),('3174','31','KOTA JAKARTA BARAT'),('3175','31','KOTA JAKARTA UTARA'),('3201','32','KABUPATEN BOGOR'),('3202','32','KABUPATEN SUKABUMI'),('3203','32','KABUPATEN CIANJUR'),('3204','32','KABUPATEN BANDUNG'),('3205','32','KABUPATEN GARUT'),('3206','32','KABUPATEN TASIKMALAYA'),('3207','32','KABUPATEN CIAMIS'),('3208','32','KABUPATEN KUNINGAN'),('3209','32','KABUPATEN CIREBON'),('3210','32','KABUPATEN MAJALENGKA'),('3211','32','KABUPATEN SUMEDANG'),('3212','32','KABUPATEN INDRAMAYU'),('3213','32','KABUPATEN SUBANG'),('3214','32','KABUPATEN PURWAKARTA'),('3215','32','KABUPATEN KARAWANG'),('3216','32','KABUPATEN BEKASI'),('3217','32','KABUPATEN BANDUNG BARAT'),('3218','32','KABUPATEN PANGANDARAN'),('3271','32','KOTA BOGOR'),('3272','32','KOTA SUKABUMI'),('3273','32','KOTA BANDUNG'),('3274','32','KOTA CIREBON'),('3275','32','KOTA BEKASI'),('3276','32','KOTA DEPOK'),('3277','32','KOTA CIMAHI'),('3278','32','KOTA TASIKMALAYA'),('3279','32','KOTA BANJAR'),('3301','33','KABUPATEN CILACAP'),('3302','33','KABUPATEN BANYUMAS'),('3303','33','KABUPATEN PURBALINGGA'),('3304','33','KABUPATEN BANJARNEGARA'),('3305','33','KABUPATEN KEBUMEN'),('3306','33','KABUPATEN PURWOREJO'),('3307','33','KABUPATEN WONOSOBO'),('3308','33','KABUPATEN MAGELANG'),('3309','33','KABUPATEN BOYOLALI'),('3310','33','KABUPATEN KLATEN'),('3311','33','KABUPATEN SUKOHARJO'),('3312','33','KABUPATEN WONOGIRI'),('3313','33','KABUPATEN KARANGANYAR'),('3314','33','KABUPATEN SRAGEN'),('3315','33','KABUPATEN GROBOGAN'),('3316','33','KABUPATEN BLORA'),('3317','33','KABUPATEN REMBANG'),('3318','33','KABUPATEN PATI'),('3319','33','KABUPATEN KUDUS'),('3320','33','KABUPATEN JEPARA'),('3321','33','KABUPATEN DEMAK'),('3322','33','KABUPATEN SEMARANG'),('3323','33','KABUPATEN TEMANGGUNG'),('3324','33','KABUPATEN KENDAL'),('3325','33','KABUPATEN BATANG'),('3326','33','KABUPATEN PEKALONGAN'),('3327','33','KABUPATEN PEMALANG'),('3328','33','KABUPATEN TEGAL'),('3329','33','KABUPATEN BREBES'),('3371','33','KOTA MAGELANG'),('3372','33','KOTA SURAKARTA'),('3373','33','KOTA SALATIGA'),('3374','33','KOTA SEMARANG'),('3375','33','KOTA PEKALONGAN'),('3376','33','KOTA TEGAL'),('3401','34','KABUPATEN KULON PROGO'),('3402','34','KABUPATEN BANTUL'),('3403','34','KABUPATEN GUNUNG KIDUL'),('3404','34','KABUPATEN SLEMAN'),('3471','34','KOTA YOGYAKARTA'),('3501','35','KABUPATEN PACITAN'),('3502','35','KABUPATEN PONOROGO'),('3503','35','KABUPATEN TRENGGALEK'),('3504','35','KABUPATEN TULUNGAGUNG'),('3505','35','KABUPATEN BLITAR'),('3506','35','KABUPATEN KEDIRI'),('3507','35','KABUPATEN MALANG'),('3508','35','KABUPATEN LUMAJANG'),('3509','35','KABUPATEN JEMBER'),('3510','35','KABUPATEN BANYUWANGI'),('3511','35','KABUPATEN BONDOWOSO'),('3512','35','KABUPATEN SITUBONDO'),('3513','35','KABUPATEN PROBOLINGGO'),('3514','35','KABUPATEN PASURUAN'),('3515','35','KABUPATEN SIDOARJO'),('3516','35','KABUPATEN MOJOKERTO'),('3517','35','KABUPATEN JOMBANG'),('3518','35','KABUPATEN NGANJUK'),('3519','35','KABUPATEN MADIUN'),('3520','35','KABUPATEN MAGETAN'),('3521','35','KABUPATEN NGAWI'),('3522','35','KABUPATEN BOJONEGORO'),('3523','35','KABUPATEN TUBAN'),('3524','35','KABUPATEN LAMONGAN'),('3525','35','KABUPATEN GRESIK'),('3526','35','KABUPATEN BANGKALAN'),('3527','35','KABUPATEN SAMPANG'),('3528','35','KABUPATEN PAMEKASAN'),('3529','35','KABUPATEN SUMENEP'),('3571','35','KOTA KEDIRI'),('3572','35','KOTA BLITAR'),('3573','35','KOTA MALANG'),('3574','35','KOTA PROBOLINGGO'),('3575','35','KOTA PASURUAN'),('3576','35','KOTA MOJOKERTO'),('3577','35','KOTA MADIUN'),('3578','35','KOTA SURABAYA'),('3579','35','KOTA BATU'),('3601','36','KABUPATEN PANDEGLANG'),('3602','36','KABUPATEN LEBAK'),('3603','36','KABUPATEN TANGERANG'),('3604','36','KABUPATEN SERANG'),('3671','36','KOTA TANGERANG'),('3672','36','KOTA CILEGON'),('3673','36','KOTA SERANG'),('3674','36','KOTA TANGERANG SELATAN'),('5101','51','KABUPATEN JEMBRANA'),('5102','51','KABUPATEN TABANAN'),('5103','51','KABUPATEN BADUNG'),('5104','51','KABUPATEN GIANYAR'),('5105','51','KABUPATEN KLUNGKUNG'),('5106','51','KABUPATEN BANGLI'),('5107','51','KABUPATEN KARANG ASEM'),('5108','51','KABUPATEN BULELENG'),('5171','51','KOTA DENPASAR'),('5201','52','KABUPATEN LOMBOK BARAT'),('5202','52','KABUPATEN LOMBOK TENGAH'),('5203','52','KABUPATEN LOMBOK TIMUR'),('5204','52','KABUPATEN SUMBAWA'),('5205','52','KABUPATEN DOMPU'),('5206','52','KABUPATEN BIMA'),('5207','52','KABUPATEN SUMBAWA BARAT'),('5208','52','KABUPATEN LOMBOK UTARA'),('5271','52','KOTA MATARAM'),('5272','52','KOTA BIMA'),('5301','53','KABUPATEN SUMBA BARAT'),('5302','53','KABUPATEN SUMBA TIMUR'),('5303','53','KABUPATEN KUPANG'),('5304','53','KABUPATEN TIMOR TENGAH SELATAN'),('5305','53','KABUPATEN TIMOR TENGAH UTARA'),('5306','53','KABUPATEN BELU'),('5307','53','KABUPATEN ALOR'),('5308','53','KABUPATEN LEMBATA'),('5309','53','KABUPATEN FLORES TIMUR'),('5310','53','KABUPATEN SIKKA'),('5311','53','KABUPATEN ENDE'),('5312','53','KABUPATEN NGADA'),('5313','53','KABUPATEN MANGGARAI'),('5314','53','KABUPATEN ROTE NDAO'),('5315','53','KABUPATEN MANGGARAI BARAT'),('5316','53','KABUPATEN SUMBA TENGAH'),('5317','53','KABUPATEN SUMBA BARAT DAYA'),('5318','53','KABUPATEN NAGEKEO'),('5319','53','KABUPATEN MANGGARAI TIMUR'),('5320','53','KABUPATEN SABU RAIJUA'),('5321','53','KABUPATEN MALAKA'),('5371','53','KOTA KUPANG'),('6101','61','KABUPATEN SAMBAS'),('6102','61','KABUPATEN BENGKAYANG'),('6103','61','KABUPATEN LANDAK'),('6104','61','KABUPATEN MEMPAWAH'),('6105','61','KABUPATEN SANGGAU'),('6106','61','KABUPATEN KETAPANG'),('6107','61','KABUPATEN SINTANG'),('6108','61','KABUPATEN KAPUAS HULU'),('6109','61','KABUPATEN SEKADAU'),('6110','61','KABUPATEN MELAWI'),('6111','61','KABUPATEN KAYONG UTARA'),('6112','61','KABUPATEN KUBU RAYA'),('6171','61','KOTA PONTIANAK'),('6172','61','KOTA SINGKAWANG'),('6201','62','KABUPATEN KOTAWARINGIN BARAT'),('6202','62','KABUPATEN KOTAWARINGIN TIMUR'),('6203','62','KABUPATEN KAPUAS'),('6204','62','KABUPATEN BARITO SELATAN'),('6205','62','KABUPATEN BARITO UTARA'),('6206','62','KABUPATEN SUKAMARA'),('6207','62','KABUPATEN LAMANDAU'),('6208','62','KABUPATEN SERUYAN'),('6209','62','KABUPATEN KATINGAN'),('6210','62','KABUPATEN PULANG PISAU'),('6211','62','KABUPATEN GUNUNG MAS'),('6212','62','KABUPATEN BARITO TIMUR'),('6213','62','KABUPATEN MURUNG RAYA'),('6271','62','KOTA PALANGKA RAYA'),('6301','63','KABUPATEN TANAH LAUT'),('6302','63','KABUPATEN KOTA BARU'),('6303','63','KABUPATEN BANJAR'),('6304','63','KABUPATEN BARITO KUALA'),('6305','63','KABUPATEN TAPIN'),('6306','63','KABUPATEN HULU SUNGAI SELATAN'),('6307','63','KABUPATEN HULU SUNGAI TENGAH'),('6308','63','KABUPATEN HULU SUNGAI UTARA'),('6309','63','KABUPATEN TABALONG'),('6310','63','KABUPATEN TANAH BUMBU'),('6311','63','KABUPATEN BALANGAN'),('6371','63','KOTA BANJARMASIN'),('6372','63','KOTA BANJAR BARU'),('6401','64','KABUPATEN PASER'),('6402','64','KABUPATEN KUTAI BARAT'),('6403','64','KABUPATEN KUTAI KARTANEGARA'),('6404','64','KABUPATEN KUTAI TIMUR'),('6405','64','KABUPATEN BERAU'),('6409','64','KABUPATEN PENAJAM PASER UTARA'),('6411','64','KABUPATEN MAHAKAM HULU'),('6471','64','KOTA BALIKPAPAN'),('6472','64','KOTA SAMARINDA'),('6474','64','KOTA BONTANG'),('6501','65','KABUPATEN MALINAU'),('6502','65','KABUPATEN BULUNGAN'),('6503','65','KABUPATEN TANA TIDUNG'),('6504','65','KABUPATEN NUNUKAN'),('6571','65','KOTA TARAKAN'),('7101','71','KABUPATEN BOLAANG MONGONDOW'),('7102','71','KABUPATEN MINAHASA'),('7103','71','KABUPATEN KEPULAUAN SANGIHE'),('7104','71','KABUPATEN KEPULAUAN TALAUD'),('7105','71','KABUPATEN MINAHASA SELATAN'),('7106','71','KABUPATEN MINAHASA UTARA'),('7107','71','KABUPATEN BOLAANG MONGONDOW UTARA'),('7108','71','KABUPATEN SIAU TAGULANDANG BIARO'),('7109','71','KABUPATEN MINAHASA TENGGARA'),('7110','71','KABUPATEN BOLAANG MONGONDOW SELATAN'),('7111','71','KABUPATEN BOLAANG MONGONDOW TIMUR'),('7171','71','KOTA MANADO'),('7172','71','KOTA BITUNG'),('7173','71','KOTA TOMOHON'),('7174','71','KOTA KOTAMOBAGU'),('7201','72','KABUPATEN BANGGAI KEPULAUAN'),('7202','72','KABUPATEN BANGGAI'),('7203','72','KABUPATEN MOROWALI'),('7204','72','KABUPATEN POSO'),('7205','72','KABUPATEN DONGGALA'),('7206','72','KABUPATEN TOLI-TOLI'),('7207','72','KABUPATEN BUOL'),('7208','72','KABUPATEN PARIGI MOUTONG'),('7209','72','KABUPATEN TOJO UNA-UNA'),('7210','72','KABUPATEN SIGI'),('7211','72','KABUPATEN BANGGAI LAUT'),('7212','72','KABUPATEN MOROWALI UTARA'),('7271','72','KOTA PALU'),('7301','73','KABUPATEN KEPULAUAN SELAYAR'),('7302','73','KABUPATEN BULUKUMBA'),('7303','73','KABUPATEN BANTAENG'),('7304','73','KABUPATEN JENEPONTO'),('7305','73','KABUPATEN TAKALAR'),('7306','73','KABUPATEN GOWA'),('7307','73','KABUPATEN SINJAI'),('7308','73','KABUPATEN MAROS'),('7309','73','KABUPATEN PANGKAJENE DAN KEPULAUAN'),('7310','73','KABUPATEN BARRU'),('7311','73','KABUPATEN BONE'),('7312','73','KABUPATEN SOPPENG'),('7313','73','KABUPATEN WAJO'),('7314','73','KABUPATEN SIDENRENG RAPPANG'),('7315','73','KABUPATEN PINRANG'),('7316','73','KABUPATEN ENREKANG'),('7317','73','KABUPATEN LUWU'),('7318','73','KABUPATEN TANA TORAJA'),('7322','73','KABUPATEN LUWU UTARA'),('7325','73','KABUPATEN LUWU TIMUR'),('7326','73','KABUPATEN TORAJA UTARA'),('7371','73','KOTA MAKASSAR'),('7372','73','KOTA PAREPARE'),('7373','73','KOTA PALOPO'),('7401','74','KABUPATEN BUTON'),('7402','74','KABUPATEN MUNA'),('7403','74','KABUPATEN KONAWE'),('7404','74','KABUPATEN KOLAKA'),('7405','74','KABUPATEN KONAWE SELATAN'),('7406','74','KABUPATEN BOMBANA'),('7407','74','KABUPATEN WAKATOBI'),('7408','74','KABUPATEN KOLAKA UTARA'),('7409','74','KABUPATEN BUTON UTARA'),('7410','74','KABUPATEN KONAWE UTARA'),('7411','74','KABUPATEN KOLAKA TIMUR'),('7412','74','KABUPATEN KONAWE KEPULAUAN'),('7413','74','KABUPATEN MUNA BARAT'),('7414','74','KABUPATEN BUTON TENGAH'),('7415','74','KABUPATEN BUTON SELATAN'),('7471','74','KOTA KENDARI'),('7472','74','KOTA BAUBAU'),('7501','75','KABUPATEN BOALEMO'),('7502','75','KABUPATEN GORONTALO'),('7503','75','KABUPATEN POHUWATO'),('7504','75','KABUPATEN BONE BOLANGO'),('7505','75','KABUPATEN GORONTALO UTARA'),('7571','75','KOTA GORONTALO'),('7601','76','KABUPATEN MAJENE'),('7602','76','KABUPATEN POLEWALI MANDAR'),('7603','76','KABUPATEN MAMASA'),('7604','76','KABUPATEN MAMUJU'),('7605','76','KABUPATEN MAMUJU UTARA'),('7606','76','KABUPATEN MAMUJU TENGAH'),('8101','81','KABUPATEN MALUKU TENGGARA BARAT'),('8102','81','KABUPATEN MALUKU TENGGARA'),('8103','81','KABUPATEN MALUKU TENGAH'),('8104','81','KABUPATEN BURU'),('8105','81','KABUPATEN KEPULAUAN ARU'),('8106','81','KABUPATEN SERAM BAGIAN BARAT'),('8107','81','KABUPATEN SERAM BAGIAN TIMUR'),('8108','81','KABUPATEN MALUKU BARAT DAYA'),('8109','81','KABUPATEN BURU SELATAN'),('8171','81','KOTA AMBON'),('8172','81','KOTA TUAL'),('8201','82','KABUPATEN HALMAHERA BARAT'),('8202','82','KABUPATEN HALMAHERA TENGAH'),('8203','82','KABUPATEN KEPULAUAN SULA'),('8204','82','KABUPATEN HALMAHERA SELATAN'),('8205','82','KABUPATEN HALMAHERA UTARA'),('8206','82','KABUPATEN HALMAHERA TIMUR'),('8207','82','KABUPATEN PULAU MOROTAI'),('8208','82','KABUPATEN PULAU TALIABU'),('8271','82','KOTA TERNATE'),('8272','82','KOTA TIDORE KEPULAUAN'),('9101','91','KABUPATEN FAKFAK'),('9102','91','KABUPATEN KAIMANA'),('9103','91','KABUPATEN TELUK WONDAMA'),('9104','91','KABUPATEN TELUK BINTUNI'),('9105','91','KABUPATEN MANOKWARI'),('9106','91','KABUPATEN SORONG SELATAN'),('9107','91','KABUPATEN SORONG'),('9108','91','KABUPATEN RAJA AMPAT'),('9109','91','KABUPATEN TAMBRAUW'),('9110','91','KABUPATEN MAYBRAT'),('9111','91','KABUPATEN MANOKWARI SELATAN'),('9112','91','KABUPATEN PEGUNUNGAN ARFAK'),('9171','91','KOTA SORONG'),('9401','94','KABUPATEN MERAUKE'),('9402','94','KABUPATEN JAYAWIJAYA'),('9403','94','KABUPATEN JAYAPURA'),('9404','94','KABUPATEN NABIRE'),('9408','94','KABUPATEN KEPULAUAN YAPEN'),('9409','94','KABUPATEN BIAK NUMFOR'),('9410','94','KABUPATEN PANIAI'),('9411','94','KABUPATEN PUNCAK JAYA'),('9412','94','KABUPATEN MIMIKA'),('9413','94','KABUPATEN BOVEN DIGOEL'),('9414','94','KABUPATEN MAPPI'),('9415','94','KABUPATEN ASMAT'),('9416','94','KABUPATEN YAHUKIMO'),('9417','94','KABUPATEN PEGUNUNGAN BINTANG'),('9418','94','KABUPATEN TOLIKARA'),('9419','94','KABUPATEN SARMI'),('9420','94','KABUPATEN KEEROM'),('9426','94','KABUPATEN WAROPEN'),('9427','94','KABUPATEN SUPIORI'),('9428','94','KABUPATEN MAMBERAMO RAYA'),('9429','94','KABUPATEN NDUGA'),('9430','94','KABUPATEN LANNY JAYA'),('9431','94','KABUPATEN MAMBERAMO TENGAH'),('9432','94','KABUPATEN YALIMO'),('9433','94','KABUPATEN PUNCAK'),('9434','94','KABUPATEN DOGIYAI'),('9435','94','KABUPATEN INTAN JAYA'),('9436','94','KABUPATEN DEIYAI'),('9471','94','KOTA JAYAPURA');

--
-- Table structure for table `role_has_permissions`
--

CREATE TABLE `role_has_permissions` (
  `permission_id` bigint(20) unsigned NOT NULL,
  `role_id` bigint(20) unsigned NOT NULL,
  PRIMARY KEY (`permission_id`,`role_id`),
  KEY `role_has_permissions_role_id_foreign` (`role_id`),
  CONSTRAINT `role_has_permissions_permission_id_foreign` FOREIGN KEY (`permission_id`) REFERENCES `permissions` (`id`) ON DELETE CASCADE,
  CONSTRAINT `role_has_permissions_role_id_foreign` FOREIGN KEY (`role_id`) REFERENCES `roles` (`id`) ON DELETE CASCADE
) ENGINE=InnoDB DEFAULT CHARSET=utf8mb4 COLLATE=utf8mb4_unicode_ci;

--
-- Dumping data for table `role_has_permissions`
--

INSERT INTO `role_has_permissions` VALUES (1,1),(2,1),(15,1),(16,1),(17,1),(18,1),(19,1),(20,1),(21,1),(22,1),(23,1),(24,1),(25,1),(26,1),(27,1),(28,1),(29,1),(30,1),(31,1),(32,1),(33,1),(34,1),(35,1),(36,1),(37,1),(38,1),(39,1),(40,1),(41,1),(42,1),(43,1),(44,1),(45,1),(46,1),(47,1),(48,1),(49,1),(50,1),(51,1),(52,1),(53,1),(54,1),(55,1),(56,1),(57,1),(58,1),(59,1),(60,1),(61,1),(62,1),(63,1),(64,1),(65,1),(66,1),(67,1),(68,1),(69,1),(70,1),(71,1),(72,1),(73,1),(74,1),(75,1),(76,1),(77,1),(78,1),(79,1),(80,1),(81,1),(82,1),(83,1),(84,1),(85,1),(86,1),(87,1),(88,1),(89,1),(90,1),(91,1),(92,1),(93,1),(94,1),(95,1),(96,1),(97,1),(98,1),(99,1),(100,1),(101,1),(102,1),(103,1),(104,1),(105,1),(106,1),(107,1),(108,1),(109,1),(110,1),(111,1),(112,1),(113,1),(114,1),(115,1),(116,1),(117,1),(118,1),(119,1),(120,1),(121,1),(122,1),(123,1),(124,1),(125,1),(126,1),(127,1),(128,1),(129,1),(130,1),(131,1),(132,1),(133,1),(134,1),(135,1),(136,1),(137,1),(138,1),(139,1),(140,1),(141,1),(142,1),(143,1),(144,1),(145,1),(146,1),(147,1),(148,1),(149,1),(150,1),(151,1),(152,1),(153,1),(154,1),(155,1),(156,1),(157,1),(158,1),(159,1),(160,1),(161,1),(162,1),(163,1),(164,1),(165,1),(166,1),(167,1),(168,1),(169,1),(170,1),(171,1),(172,1),(173,1),(174,1),(175,1),(176,1),(177,1),(178,1),(179,1),(180,1),(181,1),(182,1),(183,1),(184,1),(185,1),(186,1),(187,1),(188,1),(189,1),(190,1),(191,1),(192,1),(193,1),(194,1),(195,1),(196,1),(197,1),(198,1),(199,1),(200,1),(201,1),(202,1),(203,1),(204,1),(205,1),(206,1),(207,1),(208,1),(209,1),(210,1),(211,1),(212,1),(213,1),(214,1),(215,1),(216,1),(217,1),(218,1),(219,1),(220,1),(221,1),(222,1),(223,1),(224,1),(225,1),(226,1),(227,1),(228,1),(229,1),(230,1),(231,1),(232,1),(233,1),(234,1),(235,1),(236,1),(237,1),(238,1),(239,1),(240,1),(241,1),(242,1),(243,1),(244,1),(252,1),(253,1),(254,1),(255,1),(256,1),(257,1),(258,1),(259,1),(260,1),(261,1),(262,1),(3,2),(4,2),(16,2),(17,2),(18,2),(19,2),(20,2),(21,2),(22,2),(23,2),(24,2),(25,2),(26,2),(27,2),(28,2),(29,2),(30,2),(31,2),(32,2),(33,2),(34,2),(35,2),(36,2),(37,2),(38,2),(39,2),(40,2),(41,2),(42,2),(43,2),(44,2),(45,2),(46,2),(47,2),(48,2),(49,2),(50,2),(51,2),(52,2),(53,2),(54,2),(55,2),(56,2),(57,2),(58,2),(59,2),(60,2),(61,2),(62,2),(63,2),(64,2),(65,2),(66,2),(67,2),(68,2),(69,2),(70,2),(71,2),(72,2),(73,2),(74,2),(75,2),(76,2),(77,2),(78,2),(79,2),(80,2),(81,2),(82,2),(83,2),(84,2),(85,2),(86,2),(87,2),(88,2),(89,2),(90,2),(91,2),(92,2),(93,2),(94,2),(95,2),(96,2),(97,2),(98,2),(99,2),(100,2),(101,2),(102,2),(103,2),(104,2),(105,2),(106,2),(107,2),(108,2),(109,2),(110,2),(111,2),(112,2),(113,2),(114,2),(115,2),(116,2),(117,2),(118,2),(119,2),(120,2),(121,2),(122,2),(123,2),(124,2),(125,2),(126,2),(127,2),(128,2),(129,2),(130,2),(131,2),(132,2),(133,2),(134,2),(135,2),(136,2),(137,2),(138,2),(139,2),(140,2),(141,2),(142,2),(143,2),(144,2),(145,2),(146,2),(147,2),(148,2),(149,2),(150,2),(151,2),(152,2),(153,2),(154,2),(155,2),(156,2),(157,2),(158,2),(159,2),(160,2),(161,2),(162,2),(163,2),(164,2),(165,2),(166,2),(167,2),(168,2),(169,2),(170,2),(171,2),(172,2),(173,2),(174,2),(175,2),(176,2),(177,2),(178,2),(179,2),(180,2),(181,2),(182,2),(183,2),(184,2),(185,2),(186,2),(187,2),(188,2),(189,2),(190,2),(191,2),(192,2),(193,2),(194,2),(195,2),(196,2),(197,2),(198,2),(199,2),(200,2),(205,2),(206,2),(207,2),(208,2),(209,2),(210,2),(211,2),(212,2),(213,2),(214,2),(215,2),(216,2),(217,2),(218,2),(219,2),(220,2),(221,2),(222,2),(223,2),(224,2),(225,2),(226,2),(229,2),(230,2),(231,2),(232,2),(233,2),(234,2),(235,2),(236,2),(237,2),(238,2),(239,2),(240,2),(241,2),(242,2),(243,2),(244,2),(252,2),(258,2),(259,2),(260,2),(261,2),(262,2),(13,4),(14,4),(245,4),(246,4),(247,4),(248,4),(249,4),(250,4),(251,4),(228,5),(191,6),(192,6),(193,6),(194,6),(195,6),(196,6),(197,6),(198,6),(199,6),(200,6),(201,6),(202,6),(203,6),(204,6),(227,6),(228,6),(9,7),(10,7),(100,7),(101,7),(102,7),(103,7),(104,7),(105,7),(106,7),(107,7),(124,7),(125,7),(126,7),(127,7),(128,7),(129,7),(130,7),(131,7),(132,7),(133,7),(134,7),(135,7),(136,7),(137,7),(138,7),(139,7),(140,7),(141,7),(142,7),(143,7),(144,7),(145,7),(146,7),(147,7),(148,7),(149,7),(150,7),(151,7),(152,7),(153,7),(154,7),(155,7),(156,7),(157,7),(158,7),(159,7),(160,7),(161,7),(162,7),(163,7),(164,7),(165,7),(166,7),(167,7),(168,7),(169,7),(170,7),(171,7),(172,7),(173,7),(174,7),(179,7),(180,7),(181,7),(182,7),(183,7),(184,7),(185,7),(186,7),(187,7),(188,7),(189,7),(190,7),(191,7),(192,7),(193,7),(194,7),(195,7),(196,7),(197,7),(198,7),(199,7),(200,7),(214,7),(215,7),(216,7),(217,7),(218,7),(219,7),(220,7),(221,7),(222,7),(13,8),(14,8),(145,8);

--
-- Table structure for table `roles`
--

CREATE TABLE `roles` (
  `id` bigint(20) unsigned NOT NULL AUTO_INCREMENT,
  `name` varchar(255) COLLATE utf8mb4_unicode_ci NOT NULL,
  `guard_name` varchar(255) COLLATE utf8mb4_unicode_ci NOT NULL,
  `created_at` timestamp NULL DEFAULT NULL,
  `updated_at` timestamp NULL DEFAULT NULL,
  PRIMARY KEY (`id`)
) ENGINE=InnoDB AUTO_INCREMENT=9 DEFAULT CHARSET=utf8mb4 COLLATE=utf8mb4_unicode_ci;

--
-- Dumping data for table `roles`
--

INSERT INTO `roles` VALUES (1,'superadmin','web','2021-05-21 23:43:32','2021-05-21 23:43:32'),(2,'admin','web','2021-05-21 23:43:32','2021-05-21 23:43:32'),(3,'dokter','web','2021-05-21 23:43:32','2021-05-21 23:43:32'),(4,'pasien','web','2021-05-21 23:43:32','2021-05-21 23:43:32'),(5,'kasir','web','2021-05-21 23:43:32','2021-05-21 23:43:32'),(6,'apoteker','web','2021-05-21 23:43:32','2021-05-21 23:43:32'),(7,'perawat','web','2021-05-21 23:43:32','2021-05-21 23:43:32'),(8,'lab','web','2021-05-21 23:43:32','2021-05-21 23:43:32');

--
-- Table structure for table `running_texts`
--

CREATE TABLE `running_texts` (
  `id` char(36) COLLATE utf8mb4_unicode_ci NOT NULL,
  `contents` varchar(255) COLLATE utf8mb4_unicode_ci NOT NULL,
  `created_at` timestamp NULL DEFAULT NULL,
  `updated_at` timestamp NULL DEFAULT NULL,
  PRIMARY KEY (`id`)
) ENGINE=InnoDB DEFAULT CHARSET=utf8mb4 COLLATE=utf8mb4_unicode_ci;

--
-- Dumping data for table `running_texts`
--


--
-- Table structure for table `schedule_templates`
--

CREATE TABLE `schedule_templates` (
  `id` char(36) COLLATE utf8mb4_unicode_ci NOT NULL,
  `doctor_id` char(36) COLLATE utf8mb4_unicode_ci NOT NULL,
  `polyclinic_id` char(36) COLLATE utf8mb4_unicode_ci NOT NULL,
  `templates` mediumtext COLLATE utf8mb4_unicode_ci NOT NULL,
  `information` text COLLATE utf8mb4_unicode_ci,
  `created_at` timestamp NULL DEFAULT NULL,
  `updated_at` timestamp NULL DEFAULT NULL,
  PRIMARY KEY (`id`)
) ENGINE=InnoDB DEFAULT CHARSET=utf8mb4 COLLATE=utf8mb4_unicode_ci;

--
-- Dumping data for table `schedule_templates`
--


--
-- Table structure for table `schedules`
--

CREATE TABLE `schedules` (
  `id` char(36) COLLATE utf8mb4_unicode_ci NOT NULL,
  `code` varchar(255) COLLATE utf8mb4_unicode_ci NOT NULL,
  `name` varchar(255) COLLATE utf8mb4_unicode_ci NOT NULL,
  `start` time NOT NULL,
  `end` time NOT NULL,
  `quota` int(11) NOT NULL,
  `have_doctor` tinyint(1) NOT NULL DEFAULT '0',
  `is_active` tinyint(1) NOT NULL DEFAULT '1',
  `created_at` timestamp NULL DEFAULT NULL,
  `updated_at` timestamp NULL DEFAULT NULL,
  PRIMARY KEY (`id`)
) ENGINE=InnoDB DEFAULT CHARSET=utf8mb4 COLLATE=utf8mb4_unicode_ci;

--
-- Dumping data for table `schedules`
--

INSERT INTO `schedules` VALUES ('937c17a2-3947-4a36-bbbc-9c7148c4255e','KONSULTASI','Konsultasi Dokter','07:00:00','15:00:00',20,1,1,'2021-05-21 23:43:37','2021-06-16 07:57:52'),('937c17a2-39e3-4f44-9ab5-b77f4ffb1a9d','LAB','Konsultasi Lab','09:00:00','16:00:00',10,1,1,'2021-05-21 23:43:37','2021-05-21 23:43:37'),('93932ed4-4e34-4b98-a921-2fd0dcd78191','003','Layanan Farmasi','07:00:00','15:00:00',50,0,1,'2021-06-02 11:12:31','2021-06-02 11:12:31'),('93a9e67a-2a65-4779-a4da-e407c7d707e1','KONSULTASI DOKTER DR. ROY','Konsultasi Dokter Dr. Roy','15:13:00','07:00:00',10,1,1,'2021-06-13 18:14:15','2021-06-13 18:20:28');

--
-- Table structure for table `services`
--

CREATE TABLE `services` (
  `id` char(36) COLLATE utf8mb4_unicode_ci NOT NULL,
  `name` varchar(255) COLLATE utf8mb4_unicode_ci NOT NULL,
  `rates` int(11) NOT NULL,
  `share_doctor` int(11) DEFAULT NULL,
  `share_operator` int(11) DEFAULT NULL,
  `share_nurse` int(11) DEFAULT NULL,
  `share_consumable` int(11) DEFAULT NULL,
  `share_tool` int(11) DEFAULT NULL,
  `payment_method` varchar(255) COLLATE utf8mb4_unicode_ci NOT NULL,
  `is_active` tinyint(1) NOT NULL DEFAULT '1',
  `created_at` timestamp NULL DEFAULT NULL,
  `updated_at` timestamp NULL DEFAULT NULL,
  PRIMARY KEY (`id`)
) ENGINE=InnoDB DEFAULT CHARSET=utf8mb4 COLLATE=utf8mb4_unicode_ci;

--
-- Dumping data for table `services`
--

INSERT INTO `services` VALUES ('92d89fec-3139-4b6d-88d6-c9443302fb7f','Konsultasi Dokter',50000,0,0,0,0,0,'Umum',1,'2021-03-01 09:28:56','2021-03-01 09:28:56'),('92d89fec-3139-4b6d-88d6-c9443302fb8f','Konsultasi Lab',0,0,0,0,0,0,'Umum',1,'2021-03-01 09:28:56','2021-03-01 09:28:56'),('92d89fec-f935-42f7-82e6-eb0d50282349','Injeksi Obat ',15000,0,0,0,0,0,'Umum',1,'2021-03-01 09:28:56','2021-03-01 09:28:56'),('92d89fec-fa94-4b9d-8fd0-82d932d88ef0','Vaginal Swab',30000,0,0,0,0,0,'Umum',1,'2021-03-01 09:28:56','2021-03-01 09:28:56'),('92d89fec-fbcf-42ee-97d4-0a5957c3cc9a','Vulva Hygiene',20000,0,0,0,0,0,'Umum',1,'2021-03-01 09:28:56','2021-03-01 09:28:56'),('92d89fec-fd01-4b2a-9101-60917e7e22f0','Paps Smear',117500,0,0,0,0,0,'Umum',1,'2021-03-01 09:28:56','2021-03-01 09:28:56'),('92d89fec-fe31-4aa8-a130-d4d73c564dcc','Tutul Albothyl',17500,0,0,0,0,0,'Umum',1,'2021-03-01 09:28:57','2021-03-01 09:28:57'),('92d89fec-ff5c-4e43-9095-767b24c21c57','Tamponade',17500,0,0,0,0,0,'Umum',1,'2021-03-01 09:28:57','2021-03-01 09:28:57'),('92d89fed-00a4-4154-a124-7d8f0a8bdaac','Pasang Iud / Pasang Spiral',222500,0,0,0,0,0,'Umum',1,'2021-03-01 09:28:57','2021-03-01 09:28:57'),('92d89fed-01e8-4d6d-badf-7c025c9ca28d','Angkat Iud / Buka Spiral',216500,0,0,0,0,0,'Umum',1,'2021-03-01 09:28:57','2021-03-01 09:28:57'),('92d89fed-031e-4998-a6fd-87693cb99d66','Pasang Kb Susuk',326000,0,0,0,0,0,'Umum',1,'2021-03-01 09:28:57','2021-03-01 09:28:57'),('92d89fed-0451-45ab-b3fc-9cdf74782c9b','Angkat Kb Susuk',326000,0,0,0,0,0,'Umum',1,'2021-03-01 09:28:57','2021-03-01 09:28:57'),('92d89fed-0585-4d39-8b40-95f8e505b857','Kb Suntik',55000,0,0,0,0,0,'Umum',1,'2021-03-01 09:28:57','2021-03-01 09:28:57'),('92d89fed-06c6-4e23-9ee9-51ac6cfcf0f5','Inseminasi',1041000,0,0,0,0,0,'Umum',1,'2021-03-01 09:28:57','2021-03-01 09:28:57'),('92d89fed-0871-4bed-a6cb-26dd4638faca','U P S',30000,0,0,0,0,0,'Umum',1,'2021-03-01 09:28:57','2021-03-01 09:28:57'),('92d89fed-0b80-4173-be7c-c2adcf89be3a','U M S',30000,0,0,0,0,0,'Umum',1,'2021-03-01 09:28:57','2021-03-01 09:28:57'),('92d89fed-0e82-4ff3-842c-259cdad20c37','Periksa Hamil',112000,0,0,0,0,0,'Umum',1,'2021-03-01 09:28:57','2021-03-01 09:28:57'),('92d89fed-1184-49b2-b1eb-45a3dc4bf4dd','Tindakan Metilen Blue',118500,0,0,0,0,0,'Umum',1,'2021-03-01 09:28:57','2021-03-01 09:28:57'),('92d89fed-1495-4bdc-b1db-73b9f43943c8','Pasang Busi',62000,0,0,0,0,0,'Umum',1,'2021-03-01 09:28:57','2021-03-01 09:28:57'),('92d89fed-172e-40fe-87a4-654c34dd6aa0','Pasang Ring',123500,0,0,0,0,0,'Umum',1,'2021-03-01 09:28:57','2021-03-01 09:28:57'),('92d89fed-198f-407a-bfb1-2ef14308b9dd','Angkat Ring',123500,0,0,0,0,0,'Umum',1,'2021-03-01 09:28:57','2021-03-01 09:28:57'),('92d89fed-1bef-4189-b237-a1ad9cc7c7d9','Kontrol Ring',136000,0,0,0,0,0,'Umum',1,'2021-03-01 09:28:57','2021-03-01 09:28:57'),('92d89fed-1e43-4bb3-884e-6270a6eb493d','Kuret Bertingkat',265000,0,0,0,0,0,'Umum',1,'2021-03-01 09:28:57','2021-03-01 09:28:57'),('92d89fed-2076-4032-9190-1439a633ce21','Hidrotubasi',218000,0,0,0,0,0,'Umum',1,'2021-03-01 09:28:57','2021-03-01 09:28:57'),('92d89fed-2287-4a03-9c1e-ab57f3bb498f','Kontrol Post Operasi',111000,0,0,0,0,0,'Umum',1,'2021-03-01 09:28:57','2021-03-01 09:28:57'),('92d89fed-2413-43bb-8269-caf82ffc5ff7','Ganti Verban',112000,0,0,0,0,0,'Umum',1,'2021-03-01 09:28:57','2021-03-01 09:28:57'),('92d89fed-254e-4234-8f7f-a5b02c14543b','Visum',311000,0,0,0,0,0,'Umum',1,'2021-03-01 09:28:57','2021-03-01 09:28:57'),('92d89fed-267b-4576-87cd-4a5a7303c0db','Biopsi',229000,0,0,0,0,0,'Umum',1,'2021-03-01 09:28:57','2021-03-01 09:28:57'),('92d89fed-27d1-4e3c-a29c-9c6e44ab2b9d','Cauter',329000,0,0,0,0,0,'Umum',1,'2021-03-01 09:28:57','2021-03-01 09:28:57'),('92d89fed-2918-429a-9b84-713936ff1525','Kontrol Pasca Melahirkan',116500,0,0,0,0,0,'Umum',1,'2021-03-01 09:28:57','2021-03-01 09:28:57'),('92d89fed-2a5b-495f-a802-181ff8c23c24','K T G',120000,0,0,0,0,0,'Umum',1,'2021-03-01 09:28:57','2021-03-01 09:28:57'),('92d89fed-2b90-4461-903d-6b2c396c69cd','Usg Dopler 2 Dimensi (Obgin)',136000,0,0,0,0,0,'Umum',1,'2021-03-01 09:28:57','2021-03-01 09:28:57'),('92d89fed-2cc9-472f-a0b6-559c15a4d27f','Usg Dopler 3 Dimensi (Obgin)',260000,0,0,0,0,0,'Umum',1,'2021-03-01 09:28:57','2021-03-01 09:28:57'),('92d89fed-2e1d-4f04-9f37-c15e854bea02','Kolposkopi',457000,0,0,0,0,0,'Umum',1,'2021-03-01 09:28:57','2021-03-01 09:28:57'),('92d89fed-2f58-40be-ae94-40b5ebe30882','Incisi Abses Kecil',90000,0,0,0,0,0,'Umum',1,'2021-03-01 09:28:57','2021-03-01 09:28:57'),('92d89fed-3091-4d00-965f-26e0e9f146df','Incisi Abses Sedang',118000,0,0,0,0,0,'Umum',1,'2021-03-01 09:28:57','2021-03-01 09:28:57'),('92d89fed-31c3-4797-b08a-cba1f33a9445','Incisi Abses Besar',166000,0,0,0,0,0,'Umum',1,'2021-03-01 09:28:57','2021-03-01 09:28:57'),('92d89fed-32f6-4c10-8e8f-791515a7d4cd','Pasang Foley Catheter',93000,0,0,0,0,0,'Umum',1,'2021-03-01 09:28:57','2021-03-01 09:28:57'),('92d89fed-3428-40f1-ad0b-e2b478605edd','Pasang Metal Catheter',93000,0,0,0,0,0,'Umum',1,'2021-03-01 09:28:57','2021-03-01 09:28:57'),('92d89fed-3576-44bc-8067-87eeb162939a','Bouginasi',37000,0,0,0,0,0,'Umum',1,'2021-03-01 09:28:57','2021-03-01 09:28:57'),('92d89fed-36ae-434d-872b-75eff842d627','Circumsisi',529000,0,0,0,0,0,'Umum',1,'2021-03-01 09:28:57','2021-03-01 09:28:57'),('92d89fed-37f0-4547-a338-2f49a54d2b36','Ekstirpasi',539000,0,0,0,0,0,'Umum',1,'2021-03-01 09:28:57','2021-03-01 09:28:57'),('92d89fed-392b-4db2-ae75-72c50b2e9148','Biopsi Insisi',498000,0,0,0,0,0,'Umum',1,'2021-03-01 09:28:57','2021-03-01 09:28:57'),('92d89fed-3a60-4884-a27d-1dbc283f0d9f','Tindakan Hecting < 5 Kali',35000,0,0,0,0,0,'Umum',1,'2021-03-01 09:28:57','2021-03-01 09:28:57'),('92d89fed-3bb2-435d-bacc-2d356d0911ab','Tindakan Hecting  5 S/D 15 Kali',120000,0,0,0,0,0,'Umum',1,'2021-03-01 09:28:57','2021-03-01 09:28:57'),('92d89fed-3cfd-411c-b53f-ce1a166e60ed','Tindakan Hecting > 15 Kali',177000,0,0,0,0,0,'Umum',1,'2021-03-01 09:28:57','2021-03-01 09:28:57'),('92d89fed-3e3c-476a-8623-9e320275f7a3','Gips Kecil Anak',230000,0,0,0,0,0,'Umum',1,'2021-03-01 09:28:57','2021-03-01 09:28:57'),('92d89fed-3f7a-42ea-a570-11cf67b3c817','Gips Kecil Dewasa',470000,0,0,0,0,0,'Umum',1,'2021-03-01 09:28:57','2021-03-01 09:28:57'),('92d89fed-40ba-49d4-8c77-86bf419f49fc','Gips Sedang Anak',510000,0,0,0,0,0,'Umum',1,'2021-03-01 09:28:57','2021-03-01 09:28:57'),('92d89fed-4207-4f67-bf7a-83870bde2f6a','Gips Sedang Dewasa',745000,0,0,0,0,0,'Umum',1,'2021-03-01 09:28:57','2021-03-01 09:28:57'),('92d89fed-434c-427c-8409-71e462359d0a','Gips Besar Anak',965000,0,0,0,0,0,'Umum',1,'2021-03-01 09:28:57','2021-03-01 09:28:57'),('92d89fed-4490-4334-bc88-ef519d300cc3','Gips Besar Dewasa',1130000,0,0,0,0,0,'Umum',1,'2021-03-01 09:28:57','2021-03-01 09:28:57'),('92d89fed-45c8-4c4a-b269-33371be38b12','Ganti Verban Kecil ( S/D 15 Cm )',30000,0,0,0,0,0,'Umum',1,'2021-03-01 09:28:57','2021-03-01 09:28:57'),('92d89fed-4702-49e6-9438-bf66e2c67ecc','Ganti Verban Sedang ( 16 Cm S/D 50 Cm )',65000,0,0,0,0,0,'Umum',1,'2021-03-01 09:28:57','2021-03-01 09:28:57'),('92d89fed-4855-4ff7-bdb9-94c680480f7e','Ganti Verban Besar  ( > 50 Cm )',144000,0,0,0,0,0,'Umum',1,'2021-03-01 09:28:57','2021-03-01 09:28:57'),('92d89fed-4994-49bb-b846-36a12ac04db4','Angkat Jahitan',17500,0,0,0,0,0,'Umum',1,'2021-03-01 09:28:57','2021-03-01 09:28:57'),('92d89fed-4ad1-4fd5-bbde-60dda01c67df','Minor Kecil',504000,0,0,0,0,0,'Umum',1,'2021-03-01 09:28:57','2021-03-01 09:28:57'),('92d89fed-4c0e-4e92-ba37-a8262a1df770','Minor Sedang',516000,0,0,0,0,0,'Umum',1,'2021-03-01 09:28:57','2021-03-01 09:28:57'),('92d89fed-4d3e-4f28-8a62-4957341709e6','Minor Besar',531000,0,0,0,0,0,'Umum',1,'2021-03-01 09:28:57','2021-03-01 09:28:57'),('92d89fed-4e8d-466c-81de-74d9c0a59bb4','Nigel Ekstraksi',543000,0,0,0,0,0,'Umum',1,'2021-03-01 09:28:57','2021-03-01 09:28:57'),('92d89fed-4fd7-4635-851d-bb8c00b80e2c','Insisial Biopsi',70000,0,0,0,0,0,'Umum',1,'2021-03-01 09:28:57','2021-03-01 09:28:57'),('92d89fed-5110-47e8-80de-87492cbd2157','Eksisi Biopsi',527000,0,0,0,0,0,'Umum',1,'2021-03-01 09:28:57','2021-03-01 09:28:57'),('92d89fed-5249-4d83-b0fb-3727d5f337cc','Pasang Busi Laretra',40000,0,0,0,0,0,'Umum',1,'2021-03-01 09:28:57','2021-03-01 09:28:57'),('92d89fed-537d-4281-ae5e-9c411522f890','Cuci Kaki Diabetik',99000,0,0,0,0,0,'Umum',1,'2021-03-01 09:28:57','2021-03-01 09:28:57'),('92d89fed-54ad-4dc6-b751-6ddc3b0a19b2','Polip Recti',1170000,0,0,0,0,0,'Umum',1,'2021-03-01 09:28:57','2021-03-01 09:28:57'),('92d89fed-560c-45a5-98d5-6ef50b5af7d6','Fibioma Recti',1170000,0,0,0,0,0,'Umum',1,'2021-03-01 09:28:57','2021-03-01 09:28:57'),('92d89fed-574a-49ec-a045-2c107fa77be4','Biopsi Punch',1170000,0,0,0,0,0,'Umum',1,'2021-03-01 09:28:57','2021-03-01 09:28:57'),('92d89fed-58a5-4de5-82fa-68a331f76960','Insisi Drainase/Kuretase',1170000,0,0,0,0,0,'Umum',1,'2021-03-01 09:28:57','2021-03-01 09:28:57'),('92d89fed-59e8-40ef-abe1-5c6fd102ee29','Biopsi Insisi Dengan Anastesi Lokal',1170000,0,0,0,0,0,'Umum',1,'2021-03-01 09:28:57','2021-03-01 09:28:57'),('92d89fed-5b21-43ad-a1dd-239e7749fb16','Pleurodesis',1170000,0,0,0,0,0,'Umum',1,'2021-03-01 09:28:57','2021-03-01 09:28:57'),('92d89fed-5c76-4398-8b21-6f2d6ab18505','Core Biopsi',1170000,0,0,0,0,0,'Umum',1,'2021-03-01 09:28:57','2021-03-01 09:28:57'),('92d89fed-5db0-4780-9a7e-e4210bd33539','Insisi Abses Skrotum',1170000,0,0,0,0,0,'Umum',1,'2021-03-01 09:28:57','2021-03-01 09:28:57'),('92d89fed-5ef2-47e0-b9b0-8a23f8b878be','Insisi Abses Perincal',1170000,0,0,0,0,0,'Umum',1,'2021-03-01 09:28:57','2021-03-01 09:28:57'),('92d89fed-606c-46a4-9bc2-1a16ea7376b1','Biopsi Penis',1170000,0,0,0,0,0,'Umum',1,'2021-03-01 09:28:57','2021-03-01 09:28:57'),('92d89fed-623a-4c3b-b73a-291bbb534e0b','Dilatasi Urethra',1170000,0,0,0,0,0,'Umum',1,'2021-03-01 09:28:57','2021-03-01 09:28:57'),('92d89fed-63fe-42fe-8977-b0a63aab4e5b','Perawatan Kulit Dan Kuku Kaki',50000,0,0,0,0,0,'Umum',1,'2021-03-01 09:28:57','2021-03-01 09:28:57'),('92d89fed-65f2-4194-8cd7-d10d5daa1c34','Kontrol Luka',30000,0,0,0,0,0,'Umum',1,'2021-03-01 09:28:57','2021-03-01 09:28:57'),('92d89fed-67c2-4e6b-9fc4-ad1db6c96681','Kapalan',50000,0,0,0,0,0,'Umum',1,'2021-03-01 09:28:57','2021-03-01 09:28:57'),('92d89fed-6957-4fae-9361-ebbc5d47c4b4','Luka Dengan Nekrotoni',50000,0,0,0,0,0,'Umum',1,'2021-03-01 09:28:57','2021-03-01 09:28:57'),('92d89fed-6ab4-4f5a-a152-0bc1c46d18ee','Luka Dengan Ganggren',50000,0,0,0,0,0,'Umum',1,'2021-03-01 09:28:57','2021-03-01 09:28:57'),('92d89fed-6c07-469a-920f-735ec29becd4','Abi',50000,0,0,0,0,0,'Umum',1,'2021-03-01 09:28:57','2021-03-01 09:28:57'),('92d89fed-6d44-400f-b3c0-a2eb53c513a0','Cerumen',40000,0,0,0,0,0,'Umum',1,'2021-03-01 09:28:57','2021-03-01 09:28:57'),('92d89fed-6e7c-45f0-9874-0f33770e2ade','C. Alineum Tenggorokan',75000,0,0,0,0,0,'Umum',1,'2021-03-01 09:28:57','2021-03-01 09:28:57'),('92d89fed-6fc7-4750-8550-f6fab46b8428','C. Alineum Hidung',50000,0,0,0,0,0,'Umum',1,'2021-03-01 09:28:57','2021-03-01 09:28:57'),('92d89fed-7103-4d9c-b243-2d48c304fba4','C. Alineum Telinga Dengan Lokal Anestesi',100000,0,0,0,0,0,'Umum',1,'2021-03-01 09:28:57','2021-03-01 09:28:57'),('92d89fed-723e-4362-9a6c-e3dcad9746ae','Swab Nasal',40000,0,0,0,0,0,'Umum',1,'2021-03-01 09:28:57','2021-03-01 09:28:57'),('92d89fed-738f-4fa7-8365-233bd0c65244','Swab Throat',40000,0,0,0,0,0,'Umum',1,'2021-03-01 09:28:57','2021-03-01 09:28:57'),('92d89fed-74cc-44e2-8d02-f59ee752eda8','Check-Up Tht',100000,0,0,0,0,0,'Umum',1,'2021-03-01 09:28:57','2021-03-01 09:28:57'),('92d89fed-7618-4e44-ac32-e00307539e41','Insisi Abses Peritonsil',183000,0,0,0,0,0,'Umum',1,'2021-03-01 09:28:57','2021-03-01 09:28:57'),('92d89fed-7751-4b7e-896d-b18cef51afde','Insisi Abses Retroauricular',150000,0,0,0,0,0,'Umum',1,'2021-03-01 09:28:57','2021-03-01 09:28:57'),('92d89fed-7884-464e-bfb1-78ea21ae714d','Irigasi/Cuci Hidung',30000,0,0,0,0,0,'Umum',1,'2021-03-01 09:28:57','2021-03-01 09:28:57'),('92d89fed-79ba-4c82-b38f-22c251417a81','Tampon Anterior',1170000,0,0,0,0,0,'Umum',1,'2021-03-01 09:28:57','2021-03-01 09:28:57'),('92d89fed-7aee-457c-ae6c-5a8698d67a4b','Injeksi Triamcinolon Id',80000,0,0,0,0,0,'Umum',1,'2021-03-01 09:28:57','2021-03-01 09:28:57'),('92d89fed-7c29-4cac-bb06-7266f7058413','Ganti Verban / Kompres',30000,0,0,0,0,0,'Umum',1,'2021-03-01 09:28:57','2021-03-01 09:28:57'),('92d89fed-7d68-4248-b24a-ee79bb349925','Tuberkulin Test',67000,0,0,0,0,0,'Umum',1,'2021-03-01 09:28:57','2021-03-01 09:28:57'),('92d89fed-7e9d-4797-b830-219d0bae0cd4','Uji Tusuk (Prick Test)',150000,0,0,0,0,0,'Umum',1,'2021-03-01 09:28:57','2021-03-01 09:28:57'),('92d89fed-7fd3-4b4f-8ebc-6540aa055147','Uji Tempel (Patch Test)',150000,0,0,0,0,0,'Umum',1,'2021-03-01 09:28:57','2021-03-01 09:28:57'),('92d89fed-8129-430a-bde9-a9edea5ef85a','Nebulizer',50000,0,0,0,0,0,'Umum',1,'2021-03-01 09:28:57','2021-03-01 09:28:57'),('92d89fed-825b-4214-8ef2-0f9d85289793','Revitalisasi Wsd',700000,0,0,0,0,0,'Umum',1,'2021-03-01 09:28:57','2021-03-01 09:28:57'),('92d89fed-83aa-45c5-8e70-b349c13365a8','Cabut Wsd',420000,0,0,0,0,0,'Umum',1,'2021-03-01 09:28:57','2021-03-01 09:28:57'),('92d89fed-84ee-45f6-bd62-9ff7456d3e73','Dekompresi Thorax',700000,0,0,0,0,0,'Umum',1,'2021-03-01 09:28:57','2021-03-01 09:28:57'),('92d89fed-8624-4466-a060-7d086372565d','Extraksi (Tanpa Komplikasi)',75000,0,0,0,0,0,'Umum',1,'2021-03-01 09:28:57','2021-03-01 09:28:57'),('92d89fed-8756-4360-ac88-66a476588818','Extraksi (Dengan Komplikasi)',150000,0,0,0,0,0,'Umum',1,'2021-03-01 09:28:57','2021-03-01 09:28:57'),('92d89fed-8881-4131-8a90-e2db4da0db38','Tambalan Sementara / Ganti Obat',35000,0,0,0,0,0,'Umum',1,'2021-03-01 09:28:57','2021-03-01 09:28:57'),('92d89fed-89c8-48d7-8296-42d540dc7bf2','Tambalan Amalgam / Silikat',40000,0,0,0,0,0,'Umum',1,'2021-03-01 09:28:57','2021-03-01 09:28:57'),('92d89fed-8afc-4b9a-b5bd-ba253b122d63','Composit Light Curing',85000,0,0,0,0,0,'Umum',1,'2021-03-01 09:28:57','2021-03-01 09:28:57'),('92d89fed-8c2e-4bf8-9b59-d8163dd5cfaf','Trepanasi',20000,0,0,0,0,0,'Umum',1,'2021-03-01 09:28:57','2021-03-01 09:28:57'),('92d89fed-8d6a-4cca-820e-4e65abc8716e','Scalling Per Rahang (Manual)',60000,0,0,0,0,0,'Umum',1,'2021-03-01 09:28:57','2021-03-01 09:28:57'),('92d89fed-8e9f-4914-9674-5b753dd4922d','Scalling Per Rahang (Elektrik)',100000,0,0,0,0,0,'Umum',1,'2021-03-01 09:28:57','2021-03-01 09:28:57'),('92d89fed-8fe2-44b4-9036-9791ea6b11bb','Curritage',50000,0,0,0,0,0,'Umum',1,'2021-03-01 09:28:57','2021-03-01 09:28:57'),('92d89fed-911d-498d-be01-57437e069b1e','Insici Abses (Intra Oral)',150000,0,0,0,0,0,'Umum',1,'2021-03-01 09:28:57','2021-03-01 09:28:57'),('92d89fed-9259-4335-bd30-a5af8af40292','Insici Abses (Extra Oral)',450000,0,0,0,0,0,'Umum',1,'2021-03-01 09:28:57','2021-03-01 09:28:57'),('92d89fed-93a4-46a0-9543-54dc3dd6cfbe','Korpus Alienum',110000,0,0,0,0,0,'Umum',1,'2021-03-01 09:28:57','2021-03-01 09:28:57'),('92d89fed-94e0-4a7c-bbb1-ea24491fa89b','Irrigatie Trauma Asam Basa',50000,0,0,0,0,0,'Umum',1,'2021-03-01 09:28:57','2021-03-01 09:28:57'),('92d89fed-9630-4bab-873e-f3554f71aeb6','Chalazion',120000,0,0,0,0,0,'Umum',1,'2021-03-01 09:28:57','2021-03-01 09:28:57'),('92d89fed-9774-40c2-8ca1-10fd9ab89631','Hordeolum',120000,0,0,0,0,0,'Umum',1,'2021-03-01 09:28:57','2021-03-01 09:28:57'),('92d89fed-98b5-4498-83a4-9a0bf998a92f','Visus (Refraksi) Pemberian Resep K.m',15000,0,0,0,0,0,'Umum',1,'2021-03-01 09:28:57','2021-03-01 09:28:57'),('92d89fed-99e7-429c-8448-460cbcc8d690','Surat Keterangan Buta Warna / Mata',30000,0,0,0,0,0,'Umum',1,'2021-03-01 09:28:57','2021-03-01 09:28:57'),('92d89fed-9b11-4155-be8c-23e5728c6fb7','E K G',30000,0,0,0,0,0,'Umum',1,'2021-03-01 09:28:57','2021-03-01 09:28:57');

--
-- Table structure for table `shift_details`
--

CREATE TABLE `shift_details` (
  `id` char(36) COLLATE utf8mb4_unicode_ci NOT NULL,
  `shift_code` varchar(255) COLLATE utf8mb4_unicode_ci NOT NULL,
  `date_time` datetime NOT NULL,
  `user_id` char(36) COLLATE utf8mb4_unicode_ci NOT NULL,
  `user_name` varchar(255) COLLATE utf8mb4_unicode_ci NOT NULL,
  `model_name` varchar(255) COLLATE utf8mb4_unicode_ci NOT NULL,
  `model_id` char(36) COLLATE utf8mb4_unicode_ci NOT NULL,
  `created_at` timestamp NULL DEFAULT NULL,
  `updated_at` timestamp NULL DEFAULT NULL,
  PRIMARY KEY (`id`)
) ENGINE=InnoDB DEFAULT CHARSET=utf8mb4 COLLATE=utf8mb4_unicode_ci;

--
-- Dumping data for table `shift_details`
--


--
-- Table structure for table `shifts`
--

CREATE TABLE `shifts` (
  `id` char(36) COLLATE utf8mb4_unicode_ci NOT NULL,
  `code` varchar(255) COLLATE utf8mb4_unicode_ci NOT NULL,
  `name` varchar(255) COLLATE utf8mb4_unicode_ci NOT NULL,
  `date` date NOT NULL,
  `start` time NOT NULL,
  `end` time NOT NULL,
  `is_active` tinyint(1) NOT NULL DEFAULT '0',
  `created_at` timestamp NULL DEFAULT NULL,
  `updated_at` timestamp NULL DEFAULT NULL,
  PRIMARY KEY (`id`)
) ENGINE=InnoDB DEFAULT CHARSET=utf8mb4 COLLATE=utf8mb4_unicode_ci;

--
-- Dumping data for table `shifts`
--


--
-- Table structure for table `staff`
--

CREATE TABLE `staff` (
  `id` char(36) COLLATE utf8mb4_unicode_ci NOT NULL,
  `user_id` char(36) COLLATE utf8mb4_unicode_ci DEFAULT NULL,
  `name` varchar(255) COLLATE utf8mb4_unicode_ci NOT NULL,
  `email` varchar(255) COLLATE utf8mb4_unicode_ci DEFAULT NULL,
  `phone_number` varchar(255) COLLATE utf8mb4_unicode_ci DEFAULT NULL,
  `birth_place` varchar(255) COLLATE utf8mb4_unicode_ci NOT NULL,
  `birthday` date NOT NULL,
  `type` varchar(255) COLLATE utf8mb4_unicode_ci NOT NULL,
  `gender` varchar(255) COLLATE utf8mb4_unicode_ci NOT NULL,
  `address` text COLLATE utf8mb4_unicode_ci,
  `is_active` tinyint(1) NOT NULL DEFAULT '1',
  `created_at` timestamp NULL DEFAULT NULL,
  `updated_at` timestamp NULL DEFAULT NULL,
  PRIMARY KEY (`id`),
  UNIQUE KEY `staff_email_unique` (`email`)
) ENGINE=InnoDB DEFAULT CHARSET=utf8mb4 COLLATE=utf8mb4_unicode_ci;

--
-- Dumping data for table `staff`
--


--
-- Table structure for table `transactions`
--

CREATE TABLE `transactions` (
  `id` char(36) COLLATE utf8mb4_unicode_ci NOT NULL,
  `date` date NOT NULL,
  `name` varchar(255) COLLATE utf8mb4_unicode_ci NOT NULL,
  `type` varchar(255) COLLATE utf8mb4_unicode_ci NOT NULL,
  `information` text COLLATE utf8mb4_unicode_ci,
  `amount` int(11) NOT NULL,
  `nominal` int(11) NOT NULL,
  `total` int(11) NOT NULL,
  `is_active` tinyint(1) NOT NULL DEFAULT '1',
  `category` enum('pemasukan','pengeluaran') COLLATE utf8mb4_unicode_ci NOT NULL,
  `created_at` timestamp NULL DEFAULT NULL,
  `updated_at` timestamp NULL DEFAULT NULL,
  PRIMARY KEY (`id`)
) ENGINE=InnoDB DEFAULT CHARSET=utf8mb4 COLLATE=utf8mb4_unicode_ci;

--
-- Dumping data for table `transactions`
--

INSERT INTO `transactions` VALUES ('93820ce9-1be1-471d-8793-af0b13a8a3d7','2021-05-24','Nama','Jenis','Ket',1,1,1,1,'pemasukan','2021-05-24 22:48:36','2021-05-24 22:48:36'),('93922109-195b-4e61-b414-ec23a8d5028c','2021-06-01','Nama Pengeluaran','Jenis Pengeluaran','Keterangan',100000,2,200000,1,'pengeluaran','2021-06-01 22:38:07','2021-06-01 22:38:07'),('93935971-9aba-4bbd-a116-2674a5b1e062','2021-06-02','Penerimaan BPJS','Bpjs','Ket',5000000,1,5000000,1,'pemasukan','2021-06-02 13:11:40','2021-06-02 13:11:40');

--
-- Table structure for table `users`
--

CREATE TABLE `users` (
  `id` char(36) COLLATE utf8mb4_unicode_ci NOT NULL,
  `name` varchar(255) COLLATE utf8mb4_unicode_ci NOT NULL,
  `username` varchar(255) COLLATE utf8mb4_unicode_ci NOT NULL,
  `email` varchar(255) COLLATE utf8mb4_unicode_ci NOT NULL,
  `phone_number` varchar(255) COLLATE utf8mb4_unicode_ci DEFAULT NULL,
  `avatar` varchar(255) COLLATE utf8mb4_unicode_ci DEFAULT NULL,
  `email_verified_at` timestamp NULL DEFAULT NULL,
  `password` varchar(255) COLLATE utf8mb4_unicode_ci NOT NULL,
  `api_token` varchar(80) COLLATE utf8mb4_unicode_ci DEFAULT NULL,
  `shift_code` varchar(255) COLLATE utf8mb4_unicode_ci DEFAULT NULL,
  `two_factor_secret` text COLLATE utf8mb4_unicode_ci,
  `two_factor_recovery_codes` text COLLATE utf8mb4_unicode_ci,
  `last_login_time` timestamp NULL DEFAULT NULL,
  `last_login_ip` varchar(255) COLLATE utf8mb4_unicode_ci DEFAULT NULL,
  `last_seen_time` timestamp NULL DEFAULT NULL,
  `remember_token` varchar(100) COLLATE utf8mb4_unicode_ci DEFAULT NULL,
  `created_at` timestamp NULL DEFAULT NULL,
  `updated_at` timestamp NULL DEFAULT NULL,
  PRIMARY KEY (`id`),
  UNIQUE KEY `users_username_unique` (`username`),
  UNIQUE KEY `users_email_unique` (`email`),
  UNIQUE KEY `users_api_token_unique` (`api_token`)
) ENGINE=InnoDB DEFAULT CHARSET=utf8mb4 COLLATE=utf8mb4_unicode_ci;

--
-- Dumping data for table `users`
--

INSERT INTO `users` VALUES ('937c17a1-1a4e-4e8f-b50b-21d73f2b32c5','Abel Ardhana','abela','abelardhana96@gmail.com',NULL,NULL,'2021-05-21 23:43:36','$2y$10$/lmYMHuDPAKKmhwgJldUxupjIfrQSeC7AaHGna1L.nbdyyVGnEOJO',NULL,NULL,NULL,NULL,'2021-06-08 22:53:56','193.168.195.15',NULL,'ocklnLsoyR0HXL1tm35OK0AxPssfub8uqxlOGYMcLIPGs9IfuE0VHEUEKkkp','2021-05-21 23:43:36','2021-06-08 22:53:56'),('937c17a1-47af-4828-841c-991770d7afb8','Muh. Resha','mresha','m.resha@gmail.com',NULL,NULL,'2021-05-21 23:43:36','$2y$10$gcVppDWS.T6Fq5HD1HI/6uUFbNTQhTFUMzcOzH8glrKoYji/qPRDG',NULL,NULL,NULL,NULL,'2021-06-14 16:08:56','193.168.195.15',NULL,'8kPv50l0LUzIDXwmKWdQa0XTygjnA2FA2c8dVLL0sDTmBfu7h8aSQe9noEZt','2021-05-21 23:43:36','2021-06-14 16:08:56'),('937c17a1-69de-41bb-8ed0-c0c84c007fb1','Fajar Putra','fjr_putra.a','muh.abdullatif14@gmail.com',NULL,NULL,'2021-05-21 23:43:36','$2y$10$E76NGCXaK8hA4PozNySCde5nPlrnEj3lpW7WCGSWVQqZTzO9ClM7m',NULL,NULL,NULL,NULL,NULL,NULL,NULL,NULL,'2021-05-21 23:43:36','2021-05-21 23:43:36'),('937c17a1-8ec1-4d23-a13c-c8f138f7ae65','Mitra','miuvi','mitra091202@gmail.com',NULL,NULL,'2021-05-21 23:43:36','$2y$10$ZJV7.QsirACTZ9Fz/2j2OOmGf3nKgHn5XOhn28GTKuIKOhc9ULqcC',NULL,NULL,NULL,NULL,NULL,NULL,NULL,NULL,'2021-05-21 23:43:36','2021-05-21 23:43:36'),('937c17a1-b337-4c25-846a-6b03780d22e2','Ryan Midzar','ryzar','ryanmizarwiradinata@gmail.com',NULL,NULL,'2021-05-21 23:43:37','$2y$10$he9tI22BWvnNtniaHtlDVe63vGTOshXGuark1JHWs0mEmGhSXdyJS',NULL,NULL,NULL,NULL,NULL,NULL,NULL,NULL,'2021-05-21 23:43:37','2021-05-21 23:43:37'),('937c17a2-1bde-4ee3-8e33-2d329663a83a','User','user','user@fakemail.com',NULL,NULL,'2021-05-21 23:43:37','$2y$10$A3gyTwq2DZXF.UByJ8UWkOLZEne5Frj1bMc6kcVIOYCBMqW7FJBJu',NULL,NULL,NULL,NULL,NULL,NULL,NULL,NULL,'2021-05-21 23:43:37','2021-05-21 23:43:37'),('93932a8a-70dc-45cf-90ab-4715775cb405','Dr. Muhammad Nur Islam','dr.roy','muhammadnurislam32@gmail.com','082188834902','4dTA3Hi7HOQv3yhawMiHPdm2AU5dyus8yXaKLvYI.png','2021-06-02 11:00:31','$2y$10$tws1ezm21U.gwvSbdf3YE.90R3gudt6bMbRGUYPmyRLkQfPBAz3CW',NULL,NULL,NULL,NULL,'2021-06-16 07:55:35','193.168.195.15',NULL,NULL,'2021-06-02 11:00:31','2021-06-16 07:55:35'),('93932b4b-2368-4745-b2a7-cbf4aa4b50a6','Dr. Siti Hardiyanti Nawir','dr.dian','hardiyantinawir90@gmail.com','081222565400',NULL,'2021-06-02 11:02:38','$2y$10$Yo9KeH3QZOoRmMffq0jXcOGIrRHrUiTyspkkFyYMsSJzHeijL/EDq',NULL,NULL,NULL,NULL,NULL,NULL,NULL,NULL,'2021-06-02 11:02:38','2021-06-02 11:02:38');

--
